000
CXUS55 KDVN 271100
CF6IOW
PRELIMINARY LOCAL CLIMATOLOGICAL DATA (WS FORM: F-6)

                                          STATION:   IOWA CITY IA
                                          MONTH:     APRIL
                                          YEAR:      2017
                                          LATITUDE:   41 37 N
                                          LONGITUDE:  91 33 W

  TEMPERATURE IN F:       :PCPN:    SNOW:  WIND      :SUNSHINE: SKY     :PK WND
================================================================================
1   2   3   4   5  6A  6B    7    8   9   10  11  12  13   14  15   16   17  18
                                     12Z  AVG MX 2MIN
DY MAX MIN AVG DEP HDD CDD  WTR  SNW DPTH SPD SPD DIR MIN PSBL S-S WX    SPD DR
================================================================================

 1  59  31  45  -1  20   0 0.00    M    M  2.2  8 250   M    M   3        14 340
 2  53  47  50   4  15   0 0.05    M    M  6.8 15 150   M    M   9 18     19 140
 3  58  49  54   7  11   0 0.26    M    M  6.3 13  50   M    M  10 1      16  60
 4  57  48  53   6  12   0    T    M    M  8.4 14  50   M    M   9 1      17 340
 5  49  41  45  -3  20   0 0.97    M    M 15.4 32  10   M    M  10 1      44  10
 6  56  39  48   0  17   0 0.00    M    M 14.4 25 330   M    M   1        34 340
 7  58  30  44  -4  21   0 0.00    M    M  4.2 12 200   M    M   0 8      14 220
 8  78  40  59  11   6   0 0.00    M    M 11.8 25 190   M    M   1        34 180
 9  79  60  70  21   0   5 0.00    M    M 13.3 26 170   M    M   3        34 170
10  72  49  61  12   4   0 0.21    M    M 11.2 38 250   M    M   6 13     47 260
11  59  41  50   0  15   0 0.00    M    M 10.3 18 270   M    M   5        24 280
12  70  36  53   3  12   0 0.00    M    M  6.5 17 150   M    M   1        22 130
13  71  49  60  10   5   0 0.06    M    M 10.1 22  30   M    M   6 3      27  30
14  76  50  63  13   2   0 0.10    M    M  8.7 22 170   M    M   5 38     26 170
15  81  61  71  20   0   6 0.95    M    M 11.7 25 220   M    M   6 13     38 320
16  71  47  59   8   6   0 0.01    M    M  9.5 21 310   M    M   2        27 310
17  74  43  59   7   6   0 0.00    M    M  2.1 13 210   M    M   0        17 230
18  77  47  62  10   3   0 0.00    M    M  8.3 24 170   M    M   3        32 180
19  74  55  65  13   0   0    T    M    M  8.6 17 200   M    M   4 3      24  80
20  73  50  62  10   3   0 0.00    M    M 15.9 28 300   M    M   9        37 270
21  60  43  52  -1  13   0 0.00    M    M 10.1 20  20   M    M   0        25  20
22  66  42  54   1  11   0 0.00    M    M  6.5 17  60   M    M   0        29  30
23  73  37  55   2  10   0 0.00    M    M  2.3 12 210   M    M   0        14 220
24  76  40  58   4   7   0 0.00    M    M  9.4 24 140   M    M   0        32 170
25  78  49  64  10   1   0    T    M    M  6.7 21 140   M    M   3        26 130
26  65  43  54   0  11   0 0.15    M    M 11.1 21 280   M    M   9 1      25 290
================================================================================
SM 1763 1167       231  11  2.76    M    231.8          M      105
================================================================================
AV 67.8 44.9                               8.9 FASTST   M    M   4    MAX(MPH)
                                 MISC ---->  # 38 250               # 47  260
================================================================================
NOTES:
# LAST OF SEVERAL OCCURRENCES

COLUMN 17 PEAK WIND IN M.P.H.

PRELIMINARY LOCAL CLIMATOLOGICAL DATA (WS FORM: F-6) , PAGE 2

                                          STATION:  IOWA CITY IA
                                          MONTH:    APRIL
                                          YEAR:     2017
                                          LATITUDE:   41 37 N
                                          LONGITUDE:  91 33 W

[TEMPERATURE DATA]      [PRECIPITATION DATA]       SYMBOLS USED IN COLUMN 16

AVERAGE MONTHLY: 56.4   TOTAL FOR MONTH:   2.76    1 = FOG OR MIST
DPTR FM NORMAL:   6.1   DPTR FM NORMAL:   -0.07    2 = FOG REDUCING VISIBILITY
HIGHEST:    81 ON 15    GRTST 24HR  0.97 ON  5- 5      TO 1/4 MILE OR LESS
LOWEST:     30 ON  7                               3 = THUNDER
                        SNOW, ICE PELLETS, HAIL    4 = ICE PELLETS
                        TOTAL MONTH:    M          5 = HAIL
                        GRTST 24HR    M  ON   M    6 = FREEZING RAIN OR DRIZZLE
                        GRTST DEPTH:  M  ON   M    7 = DUSTSTORM OR SANDSTORM:
                                                       VSBY 1/2 MILE OR LESS
                                                   8 = SMOKE OR HAZE
[NO. OF DAYS WITH]      [WEATHER - DAYS WITH]      9 = BLOWING SNOW
                                                   X = TORNADO
MAX 32 OR BELOW:   0    0.01 INCH OR MORE:   9
MAX 90 OR ABOVE:   0    0.10 INCH OR MORE:   6
MIN 32 OR BELOW:   2    0.50 INCH OR MORE:   2
MIN  0 OR BELOW:   0    1.00 INCH OR MORE:   0

[HDD (BASE 65) ]
TOTAL THIS MO.   231    CLEAR  (SCALE 0-3)  14
DPTR FM NORMAL  -155    PTCLDY (SCALE 4-7)   6
TOTAL FM JUL 1  4876    CLOUDY (SCALE 8-10)  6
DPTR FM NORMAL -1277

[CDD (BASE 65) ]
TOTAL THIS MO.    11
DPTR FM NORMAL    11    [PRESSURE DATA]
TOTAL FM JAN 1    11    HIGHEST SLP M ON M
DPTR FM NORMAL    11    LOWEST  SLP 29.31 ON 26

[REMARKS]
