000
CXUS55 KDVN 241100
CF6IOW
PRELIMINARY LOCAL CLIMATOLOGICAL DATA (WS FORM: F-6)

                                          STATION:   IOWA CITY IA
                                          MONTH:     JUNE
                                          YEAR:      2017
                                          LATITUDE:   41 37 N
                                          LONGITUDE:  91 33 W

  TEMPERATURE IN F:       :PCPN:    SNOW:  WIND      :SUNSHINE: SKY     :PK WND
================================================================================
1   2   3   4   5  6A  6B    7    8   9   10  11  12  13   14  15   16   17  18
                                     12Z  AVG MX 2MIN
DY MAX MIN AVG DEP HDD CDD  WTR  SNW DPTH SPD SPD DIR MIN PSBL S-S WX    SPD DR
================================================================================

 1  83  48  66  -1   0   1 0.00    M    M  2.3 12 250   M    M   0        15 260
 2  87  56  72   4   0   7 0.00    M    M  4.4 15 200   M    M   1        19 210
 3  92  63  78  10   0  13 0.00    M    M  5.3 16 230   M    M   1        22 250
 4  93  64  79  11   0  14 0.00    M    M  4.5 13 280   M    M   1        18 290
 5  86  58  72   3   0   7 0.00    M    M  7.5 20  30   M    M   0        27  20
 6  80  57  69   0   0   4 0.00    M    M  7.0 14  30   M    M   0        21  10
 7  82  55  69   0   0   4 0.00    M    M  3.5 13  20   M    M   0        18  30
 8  86  54  70   0   0   5 0.00    M    M  5.1 15 270   M    M   1        20 260
 9  90  62  76   6   0  11 0.00    M    M  9.1 18 250   M    M   1        24 250
10  91  67  79   9   0  14 0.00    M    M 14.7 30 180   M    M   0        36 170
11  94  72  83  12   0  18 0.00    M    M 13.1 26 190   M    M   0        33 180
12  95  75  85  14   0  20 0.00    M    M  9.0 22  30   M    M   4        28  30
13  95  72  84  13   0  19 0.00    M    M  9.4 20 170   M    M   1        26 150
14  91  70  81  10   0  16 0.44    M    M  7.7 30 320   M    M   4 13     37 320
15  94  69  82  10   0  17 0.29    M    M  5.7 21  50   M    M   1 13     26  60
16  90  68  79   7   0  14 0.15    M    M  7.0 17  10   M    M   1 13     22  10
17  86  69  78   6   0  13 2.09    M    M  6.5 24 350   M    M   3 13     29 340
18  81  63  72   0   0   7 0.00    M    M 11.4 25 300   M    M   3        33 290
19  82  59  71  -2   0   6    T    M    M  9.9 28 260   M    M   2        37 280
20  90  56  73   0   0   8    T    M    M  7.7 20 270   M    M   1        28 220
21  77  62  70  -3   0   5 0.35    M    M  7.2 17 130   M    M   4 3      24 140
22  87  72  80   7   0  15 0.00    M    M  8.5 23 160   M    M   1        32 170
23  84  62  73   0   0   8 0.06    M    M 12.4 26 310   M    M   2        38 300
================================================================================
SM 2016 1453         0 246  3.38    M    178.9          M       32
================================================================================
AV 87.7 63.2                               7.8 FASTST   M    M   1    MAX(MPH)
                                 MISC ---->  # 30 180               # 38  300
================================================================================
NOTES:
# LAST OF SEVERAL OCCURRENCES

COLUMN 17 PEAK WIND IN M.P.H.

PRELIMINARY LOCAL CLIMATOLOGICAL DATA (WS FORM: F-6) , PAGE 2

                                          STATION:  IOWA CITY IA
                                          MONTH:    JUNE
                                          YEAR:     2017
                                          LATITUDE:   41 37 N
                                          LONGITUDE:  91 33 W

[TEMPERATURE DATA]      [PRECIPITATION DATA]       SYMBOLS USED IN COLUMN 16

AVERAGE MONTHLY: 75.4   TOTAL FOR MONTH:   3.38    1 = FOG OR MIST
DPTR FM NORMAL:   4.8   DPTR FM NORMAL:    0.00    2 = FOG REDUCING VISIBILITY
HIGHEST:    95 ON 13,12 GRTST 24HR  2.09 ON 17-17      TO 1/4 MILE OR LESS
LOWEST:     48 ON  1                               3 = THUNDER
                        SNOW, ICE PELLETS, HAIL    4 = ICE PELLETS
                        TOTAL MONTH:    M          5 = HAIL
                        GRTST 24HR    M  ON   M    6 = FREEZING RAIN OR DRIZZLE
                        GRTST DEPTH:  M  ON   M    7 = DUSTSTORM OR SANDSTORM:
                                                       VSBY 1/2 MILE OR LESS
                                                   8 = SMOKE OR HAZE
[NO. OF DAYS WITH]      [WEATHER - DAYS WITH]      9 = BLOWING SNOW
                                                   X = TORNADO
MAX 32 OR BELOW:   0    0.01 INCH OR MORE:   6
MAX 90 OR ABOVE:  11    0.10 INCH OR MORE:   5
MIN 32 OR BELOW:   0    0.50 INCH OR MORE:   1
MIN  0 OR BELOW:   0    1.00 INCH OR MORE:   1

[HDD (BASE 65) ]
TOTAL THIS MO.     0    CLEAR  (SCALE 0-3)  20
DPTR FM NORMAL   -14    PTCLDY (SCALE 4-7)   3
TOTAL FM JUL 1  5113    CLOUDY (SCALE 8-10)  0
DPTR FM NORMAL -1262

[CDD (BASE 65) ]
TOTAL THIS MO.   246
DPTR FM NORMAL    99    [PRESSURE DATA]
TOTAL FM JAN 1   299    HIGHEST SLP M ON M
DPTR FM NORMAL    91    LOWEST  SLP 29.55 ON 17

[REMARKS]
