000
CXUS55 KPSR 301005
CF6IPL
PRELIMINARY LOCAL CLIMATOLOGICAL DATA (WS FORM: F-6)

                                          STATION:   IMPERIAL CA
                                          MONTH:     JUNE
                                          YEAR:      2015
                                          LATITUDE:   32 50 N
                                          LONGITUDE: 115 35 W

  TEMPERATURE IN F:       :PCPN:    SNOW:  WIND      :SUNSHINE: SKY     :PK WND
================================================================================
1   2   3   4   5  6A  6B    7    8   9   10  11  12  13   14  15   16   17  18
                                     12Z  AVG MX 2MIN
DY MAX MIN AVG DEP HDD CDD  WTR  SNW DPTH SPD SPD DIR MIN PSBL S-S WX    SPD DR
================================================================================

 1 102  73  88   5   0  23 0.00  0.0    0 14.6 24 270   M    M   0        31 270
 2 100  72  86   3   0  21 0.00  0.0    0 16.4 30 290   M    M   0 8      37 270
 3  97  72  85   2   0  20 0.00  0.0    0 19.4 30 240   M    M   0        38 270
 4  95  67  81  -2   0  16 0.00  0.0    0 14.3 24 270   M    M   0        34 270
 5  92  61  77  -7   0  12 0.00  0.0    0 10.8 24 260   M    M   0        30 260
 6  94  61  78  -6   0  13 0.00  0.0    0  6.0 18 260   M    M   0 8      23 270
 7 101  69  85   1   0  20 0.00  0.0    0  3.7 12 150   M    M   0        17 150
 8 104  67  86   2   0  21 0.00  0.0    0  5.6 13 140   M    M   0 8      16 150
 9  92  71  82  -3   0  17 0.08  0.0    0 10.2 25 140   M    M   6 18     30 160
10 100  69  85   0   0  20 0.00  0.0    0  8.5 25 250   M    M   0        31 250
11 100  70  85   0   0  20 0.00  0.0    0  7.3 15 260   M    M   0        18 270
12 105  74  90   5   0  25 0.00  0.0    0  6.3 14 120   M    M   0        17 120
13 107  76  92   6   0  27 0.00  0.0    0  7.5 17 130   M    M   0        21 150
14 108  75  92   6   0  27 0.00  0.0    0  7.3 16 140   M    M   0        20 130
15 111  76  94   8   0  29 0.00  0.0    0  6.6 18 130   M    M   0        21 130
16 111  78  95   9   0  30 0.00  0.0    0  8.5 16 130   M    M   0         M  M
17 113  76  95   8   0  30 0.00  0.0    0  6.9 18 200   M    M   0        25 200
18 117  80  99  12   0  34 0.00  0.0    0  7.4 22 250   M    M   0 8      27 290
19 115  76  96   9   0  31 0.00  0.0    0  8.3 20 240   M    M   0        24 240
20 111  71  91   3   0  26 0.00  0.0    0  8.6 14 140   M    M   0 8      17 130
21 108  74  91   3   0  26 0.00  0.0    0  6.3 15 130   M    M   0        19 110
22 112  73  93   5   0  28 0.00  0.0    0  7.9 21 140   M    M   0        25 130
23 111  77  94   6   0  29 0.00  0.0    0  7.5 18 250   M    M   0        24 250
24 111  71  91   3   0  26 0.00  0.0    0  8.0 16 140   M    M   0        20 120
25 109  78  94   5   0  29 0.00  0.0    0  7.3 15 130   M    M   0        21 110
26 100  81  91   2   0  26 0.00  0.0    0  6.9 16 150   M    M   M        19 150
27 102  79  91   2   0  26 0.00  0.0    0  7.4 16 130   M    M   M        20 120
28 104  83  94   4   0  29 0.00  0.0    0  5.4 15 140   M    M   0        19 150
29 108  85  97   7   0  32 0.00  0.0    0  6.6 15 140   M    M   0 8      22 110
================================================================================
SM 3040 2135         0 713  0.08     0.0 247.5          M        6
================================================================================
AV104.8 73.6                               8.5 FASTST   M    M   0    MAX(MPH)
                                 MISC ---->  # 30 290               # 38  270
================================================================================
NOTES:
# LAST OF SEVERAL OCCURRENCES

COLUMN 17 PEAK WIND IN M.P.H.

PRELIMINARY LOCAL CLIMATOLOGICAL DATA (WS FORM: F-6) , PAGE 2

                                          STATION:  IMPERIAL CA
                                          MONTH:    JUNE
                                          YEAR:     2015
                                          LATITUDE:   32 50 N
                                          LONGITUDE: 115 35 W

[TEMPERATURE DATA]      [PRECIPITATION DATA]       SYMBOLS USED IN COLUMN 16

AVERAGE MONTHLY: 89.2   TOTAL FOR MONTH:   0.08    1 = FOG OR MIST
DPTR FM NORMAL:   3.0   DPTR FM NORMAL:    0.05    2 = FOG REDUCING VISIBILITY
HIGHEST:   117 ON 18    GRTST 24HR  0.08 ON  9- 9      TO 1/4 MILE OR LESS
LOWEST:     61 ON  6, 5                            3 = THUNDER
                        SNOW, ICE PELLETS, HAIL    4 = ICE PELLETS
                        TOTAL MONTH:   0.0 INCH    5 = HAIL
                        GRTST 24HR     0.0         6 = FREEZING RAIN OR DRIZZLE
                        GRTST DEPTH:   0           7 = DUSTSTORM OR SANDSTORM:
                                                       VSBY 1/2 MILE OR LESS
                                                   8 = SMOKE OR HAZE
[NO. OF DAYS WITH]      [WEATHER - DAYS WITH]      9 = BLOWING SNOW
                                                   X = TORNADO
MAX 32 OR BELOW:   0    0.01 INCH OR MORE:   1
MAX 90 OR ABOVE:  29    0.10 INCH OR MORE:   0
MIN 32 OR BELOW:   0    0.50 INCH OR MORE:   0
MIN  0 OR BELOW:   0    1.00 INCH OR MORE:   0

[HDD (BASE 65) ]
TOTAL THIS MO.     0    CLEAR  (SCALE 0-3)  26
DPTR FM NORMAL     0    PTCLDY (SCALE 4-7)   1
TOTAL FM JUL 1   604    CLOUDY (SCALE 8-10)  0
DPTR FM NORMAL  -425

[CDD (BASE 65) ]
TOTAL THIS MO.   713
DPTR FM NORMAL    98    [PRESSURE DATA]
TOTAL FM JAN 1  1497    HIGHEST SLP M ON M
DPTR FM NORMAL   217    LOWEST  SLP 29.58 ON 13

[REMARKS]
