000
CXUS55 KCTP 281131
CF6IPT
PRELIMINARY LOCAL CLIMATOLOGICAL DATA (WS FORM: F-6)

                                          STATION:   WILLIAMSPORT PA
                                          MONTH:     SEPTEMBER
                                          YEAR:      2016
                                          LATITUDE:   41 15 N
                                          LONGITUDE:  76 55 W

  TEMPERATURE IN F:       :PCPN:    SNOW:  WIND      :SUNSHINE: SKY     :PK WND
================================================================================
1   2   3   4   5  6A  6B    7    8   9   10  11  12  13   14  15   16   17  18
                                     12Z  AVG MX 2MIN
DY MAX MIN AVG DEP HDD CDD  WTR  SNW DPTH SPD SPD DIR MIN PSBL S-S WX    SPD DR
================================================================================

 1  82  59  71   3   0   6    T  0.0    0  4.9 15 350   M    M   6        20 340
 2  81  55  68   0   0   3 0.00  0.0    0  4.8 16  20   M    M   2        21 350
 3  81  54  68   0   0   3 0.00  0.0    0  3.4 12  20   M    M   1        16 340
 4  82  54  68   0   0   3 0.00  0.0    0  2.5  8 180   M    M   0        12 180
 5  91  56  74   7   0   9 0.00  0.0    0  3.6 12 350   M    M   0        16 350
 6  91  57  74   7   0   9 0.00  0.0    0  5.7 15  20   M    M   1        21 340
 7  92  62  77  10   0  12 0.25  0.0    0  2.8 17 270   M    M   5 13     21 270
 8  94  72  83  17   0  18 0.06  0.0    0  5.8 22 250   M    M   5 1      26 250
 9  89  73  81  15   0  16 0.08  0.0    0  3.4 16 320   M    M   8 1      21 300
10  91  71  81  15   0  16 0.00  0.0    0  7.6 20 160   M    M   6 3      27 140
11  82  56  69   4   0   4    T  0.0    0  8.5 26 300   M    M   3        38 320
12  79  50  65   0   0   0 0.00  0.0    0  1.8  8  90   M    M   0        10 260
13  87  52  70   6   0   5 0.00  0.0    0  2.2 13 170   M    M   3        18 130
14  90  59  75  11   0  10 0.01  0.0    0  4.0 18 340   M    M   4 13     26 350
15  76  51  64   0   1   0 0.00  0.0    0  1.9 12 180   M    M   0        16 180
16  79  48  64   1   1   0 0.00  0.0    0  5.6 16 190   M    M   2        23 170
17  77  62  70   7   0   5    T  0.0    0  7.5 20 170   M    M   9        27 160
18  79  68  74  12   0   9 1.47  0.0    0  2.0  9  20   M    M   8 13     13  60
19  80  65  73  11   0   8 0.11  0.0    0  1.1  7 230   M    M   6 1       8 210
20  86  61  74  12   0   9 0.00  0.0    0  2.3  7 230   M    M   5 1      10 270
21  85  58  72  11   0   7 0.00  0.0    0  3.1  8 360   M    M   1 1      13 130
22  84  53  69   8   0   4 0.00  0.0    0  2.0  6 350   M    M   1 1      11 230
23  88  58  73  13   0   8    T  0.0    0  2.8 14 340   M    M   2        17 340
24  74  49  62   2   3   0 0.00  0.0    0  5.9 14 310   M    M   3        18 360
25  70  44  57  -3   8   0 0.00  0.0    0  2.5 10 270   M    M   0 8      13 280
26  69  44  57  -2   8   0 0.06  0.0    0  5.2 21 110   M    M   6 1      31 130
27  75  50  63   4   2   0 0.00  0.0    0  2.7 14 250   M    M   5 1      18 280
================================================================================
SM 2234 1541        23 164  2.04     0.0 105.6          M       92
================================================================================
AV 82.7 57.1                               3.9 FASTST   M    M   3    MAX(MPH)
                                 MISC ---->  # 26 300               # 38  320
================================================================================
NOTES:
# LAST OF SEVERAL OCCURRENCES

COLUMN 17 PEAK WIND IN M.P.H.

PRELIMINARY LOCAL CLIMATOLOGICAL DATA (WS FORM: F-6) , PAGE 2

                                          STATION:  WILLIAMSPORT PA
                                          MONTH:    SEPTEMBER
                                          YEAR:     2016
                                          LATITUDE:   41 15 N
                                          LONGITUDE:  76 55 W

[TEMPERATURE DATA]      [PRECIPITATION DATA]       SYMBOLS USED IN COLUMN 16

AVERAGE MONTHLY: 69.9   TOTAL FOR MONTH:   2.04    1 = FOG OR MIST
DPTR FM NORMAL:   6.0   DPTR FM NORMAL:   -1.71    2 = FOG REDUCING VISIBILITY
HIGHEST:    94 ON  8    GRTST 24HR  1.49 ON 18-19      TO 1/4 MILE OR LESS
LOWEST:     44 ON 26,25                            3 = THUNDER
                        SNOW, ICE PELLETS, HAIL    4 = ICE PELLETS
                        TOTAL MONTH:   0.0 INCH    5 = HAIL
                        GRTST 24HR     0.0         6 = FREEZING RAIN OR DRIZZLE
                        GRTST DEPTH:   0           7 = DUSTSTORM OR SANDSTORM:
                                                       VSBY 1/2 MILE OR LESS
                                                   8 = SMOKE OR HAZE
[NO. OF DAYS WITH]      [WEATHER - DAYS WITH]      9 = BLOWING SNOW
                                                   X = TORNADO
MAX 32 OR BELOW:   0    0.01 INCH OR MORE:   7
MAX 90 OR ABOVE:   6    0.10 INCH OR MORE:   3
MIN 32 OR BELOW:   0    0.50 INCH OR MORE:   1
MIN  0 OR BELOW:   0    1.00 INCH OR MORE:   1

[HDD (BASE 65) ]
TOTAL THIS MO.    23    CLEAR  (SCALE 0-3)  14
DPTR FM NORMAL   -69    PTCLDY (SCALE 4-7)  10
TOTAL FM JUL 1    23    CLOUDY (SCALE 8-10)  3
DPTR FM NORMAL   -83

[CDD (BASE 65) ]
TOTAL THIS MO.   164
DPTR FM NORMAL   103    [PRESSURE DATA]
TOTAL FM JAN 1  1137    HIGHEST SLP M ON M
DPTR FM NORMAL   442    LOWEST  SLP 29.78 ON  8

[REMARKS]
