000
CXUS55 KEAX 230736
CF6IRK
PRELIMINARY LOCAL CLIMATOLOGICAL DATA (WS FORM: F-6)

                                          STATION:   KIRKSVILLE MO
                                          MONTH:     JULY
                                          YEAR:      2017
                                          LATITUDE:   40  5 N
                                          LONGITUDE:  92 33 W

  TEMPERATURE IN F:       :PCPN:    SNOW:  WIND      :SUNSHINE: SKY     :PK WND
================================================================================
1   2   3   4   5  6A  6B    7    8   9   10  11  12  13   14  15   16   17  18
                                     12Z  AVG MX 2MIN
DY MAX MIN AVG DEP HDD CDD  WTR  SNW DPTH SPD SPD DIR MIN PSBL S-S WX    SPD DR
================================================================================

 1  84  60  72  -2   0   7 0.00    M    M  7.6 17 280   M    M   1        22 280
 2  86  62  74   0   0   9 0.00    M    M  7.3 14 220   M    M   1        18 220
 3  89  64  77   3   0  12 0.00    M    M  3.8 12 140   M    M   0        17 130
 4  88  66  77   3   0  12 0.00    M    M  3.9 14 180   M    M   1 1      17 180
 5  85  66  76   2   0  11 0.00    M    M  5.7 18 130   M    M   2 1      25 130
 6  90  63  77   3   0  12 0.00    M    M  5.9 12 230   M    M   0 12     16 220
 7  87  64  76   2   0  11 0.00    M    M  9.0 17 340   M    M   1        22 320
 8  88  62  75   0   0  10 0.00    M    M  4.5 12 280   M    M   1        17 270
 9  90  66  78   3   0  13 0.00    M    M  6.9 14 210   M    M   1 1      20 210
10  92  76  84   9   0  19 0.00    M    M 11.4 22 230   M    M   1        32 220
11  92  77  85  10   0  20 0.00    M    M 10.3 17 190   M    M   1        24 180
12  93  73  83   8   0  18 0.13    M    M  9.1 17 230   M    M   2 1      25 240
13  85  71  78   3   0  13 0.63    M    M  4.8 14 270   M    M   3 1      19 280
14  85  67  76   1   0  11 0.00    M    M  4.9 10 360   M    M   1        14  40
15  88  64  76   1   0  11 0.00    M    M  3.9  7  10   M    M   3        11  60
16  91  72  82   7   0  17 0.00    M    M  6.5 14 260   M    M   1        18 300
17  86  71  79   4   0  14 0.00    M    M  5.4  9 130   M    M   6 1      13 100
18  91  68  80   5   0  15 0.00    M    M  4.9 12 230   M    M   3 1      19 280
19  91  70  81   6   0  16 0.00    M    M  5.6 14 190   M    M   1 1      17 200
20  95  77  86  11   0  21 0.00    M    M  8.2 15 210   M    M   1        20 210
21  96  76  86  10   0  21 0.00    M    M  9.4 17 210   M    M   0        25 200
22  96  77  87  11   0  22 0.00    M    M  8.8 17 220   M    M   1 3      24 220
================================================================================
SM 1968 1512         0 315  0.76    M    147.8          M       32
================================================================================
AV 89.5 68.7                               6.7 FASTST   M    M   1    MAX(MPH)
                                 MISC ---->  # 22 230               # 32  220
================================================================================
NOTES:
# LAST OF SEVERAL OCCURRENCES

COLUMN 17 PEAK WIND IN M.P.H.

PRELIMINARY LOCAL CLIMATOLOGICAL DATA (WS FORM: F-6) , PAGE 2

                                          STATION:  KIRKSVILLE MO
                                          MONTH:    JULY
                                          YEAR:     2017
                                          LATITUDE:   40  5 N
                                          LONGITUDE:  92 33 W

[TEMPERATURE DATA]      [PRECIPITATION DATA]       SYMBOLS USED IN COLUMN 16

AVERAGE MONTHLY: 79.1   TOTAL FOR MONTH:   0.76    1 = FOG OR MIST
DPTR FM NORMAL:   4.3   DPTR FM NORMAL:   -2.45    2 = FOG REDUCING VISIBILITY
HIGHEST:    96 ON 22,21 GRTST 24HR  0.63 ON 13-13      TO 1/4 MILE OR LESS
LOWEST:     60 ON  1                               3 = THUNDER
                        SNOW, ICE PELLETS, HAIL    4 = ICE PELLETS
                        TOTAL MONTH:    M          5 = HAIL
                        GRTST 24HR    M  ON   M    6 = FREEZING RAIN OR DRIZZLE
                        GRTST DEPTH:  M  ON   M    7 = DUSTSTORM OR SANDSTORM:
                                                       VSBY 1/2 MILE OR LESS
                                                   8 = SMOKE OR HAZE
[NO. OF DAYS WITH]      [WEATHER - DAYS WITH]      9 = BLOWING SNOW
                                                   X = TORNADO
MAX 32 OR BELOW:   0    0.01 INCH OR MORE:   2
MAX 90 OR ABOVE:  11    0.10 INCH OR MORE:   2
MIN 32 OR BELOW:   0    0.50 INCH OR MORE:   1
MIN  0 OR BELOW:   0    1.00 INCH OR MORE:   0

[HDD (BASE 65) ]
TOTAL THIS MO.     0    CLEAR  (SCALE 0-3)  20
DPTR FM NORMAL     0    PTCLDY (SCALE 4-7)   2
TOTAL FM JUL 1     0    CLOUDY (SCALE 8-10)  0
DPTR FM NORMAL     0

[CDD (BASE 65) ]
TOTAL THIS MO.   315
DPTR FM NORMAL    98    [PRESSURE DATA]
TOTAL FM JAN 1   655    HIGHEST SLP  0.00 ON M
DPTR FM NORMAL   184    LOWEST  SLP  0.00 ON M

[REMARKS]
