000
CXUS55 KEAX 250736
CF6IRK
PRELIMINARY LOCAL CLIMATOLOGICAL DATA (WS FORM: F-6)

                                          STATION:   KIRKSVILLE MO
                                          MONTH:     JULY
                                          YEAR:      2016
                                          LATITUDE:   40  5 N
                                          LONGITUDE:  92 33 W

  TEMPERATURE IN F:       :PCPN:    SNOW:  WIND      :SUNSHINE: SKY     :PK WND
================================================================================
1   2   3   4   5  6A  6B    7    8   9   10  11  12  13   14  15   16   17  18
                                     12Z  AVG MX 2MIN
DY MAX MIN AVG DEP HDD CDD  WTR  SNW DPTH SPD SPD DIR MIN PSBL S-S WX    SPD DR
================================================================================

 1  82  61  72  -2   0   7 0.00    M    M  6.3 15  40   M    M   0        22  40
 2  67  58  63 -11   2   0 0.07    M    M  9.7 17 130   M    M   8        24 150
 3  64  57  61 -13   4   0 0.83    M    M  9.0 16 110   M    M  10 1      22 100
 4  78  63  71  -3   0   6    T    M    M  3.6  9 190   M    M   9 12     12 170
 5  91  65  78   4   0  13 0.00  0.0    0  8.2 17 160   M    M   3 1      22 150
 6  81  69  75   1   0  10 0.07    M    M  8.0 20 160   M    M   3 13     24 120
 7  84  67  76   2   0  11 0.38    M    M  6.3 33 320   M    M   3 13     49 320
 8  89  65  77   2   0  12 0.00    M    M  5.4 14 360   M    M   0        18 360
 9  85  60  73  -2   0   8 0.00    M    M  3.6  9  60   M    M   0        13 180
10  91  68  80   5   0  15 0.00    M    M  8.6 18 150   M    M   1 3      23 150
11  92  72  82   7   0  17 0.00    M    M 12.4 23 170   M    M   1        29 160
12  85  66  76   1   0  11 0.38    M    M  7.7 26 350   M    M   3 13     34 350
13  85  71  78   3   0  13 0.04    M    M  6.8 21 240   M    M   3 13     27 240
14  87  65  76   1   0  11 0.00    M    M  5.0 13 280   M    M   1 12     18 270
15  83  62  73  -2   0   8 0.00    M    M  5.8 15  30   M    M   1 1      18  30
16  85  62  74  -1   0   9 0.00    M    M  8.3 16 140   M    M   2        20 150
17  91  71  81   6   0  16    T    M    M  8.6 17 190   M    M   3        25 320
18  86  71  79   4   0  14    T    M    M  4.2 16 140   M    M   1        23 350
19  93  69  81   6   0  16 0.04    M    M  5.9 24 350   M    M   1 3      32 340
20  94  70  82   7   0  17 0.00    M    M  7.5 14 160   M    M   2        19 180
21  95  77  86  10   0  21 0.00    M    M  9.7 18 200   M    M   0 1      27 200
22  90  70  80   4   0  15 0.31    M    M  8.9 25 110   M    M   2 13     32 110
23  96  74  85   9   0  20 0.00    M    M  7.1 16 200   M    M   0        22 180
24  94  75  85   9   0  20 0.00    M    M  6.7 15 270   M    M   1 3      20 270
================================================================================
SM 2068 1608         6 290  2.12     0.0 173.3          M       58
================================================================================
AV 86.2 67.0                               7.2 FASTST   M    M   2    MAX(MPH)
                                 MISC ---->  # 33 320               # 49  320
================================================================================
NOTES:
# LAST OF SEVERAL OCCURRENCES

COLUMN 17 PEAK WIND IN M.P.H.

PRELIMINARY LOCAL CLIMATOLOGICAL DATA (WS FORM: F-6) , PAGE 2

                                          STATION:  KIRKSVILLE MO
                                          MONTH:    JULY
                                          YEAR:     2016
                                          LATITUDE:   40  5 N
                                          LONGITUDE:  92 33 W

[TEMPERATURE DATA]      [PRECIPITATION DATA]       SYMBOLS USED IN COLUMN 16

AVERAGE MONTHLY: 76.6   TOTAL FOR MONTH:   2.12    1 = FOG OR MIST
DPTR FM NORMAL:   1.7   DPTR FM NORMAL:   -1.41    2 = FOG REDUCING VISIBILITY
HIGHEST:    96 ON 23    GRTST 24HR  0.90 ON  2- 3      TO 1/4 MILE OR LESS
LOWEST:     57 ON  3                               3 = THUNDER
                        SNOW, ICE PELLETS, HAIL    4 = ICE PELLETS
                        TOTAL MONTH:   0.0 INCH    5 = HAIL
                        GRTST 24HR     0.0         6 = FREEZING RAIN OR DRIZZLE
                        GRTST DEPTH:   0           7 = DUSTSTORM OR SANDSTORM:
                                                       VSBY 1/2 MILE OR LESS
                                                   8 = SMOKE OR HAZE
[NO. OF DAYS WITH]      [WEATHER - DAYS WITH]      9 = BLOWING SNOW
                                                   X = TORNADO
MAX 32 OR BELOW:   0    0.01 INCH OR MORE:   8
MAX 90 OR ABOVE:  10    0.10 INCH OR MORE:   4
MIN 32 OR BELOW:   0    0.50 INCH OR MORE:   1
MIN  0 OR BELOW:   0    1.00 INCH OR MORE:   0

[HDD (BASE 65) ]
TOTAL THIS MO.     6    CLEAR  (SCALE 0-3)  18
DPTR FM NORMAL     6    PTCLDY (SCALE 4-7)   4
TOTAL FM JUL 1     6    CLOUDY (SCALE 8-10)  2
DPTR FM NORMAL     6

[CDD (BASE 65) ]
TOTAL THIS MO.   290
DPTR FM NORMAL    51    [PRESSURE DATA]
TOTAL FM JAN 1   685    HIGHEST SLP  0.00 ON M
DPTR FM NORMAL   192    LOWEST  SLP  0.00 ON M

[REMARKS]
