000
CXUS55 KEAX 310736
CF6IRK
PRELIMINARY LOCAL CLIMATOLOGICAL DATA (WS FORM: F-6)

                                          STATION:   KIRKSVILLE MO
                                          MONTH:     JULY
                                          YEAR:      2014
                                          LATITUDE:   40  5 N
                                          LONGITUDE:  92 33 W

  TEMPERATURE IN F:       :PCPN:    SNOW:  WIND      :SUNSHINE: SKY     :PK WND
================================================================================
1   2   3   4   5  6A  6B    7    8   9   10  11  12  13   14  15   16   17  18
                                     12Z  AVG MX 2MIN
DY MAX MIN AVG DEP HDD CDD  WTR  SNW DPTH SPD SPD DIR MIN PSBL S-S WX    SPD DR
================================================================================

 1  82  65  74   0   0   9 0.00    M    M  8.8 18 280   M    M   2        25 280
 2  66  55  61 -13   4   0    T    M    M  9.2 18 300   M    M   7 8      28 290
 3  79  51  65  -9   0   0 0.00    M    M  4.6 13 320   M    M   1 1      16 320
 4  80  53  67  -7   0   2 0.00    M    M  3.8 12 140   M    M   1 1      16 100
 5  73  61  67  -7   0   2 1.34    M    M  9.3 22 160   M    M   7 13     30 300
 6  86  70  78   4   0  13 0.35    M    M 10.5 21 180   M    M   4 13     27 220
 7  90  66  78   4   0  13 0.32    M    M  4.9 45 310   M    M   3 1238   67 290
 8  81  63  72  -3   0   7 0.03    M    M  9.0 18 310   M    M   2        25 310
 9  81  60  71  -4   0   6 0.00    M    M  5.0 13 300   M    M   1        18 320
10  81  57  69  -6   0   4 0.00    M    M  6.9 16 120   M    M   0        19 120
11  85  61  73  -2   0   8    T    M    M  8.7 17 160   M    M   1 1      21 170
12  89  73  81   6   0  16 0.00    M    M  8.3 16 210   M    M   0 1      23 210
13  87  68  78   3   0  13 0.50    M    M  3.4 15  30   M    M   4 13     18 300
14  79  58  69  -6   0   4 0.12    M    M  8.2 20 330   M    M   2 123    26 350
15  72  53  63 -12   2   0 0.00    M    M  8.5 17 350   M    M   3        24 340
16  77  53  65 -10   0   0 0.00    M    M  2.2  8  10   M    M   6 1      11 240
17  78  51  65 -10   0   0 0.00    M    M  1.9  9 160   M    M   2 1      12 200
18  80  54  67  -8   0   2 0.00    M    M  4.6 14 150   M    M   1 12     21 140
19  81  56  69  -6   0   4 0.00    M    M  4.3 13 160   M    M   2        14 160
20  83  58  71  -4   0   6 0.00    M    M  7.0 16 170   M    M   1 1      20 170
21  89  64  77   1   0  12 0.00    M    M  9.6 18 180   M    M   0 1      26 170
22  93  71  82   6   0  17 0.04    M    M  7.8 15 220   M    M   2 138    20 230
23  84  60  72  -4   0   7 0.00    M    M  9.6 16  30   M    M   1        22  40
24  81  56  69  -7   0   4 0.00    M    M  4.7 16 130   M    M   1 1      20 160
25  79  62  71  -5   0   6 0.11    M    M 11.6 25 140   M    M   4 13     32 150
26  88  71  80   4   0  15    T    M    M  6.2 15 210   M    M   1 18     20 210
27  85  63  74  -2   0   9 0.00    M    M  9.6 24 290   M    M   4 12     32 330
28  78  57  68  -8   0   3 0.00    M    M  7.4 16  10   M    M   4 1      23 330
29  81  52  67  -9   0   2 0.00    M    M  2.8 10 300   M    M   1 12     14 290
30  82  54  68  -8   0   3 0.00    M    M  2.9 10  40   M    M   3 1      14  20
================================================================================
SM 2450 1796         6 187  2.81    M    201.3          M       71
================================================================================
AV 81.7 59.9                               6.7 FASTST   M    M   2    MAX(MPH)
                                 MISC ---->  # 45 310               # 67  290
================================================================================
NOTES:
# LAST OF SEVERAL OCCURRENCES

COLUMN 17 PEAK WIND IN M.P.H.

PRELIMINARY LOCAL CLIMATOLOGICAL DATA (WS FORM: F-6) , PAGE 2

                                          STATION:  KIRKSVILLE MO
                                          MONTH:    JULY
                                          YEAR:     2014
                                          LATITUDE:   40  5 N
                                          LONGITUDE:  92 33 W

[TEMPERATURE DATA]      [PRECIPITATION DATA]       SYMBOLS USED IN COLUMN 16

AVERAGE MONTHLY: 70.8   TOTAL FOR MONTH:   2.81    1 = FOG OR MIST
DPTR FM NORMAL:  -4.3   DPTR FM NORMAL:   -1.68    2 = FOG REDUCING VISIBILITY
HIGHEST:    93 ON 22    GRTST 24HR  1.68 ON  5- 6      TO 1/4 MILE OR LESS
LOWEST:     51 ON 17, 3                            3 = THUNDER
                        SNOW, ICE PELLETS, HAIL    4 = ICE PELLETS
                        TOTAL MONTH:    M          5 = HAIL
                        GRTST 24HR    M  ON   M    6 = FREEZING RAIN OR DRIZZLE
                        GRTST DEPTH:  M  ON   M    7 = DUSTSTORM OR SANDSTORM:
                                                       VSBY 1/2 MILE OR LESS
                                                   8 = SMOKE OR HAZE
[NO. OF DAYS WITH]      [WEATHER - DAYS WITH]      9 = BLOWING SNOW
                                                   X = TORNADO
MAX 32 OR BELOW:   0    0.01 INCH OR MORE:   8
MAX 90 OR ABOVE:   2    0.10 INCH OR MORE:   6
MIN 32 OR BELOW:   0    0.50 INCH OR MORE:   2
MIN  0 OR BELOW:   0    1.00 INCH OR MORE:   1

[HDD (BASE 65) ]
TOTAL THIS MO.     6    CLEAR  (SCALE 0-3)  21
DPTR FM NORMAL     6    PTCLDY (SCALE 4-7)   9
TOTAL FM JUL 1     6    CLOUDY (SCALE 8-10)  0
DPTR FM NORMAL     6

[CDD (BASE 65) ]
TOTAL THIS MO.   187
DPTR FM NORMAL  -118    [PRESSURE DATA]
TOTAL FM JAN 1   556    HIGHEST SLP  0.00 ON M
DPTR FM NORMAL    -3    LOWEST  SLP  0.00 ON M

[REMARKS]
