000
CXUS53 KBIS 270731
CF6ISN
PRELIMINARY LOCAL CLIMATOLOGICAL DATA (WS FORM: F-6)

                                          STATION:   WILLISTON ND
                                          MONTH:     MAY
                                          YEAR:      2017
                                          LATITUDE:   48 10 N
                                          LONGITUDE: 103 38 W

  TEMPERATURE IN F:       :PCPN:    SNOW:  WIND      :SUNSHINE: SKY     :PK WND
================================================================================
1   2   3   4   5  6A  6B    7    8   9   10  11  12  13   14  15   16   17  18
                                     12Z  AVG MX 2MIN
DY MAX MIN AVG DEP HDD CDD  WTR  SNW DPTH SPD SPD DIR MIN PSBL S-S WX    SPD DR
================================================================================

 1  61  44  53   4  12   0 0.02    M    M 13.2 28 320   M    M   8        34 340
 2  64  39  52   2  13   0    T    M    M 11.2 28 290   M    M   8        33 300
 3  67  37  52   2  13   0 0.00    M    M  7.5 18 270   M    M   2        32 320
 4  82  34  58   8   7   0 0.00    M    M  7.1 18 240   M    M   0        23 240
 5  86  40  63  12   2   0 0.00    M    M  6.1 16 100   M    M   0 8      21 120
 6  89  59  74  23   0   9 0.00    M    M 14.3 29 150   M    M   0        37 140
 7  88  56  72  21   0   7 0.00    M    M 11.7 32 300   M    M   0 3      42 300
 8  67  39  53   1  12   0 0.05    M    M 18.2 31 290   M    M   7 3      39 280
 9  72  32  52   0  13   0 0.00    M    M  5.6 20 220   M    M   4        24 220
10  71  41  56   4   9   0    T    M    M  3.4 15  20   M    M   2        21  10
11  83  40  62   9   3   0    T    M    M  4.9 15  50   M    M   3        18  50
12  87  47  67  14   0   2 0.00    M    M 11.2 24 110   M    M   0        32  80
13  84  54  69  16   0   4 0.07    M    M 12.2 36 290   M    M   0 13     45 280
14  72  40  56   2   9   0 0.04    M    M 13.2 25 260   M    M   2 1      38 270
15  70  40  55   1  10   0 0.52    M    M  7.4 28 280   M    M   8 13     35 280
16  70  46  58   4   7   0    T    M    M  6.9 17 360   M    M   2        22  30
17  60  42  51  -3  14   0 0.00    M    M 11.8 23  50   M    M   4        30  50
18  61  33  47  -8  18   0 0.00    M    M  8.4 18  50   M    M   0        25  40
19  64  30  47  -8  18   0 0.00    M    M  6.0 16 140   M    M   0        24 110
20  69  35  52  -3  13   0 0.00    M    M  4.4 13  50   M    M   1        18  70
21  74  34  54  -2  11   0 0.05    M    M  8.2 21 330   0    0   0        33 330
22  70  46  58   2   7   0 0.01    M    M 11.2 23  10   M    M   6        30 330
23  73  34  54  -2  11   0 0.00    M    M  5.7 14 150   M    M   0        19 140
24  80  52  66   9   0   1 0.22    M    M 15.2 31 150   M    M   3 1      44 160
25  65  46  56  -1   9   0    T    M    M 13.5 25 270   M    M   6        36 270
26  72  49  61   4   4   0 0.00    M    M 15.4 26 310   M    M   6        34 300
================================================================================
SM 1901 1089       215  23  0.98    M    253.9            0     72
================================================================================
AV 73.1 41.9                               9.8 FASTST    0   0   3    MAX(MPH)
                                 MISC ---->  # 36 290               # 45  280
================================================================================
NOTES:
# LAST OF SEVERAL OCCURRENCES

COLUMN 17 PEAK WIND IN M.P.H.

PRELIMINARY LOCAL CLIMATOLOGICAL DATA (WS FORM: F-6) , PAGE 2

                                          STATION:  WILLISTON ND
                                          MONTH:    MAY
                                          YEAR:     2017
                                          LATITUDE:   48 10 N
                                          LONGITUDE: 103 38 W

[TEMPERATURE DATA]      [PRECIPITATION DATA]       SYMBOLS USED IN COLUMN 16

AVERAGE MONTHLY: 57.5   TOTAL FOR MONTH:   0.98    1 = FOG OR MIST
DPTR FM NORMAL:   4.2   DPTR FM NORMAL:   -0.56    2 = FOG REDUCING VISIBILITY
HIGHEST:    89 ON  6    GRTST 24HR  0.52 ON 15-15      TO 1/4 MILE OR LESS
LOWEST:     30 ON 19                               3 = THUNDER
                        SNOW, ICE PELLETS, HAIL    4 = ICE PELLETS
                        TOTAL MONTH:    M          5 = HAIL
                        GRTST 24HR    M  ON   M    6 = FREEZING RAIN OR DRIZZLE
                        GRTST DEPTH:  M  ON   M    7 = DUSTSTORM OR SANDSTORM:
                                                       VSBY 1/2 MILE OR LESS
                                                   8 = SMOKE OR HAZE
[NO. OF DAYS WITH]      [WEATHER - DAYS WITH]      9 = BLOWING SNOW
                                                   X = TORNADO
MAX 32 OR BELOW:   0    0.01 INCH OR MORE:   8
MAX 90 OR ABOVE:   0    0.10 INCH OR MORE:   2
MIN 32 OR BELOW:   2    0.50 INCH OR MORE:   1
MIN  0 OR BELOW:   0    1.00 INCH OR MORE:   0

[HDD (BASE 65) ]
TOTAL THIS MO.   215    CLEAR  (SCALE 0-3)  16
DPTR FM NORMAL   -96    PTCLDY (SCALE 4-7)  10
TOTAL FM JUL 1  7895    CLOUDY (SCALE 8-10)  0
DPTR FM NORMAL  -941

[CDD (BASE 65) ]
TOTAL THIS MO.    23
DPTR FM NORMAL    21    [PRESSURE DATA]
TOTAL FM JAN 1    23    HIGHEST SLP  0.00 ON 21
DPTR FM NORMAL    20    LOWEST  SLP 29.39 ON M

[REMARKS]
