000
CXUS52 TJSJ 220432
CF6IST
PRELIMINARY LOCAL CLIMATOLOGICAL DATA (WS FORM: F-6)

                                          STATION:   CYRIL E. KING AP/ST THOMAS
                                          MONTH:     JULY
                                          YEAR:      2017
                                          LATITUDE:   18 19 N
                                          LONGITUDE:  64 58 W

  TEMPERATURE IN F:       :PCPN:    SNOW:  WIND      :SUNSHINE: SKY     :PK WND
================================================================================
1   2   3   4   5  6A  6B    7    8   9   10  11  12  13   14  15   16   17  18
                                     12Z  AVG MX 2MIN
DY MAX MIN AVG DEP HDD CDD  WTR  SNW DPTH SPD SPD DIR MIN PSBL S-S WX    SPD DR
================================================================================

 1  92  79  86   2   0  21 0.00  0.0    0 11.7 21  80   M    M   1        26  80
 2  92  80  86   2   0  21    T  0.0    0 10.7 20  60   M    M   2        25  60
 3  90  80  85   1   0  20 0.00  0.0    0 11.5 18 130   M    M   2        23 140
 4  91  78  85   1   0  20 0.26  0.0    0 11.3 24  90   M    M   3 18     31  80
 5  89  78  84   0   0  19 0.32  0.0    0 12.9 23 120   M    M   3 1      28 120
 6  91  80  86   2   0  21 0.11  0.0    0 12.9 21  90   M    M   2        28  70
 7  88  78  83  -1   0  18 0.15  0.0    0  9.9 20  80   M    M   4 18     24  80
 8  91  79  85   1   0  20 0.03  0.0    0 12.7 21  40   M    M   4 1      29  90
 9  87  78  83  -1   0  18 0.09  0.0    0  6.7 17  30   M    M   4 1      24  30
10  88  80  84   0   0  19 0.00  0.0    0  7.5 14 150   M    M   1        17 210
11  88  76  82  -2   0  17 0.57  0.0    0  7.1 24  70   M    M   1 1      30  60
12  89  77  83  -1   0  18 0.01  0.0    0 10.2 17 130   M    M   3 1      21  40
13  87  75  81  -3   0  16 2.17  0.0    0 13.8 24  90   M    M   4 1      31 100
14  88  80  84   0   0  19    T  0.0    0 10.0 18  80   M    M   5        23  80
15  88  80  84   0   0  19 0.01  0.0    0  9.7 18  80   M    M   2        24  80
16  88  78  83  -1   0  18 0.07  0.0    0  9.1 18  90   M    M   2 1      22  90
17  91  79  85   1   0  20    T  0.0    0 11.0 20  90   M    M   2        26 120
18  89  80  85   1   0  20 0.02  0.0    0 12.2 23 120   M    M   3 18     29 120
19  92  82  87   3   0  22 0.00  0.0    0 13.3 23  60   M    M   3        30  70
20  94  79  87   3   0  22 0.11  0.0    0 13.1 18  70   M    M   6        28  70
21  91  80  86   2   0  21 0.01  0.0    0 11.9 16  90   M    M   2        27  80
================================================================================
SM 1884 1656         0 409  3.93     0.0 229.2          M       59
================================================================================
AV 89.7 78.9                              10.9 FASTST   M    M   3    MAX(MPH)
                                 MISC ---->  # 24  90               # 31   80
================================================================================
NOTES:
# LAST OF SEVERAL OCCURRENCES

COLUMN 17 PEAK WIND IN M.P.H.

PRELIMINARY LOCAL CLIMATOLOGICAL DATA (WS FORM: F-6) , PAGE 2

                                          STATION:  CYRIL E. KING AP/ST THOMAS
                                          MONTH:    JULY
                                          YEAR:     2017
                                          LATITUDE:   18 19 N
                                          LONGITUDE:  64 58 W

[TEMPERATURE DATA]      [PRECIPITATION DATA]       SYMBOLS USED IN COLUMN 16

AVERAGE MONTHLY: 84.3   TOTAL FOR MONTH:   3.93    1 = FOG OR MIST
DPTR FM NORMAL:   0.3   DPTR FM NORMAL:    2.02    2 = FOG REDUCING VISIBILITY
HIGHEST:    94 ON 20    GRTST 24HR  2.17 ON 13-13      TO 1/4 MILE OR LESS
LOWEST:     75 ON 13                               3 = THUNDER
                        SNOW, ICE PELLETS, HAIL    4 = ICE PELLETS
                        TOTAL MONTH:   0.0 INCH    5 = HAIL
                        GRTST 24HR     0.0         6 = FREEZING RAIN OR DRIZZLE
                        GRTST DEPTH:   0           7 = DUSTSTORM OR SANDSTORM:
                                                       VSBY 1/2 MILE OR LESS
                                                   8 = SMOKE OR HAZE
[NO. OF DAYS WITH]      [WEATHER - DAYS WITH]      9 = BLOWING SNOW
                                                   X = TORNADO
MAX 32 OR BELOW:   0    0.01 INCH OR MORE:  14
MAX 90 OR ABOVE:  10    0.10 INCH OR MORE:   7
MIN 32 OR BELOW:   0    0.50 INCH OR MORE:   2
MIN  0 OR BELOW:   0    1.00 INCH OR MORE:   1

[HDD (BASE 65) ]
TOTAL THIS MO.     0    CLEAR  (SCALE 0-3)  11
DPTR FM NORMAL     0    PTCLDY (SCALE 4-7)  10
TOTAL FM JUL 1     0    CLOUDY (SCALE 8-10)  0
DPTR FM NORMAL     0

[CDD (BASE 65) ]
TOTAL THIS MO.   409
DPTR FM NORMAL    10    [PRESSURE DATA]
TOTAL FM JAN 1  2960    HIGHEST SLP M ON M
DPTR FM NORMAL  -246    LOWEST  SLP 29.93 ON  9

[REMARKS]
