000
CXHW53 PHFO 251250
CF6ITO
PRELIMINARY LOCAL CLIMATOLOGICAL DATA (WS FORM: F-6)

                                          STATION:   HILO HI
                                          MONTH:     JULY
                                          YEAR:      2014
                                          LATITUDE:   19 43 N
                                          LONGITUDE: 155  4 W

  TEMPERATURE IN F:       :PCPN:    SNOW:  WIND      :SUNSHINE: SKY     :PK WND
================================================================================
1   2   3   4   5  6A  6B    7    8   9   10  11  12  13   14  15   16   17  18
                                     12Z  AVG MX 2MIN
DY MAX MIN AVG DEP HDD CDD  WTR  SNW DPTH SPD SPD DIR MIN PSBL S-S WX    SPD DR
================================================================================

 1  80  68  74  -2   0   9 0.18  0.0    0  6.8 16  90   M    M   9 1      20  80
 2  80  68  74  -2   0   9 0.16  0.0    0  6.3 20 110   M    M   8 1      23 110
 3  84  69  77   1   0  12 0.15  0.0    0  6.7 17  90   M    M   8 1      20 110
 4  81  67  74  -2   0   9 0.09  0.0    0  7.2 14  40   M    M   8 1      17  30
 5  83  67  75  -1   0  10 0.12  0.0    0  6.4 14  40   M    M   8 1      18  60
 6  83  66  75  -1   0  10 0.01  0.0    0  6.1 13  40   M    M   6        19  80
 7  77  67  72  -4   0   7 0.23  0.0    0  5.1 14  80   M    M  10 1      16  60
 8  80  67  74  -2   0   9 0.48  0.0    0  5.4 12 270   M    M   8 1      15  50
 9  78  66  72  -4   0   7 0.32  0.0    0  4.7 14  40   M    M   9 1      16  50
10  82  70  76   0   0  11 0.05  0.0    0  7.0 15  70   M    M   9 1      19  70
11  81  68  75  -1   0  10 0.06  0.0    0  5.3 18  60   M    M   9 1      23  70
12  83  67  75  -1   0  10 0.00  0.0    0  6.0 18  90   M    M   7        24  70
13  77  67  72  -4   0   7 4.34  0.0    0  5.7 15  50   M    M   9 13     19  90
14  84  73  79   3   0  14 0.43  0.0    0  6.1 18  70   M    M   9 1      22  70
15  80  70  75  -1   0  10 0.87  0.0    0  3.9 13  80   M    M   7 1      16  80
16  82  71  77   1   0  12 1.46  0.0    0  5.6 18  90   M    M   9 1      23 210
17  79  68  74  -2   0   9 1.42  0.0    0  5.2 14 320   M    M   9 1      17 360
18  83  70  77   1   0  12 0.02  0.0    0  6.6 16  60   M    M   6 1      20  60
19  81  71  76   0   0  11 1.38  0.0    0  4.6 15 250   M    M   9 1      17 250
20  84  71  78   2   0  13 2.70  0.0    0  6.1 15 100   M    M  10 13     17 100
21  86  70  78   2   0  13 0.56  0.0    0  6.1 22 120   M    M   9 1      27 130
22  84  72  78   2   0  13 0.11  0.0    0  6.0 16  70   M    M   8 1      21  70
23  84  72  78   2   0  13 0.25  0.0    0  7.5 16  70   M    M   9 1      22  70
24  84  72  78   2   0  13 0.29  0.0    0  7.0 15  80   M    M   8 1      19  80
================================================================================
SM 1960 1657         0 253 15.68     0.0 143.4          M      201
================================================================================
AV 81.7 69.0                               6.0 FASTST   M    M   8    MAX(MPH)
                                 MISC ---->  # 22 120               # 27  130
================================================================================
NOTES:
# LAST OF SEVERAL OCCURRENCES

COLUMN 17 PEAK WIND IN M.P.H.

PRELIMINARY LOCAL CLIMATOLOGICAL DATA (WS FORM: F-6) , PAGE 2

                                          STATION:  HILO HI
                                          MONTH:    JULY
                                          YEAR:     2014
                                          LATITUDE:   19 43 N
                                          LONGITUDE: 155  4 W

[TEMPERATURE DATA]      [PRECIPITATION DATA]       SYMBOLS USED IN COLUMN 16

AVERAGE MONTHLY: 75.4   TOTAL FOR MONTH:  15.68    1 = FOG OR MIST
DPTR FM NORMAL:  -0.6   DPTR FM NORMAL:    7.47    2 = FOG REDUCING VISIBILITY
HIGHEST:    86 ON 21    GRTST 24HR  4.61 ON 13-14      TO 1/4 MILE OR LESS
LOWEST:     66 ON  9, 6                            3 = THUNDER
                        SNOW, ICE PELLETS, HAIL    4 = ICE PELLETS
                        TOTAL MONTH:   0.0 INCH    5 = HAIL
                        GRTST 24HR     0.0         6 = FREEZING RAIN OR DRIZZLE
                        GRTST DEPTH:   0           7 = DUSTSTORM OR SANDSTORM:
                                                       VSBY 1/2 MILE OR LESS
                                                   8 = SMOKE OR HAZE
[NO. OF DAYS WITH]      [WEATHER - DAYS WITH]      9 = BLOWING SNOW
                                                   X = TORNADO
MAX 32 OR BELOW:   0    0.01 INCH OR MORE:  23
MAX 90 OR ABOVE:   0    0.10 INCH OR MORE:  18
MIN 32 OR BELOW:   0    0.50 INCH OR MORE:   7
MIN  0 OR BELOW:   0    1.00 INCH OR MORE:   5

[HDD (BASE 65) ]
TOTAL THIS MO.     0    CLEAR  (SCALE 0-3)   0
DPTR FM NORMAL     0    PTCLDY (SCALE 4-7)   9
TOTAL FM JUL 1     0    CLOUDY (SCALE 8-10) 15
DPTR FM NORMAL     0

[CDD (BASE 65) ]
TOTAL THIS MO.   253
DPTR FM NORMAL   -11    [PRESSURE DATA]
TOTAL FM JAN 1  1775    HIGHEST SLP M ON M
DPTR FM NORMAL   137    LOWEST  SLP 29.92 ON 20

[REMARKS]
