000
CXUS55 KGLD 300800
CF6ITR
PRELIMINARY LOCAL CLIMATOLOGICAL DATA (WS FORM: F-6)

                                          STATION:   BURLINGTON CO
                                          MONTH:     MAY
                                          YEAR:      2015
                                          LATITUDE:   39 15 N
                                          LONGITUDE: 102 17 W

  TEMPERATURE IN F:       :PCPN:    SNOW:  WIND      :SUNSHINE: SKY     :PK WND
================================================================================
1   2   3   4   5  6A  6B    7    8   9   10  11  12  13   14  15   16   17  18
                                     12Z  AVG MX 2MIN
DY MAX MIN AVG DEP HDD CDD  WTR  SNW DPTH SPD SPD DIR MIN PSBL S-S WX    SPD DR
================================================================================

 1  73  50  62   9   3   0    T    M    M 10.2 26 200   M    M   3        36 350
 2  82  49  66  13   0   1 0.00    M    M  8.8 20 290   M    M   1 3      24 290
 3  82  50  66  12   0   1 0.14    M    M  9.7 38 240   M    M   1 13     45 240
 4  64  48  56   2   9   0 0.16    M    M 11.6 17  50   M    M   8 1      22  50
 5  58  48  53  -1  12   0 0.52    M    M 16.1 33 120   M    M  10 12     41 130
 6  68  49  59   4   6   0 0.02    M    M 11.2 29 220   M    M   7 13     35 220
 7  67  48  58   3   7   0 0.28    M    M 11.4 24  80   M    M   6 3      27  70
 8  57  46  52  -4  13   0 0.23    M    M 12.9 23 100   M    M  10 18     27 130
 9  64  36  50  -6  15   0 0.72    M    M 20.1 36 120   M    M   9 13     42 120
10  49  32  41 -15  24   0 0.04    M    M 24.0 37 320   M    M   5 1      47 330
11  59  33  46 -11  19   0 0.00    M    M 15.7 29 320   M    M   0        35 320
12  74  35  55  -2  10   0 0.00    M    M 24.7 41 190   M    M   0        51 180
13  63  51  57  -1   8   0 0.14    M    M 19.9 36 180   M    M   6 1      44 190
14  77  46  62   4   3   0 0.00    M    M 11.6 21 160   M    M   1 3      24 170
15  81  54  68  10   0   3 0.00    M    M 20.7 39 220   M    M   2        50 220
16  72  45  59   0   6   0 0.32    M    M 13.0 28 200   M    M   3 3      35 200
17  72  46  59   0   6   0 0.00    M    M 11.4 21  10   M    M   2        32 220
18  63  46  55  -5  10   0    T    M    M 13.0 21 110   M    M   7        27  30
19  50  35  43 -17  22   0 1.36    M    M 15.2 31 100   M    M   9 1      41  90
20  48  35  42 -18  23   0 0.00    M    M  8.1 16  10   M    M  10 12     19  10
21  56  39  48 -12  17   0 0.00    M    M 10.4 18 140   M    M   9        23 140
22  62  46  54  -7  11   0 0.79    M    M 21.5 35 140   M    M  10 13     43 140
23  67  50  59  -2   6   0 0.73    M    M 13.5 33 280   M    M   8 123    45 290
24  69  46  58  -4   7   0 0.58    M    M  7.8 26 290   M    M   7 13     31 290
25  68  45  57  -5   8   0 0.00    M    M  9.3 21 330   M    M   2        24 320
26  71  45  58  -4   7   0    T    M    M  8.6 15 130   M    M   2        17  50
27  81  54  68   5   0   3    T    M    M 16.5 30 130   M    M   3 3      35 150
28  76  52  64   1   1   0 1.07    M    M 12.7 37 300   M    M   5 13     45 300
29  72  49  61  -2   4   0 0.10    M    0 14.6 33 330   M    M   4 3      45 330
================================================================================
SM 1945 1308       257   8  7.20    M    404.2          M      150
================================================================================
AV 67.1 45.1                              13.9 FASTST   M    M   5    MAX(MPH)
                                 MISC ---->  # 41 190               # 51  180
================================================================================
NOTES:
# LAST OF SEVERAL OCCURRENCES

COLUMN 17 PEAK WIND IN M.P.H.

PRELIMINARY LOCAL CLIMATOLOGICAL DATA (WS FORM: F-6) , PAGE 2

                                          STATION:  BURLINGTON CO
                                          MONTH:    MAY
                                          YEAR:     2015
                                          LATITUDE:   39 15 N
                                          LONGITUDE: 102 17 W

[TEMPERATURE DATA]      [PRECIPITATION DATA]       SYMBOLS USED IN COLUMN 16

AVERAGE MONTHLY: 56.1   TOTAL FOR MONTH:   7.20    1 = FOG OR MIST
DPTR FM NORMAL:  -2.2   DPTR FM NORMAL:    4.85    2 = FOG REDUCING VISIBILITY
HIGHEST:    82 ON  3, 2 GRTST 24HR  1.36 ON 19-19      TO 1/4 MILE OR LESS
LOWEST:     32 ON 10                               3 = THUNDER
                        SNOW, ICE PELLETS, HAIL    4 = ICE PELLETS
                        TOTAL MONTH:    M          5 = HAIL
                        GRTST 24HR    M  ON   M    6 = FREEZING RAIN OR DRIZZLE
                        GRTST DEPTH:   0           7 = DUSTSTORM OR SANDSTORM:
                                                       VSBY 1/2 MILE OR LESS
                                                   8 = SMOKE OR HAZE
[NO. OF DAYS WITH]      [WEATHER - DAYS WITH]      9 = BLOWING SNOW
                                                   X = TORNADO
MAX 32 OR BELOW:   0    0.01 INCH OR MORE:  16
MAX 90 OR ABOVE:   0    0.10 INCH OR MORE:  14
MIN 32 OR BELOW:   1    0.50 INCH OR MORE:   7
MIN  0 OR BELOW:   0    1.00 INCH OR MORE:   2

[HDD (BASE 65) ]
TOTAL THIS MO.   257    CLEAR  (SCALE 0-3)  10
DPTR FM NORMAL    38    PTCLDY (SCALE 4-7)  11
TOTAL FM JUL 1  5512    CLOUDY (SCALE 8-10)  8
DPTR FM NORMAL  -551

[CDD (BASE 65) ]
TOTAL THIS MO.     8
DPTR FM NORMAL   -16    [PRESSURE DATA]
TOTAL FM JAN 1     8    HIGHEST SLP M ON M
DPTR FM NORMAL   -17    LOWEST  SLP 29.50 ON 16

[REMARKS]
