000
CXUS55 KGLD 300800
CF6ITR
PRELIMINARY LOCAL CLIMATOLOGICAL DATA (WS FORM: F-6)

                                          STATION:   BURLINGTON CO
                                          MONTH:     SEPTEMBER
                                          YEAR:      2016
                                          LATITUDE:   39 15 N
                                          LONGITUDE: 102 17 W

  TEMPERATURE IN F:       :PCPN:    SNOW:  WIND      :SUNSHINE: SKY     :PK WND
================================================================================
1   2   3   4   5  6A  6B    7    8   9   10  11  12  13   14  15   16   17  18
                                     12Z  AVG MX 2MIN
DY MAX MIN AVG DEP HDD CDD  WTR  SNW DPTH SPD SPD DIR MIN PSBL S-S WX    SPD DR
================================================================================

 1  77  62  70   2   0   5 0.00    M    M 13.5 18 160   M    M   7 1      24 150
 2  83  57  70   2   0   5 2.47    M    M 21.1 46 280   M    M   7 1238   61 280
 3  87  60  74   6   0   9 0.33    M    M 13.7 45 280   M    M   4 13     57 280
 4  88  61  75   7   0  10 0.04    M    M 13.4 33 180   M    M   2 1238   47 180
 5  94  63  79  12   0  14 0.00    M    M 14.4 35 180   M    M   0        42 180
 6  78  62  70   3   0   5 0.00    M    M 11.0 31 200   M    M   2        39 190
 7  86  60  73   6   0   8 0.00    M    M  7.5 16 330   M    M   2 128    21 320
 8  78  59  69   3   0   4 0.00    M    M  8.1 14 190   M    M   5 128    17 130
 9  78  45  62  -4   3   0 0.00    M    M 14.8 31  20   M    M   2 12     38  30
10  78  41  60  -6   5   0 0.00    M    M 13.2 25 190   M    M   0        31 200
11  94  46  70   5   0   5 0.00    M    M  6.8 18 140   M    M   0        23 140
12  77  54  66   1   0   1 0.00  0.0    M 15.8 26  40   M    M   1 8      33 350
13  63  50  57  -7   8   0 0.00    M    M 11.0 23  30   M    M   9 8      28  30
14  68  52  60  -4   5   0 0.00    M    M 15.0 24 160   M    M   7 128    30 160
15  82  50  66   2   0   1 0.00    M    M  9.4 29 360   M    M   2 1238   38 360
16  77  46  62  -1   3   0 0.00    M    M  7.9 18  10   M    M   0 8      27 360
17  81  46  64   1   1   0 0.36    M    M 12.0 37 270   M    M   1 38     47 270
18  90  48  69   7   0   4 0.00    M    M  9.2 16 200   M    M   1 12     21 280
19  90  51  71   9   0   6 0.00    M    M 11.2 20  40   M    M   0        23  50
20  93  54  74  12   0   9 0.00    M    M 10.8 20 180   M    M   0        23 200
21  90  59  75  14   0  10 0.00    M    M 10.5 23 220   M    M   2        32 210
22  85  53  69   8   0   4 0.47    M    M 10.1 32 230   M    M   2 1238   40 230
23  87  56  72  12   0   7 0.08    M    M 25.0 41 160   M    M   2 38     52 170
24  73  43  58  -2   7   0 0.00    M    M  7.9 23 300   M    M   2        27 300
25  70  43  57  -3   8   0 0.00    M    M 11.7 24 360   M    M   1 8      33 360
26  79  40  60   1   5   0 0.00    M    M  7.7 18 240   M    M   0        23 240
27  85  44  65   6   0   0 0.00    M    M  6.6 16 250   M    M   0        19 250
28  84  44  64   6   1   0 0.00    M    M  8.0 14  30   M    M   0        19  50
29  77  46  62   4   3   0 0.00    M    M 16.0 25 160   M    M   0 8      30 140
================================================================================
SM 2372 1495        49 107  3.75     0.0 343.3          M       61
================================================================================
AV 81.8 51.6                              11.8 FASTST   M    M   2    MAX(MPH)
                                 MISC ---->  # 46 280               # 61  280
================================================================================
NOTES:
# LAST OF SEVERAL OCCURRENCES

COLUMN 17 PEAK WIND IN M.P.H.

PRELIMINARY LOCAL CLIMATOLOGICAL DATA (WS FORM: F-6) , PAGE 2

                                          STATION:  BURLINGTON CO
                                          MONTH:    SEPTEMBER
                                          YEAR:     2016
                                          LATITUDE:   39 15 N
                                          LONGITUDE: 102 17 W

[TEMPERATURE DATA]      [PRECIPITATION DATA]       SYMBOLS USED IN COLUMN 16

AVERAGE MONTHLY: 66.7   TOTAL FOR MONTH:   3.75    1 = FOG OR MIST
DPTR FM NORMAL:   3.2   DPTR FM NORMAL:    2.65    2 = FOG REDUCING VISIBILITY
HIGHEST:    94 ON 11, 5 GRTST 24HR  2.47 ON  2- 2      TO 1/4 MILE OR LESS
LOWEST:     40 ON 26                               3 = THUNDER
                        SNOW, ICE PELLETS, HAIL    4 = ICE PELLETS
                        TOTAL MONTH:   0.0 INCH    5 = HAIL
                        GRTST 24HR     0.0         6 = FREEZING RAIN OR DRIZZLE
                        GRTST DEPTH:  M  ON   M    7 = DUSTSTORM OR SANDSTORM:
                                                       VSBY 1/2 MILE OR LESS
                                                   8 = SMOKE OR HAZE
[NO. OF DAYS WITH]      [WEATHER - DAYS WITH]      9 = BLOWING SNOW
                                                   X = TORNADO
MAX 32 OR BELOW:   0    0.01 INCH OR MORE:   6
MAX 90 OR ABOVE:   6    0.10 INCH OR MORE:   4
MIN 32 OR BELOW:   0    0.50 INCH OR MORE:   1
MIN  0 OR BELOW:   0    1.00 INCH OR MORE:   1

[HDD (BASE 65) ]
TOTAL THIS MO.    49    CLEAR  (SCALE 0-3)  23
DPTR FM NORMAL   -72    PTCLDY (SCALE 4-7)   5
TOTAL FM JUL 1    55    CLOUDY (SCALE 8-10)  1
DPTR FM NORMAL   -82

[CDD (BASE 65) ]
TOTAL THIS MO.   107
DPTR FM NORMAL    30    [PRESSURE DATA]
TOTAL FM JAN 1  1006    HIGHEST SLP M ON M
DPTR FM NORMAL   223    LOWEST  SLP 29.59 ON  4

[REMARKS]
