000
CXUS55 KGLD 300800
CF6ITR
PRELIMINARY LOCAL CLIMATOLOGICAL DATA (WS FORM: F-6)

                                          STATION:   BURLINGTON CO
                                          MONTH:     JUNE
                                          YEAR:      2015
                                          LATITUDE:   39 15 N
                                          LONGITUDE: 102 17 W

  TEMPERATURE IN F:       :PCPN:    SNOW:  WIND      :SUNSHINE: SKY     :PK WND
================================================================================
1   2   3   4   5  6A  6B    7    8   9   10  11  12  13   14  15   16   17  18
                                     12Z  AVG MX 2MIN
DY MAX MIN AVG DEP HDD CDD  WTR  SNW DPTH SPD SPD DIR MIN PSBL S-S WX    SPD DR
================================================================================

 1  85  53  69   5   0   4 0.00  0.0    0 11.2 23 160   M    M   0        28 160
 2  89  58  74  10   0   9 0.00    M    M 11.7 23 100   M    M   2 1      31 110
 3  77  56  67   2   0   2 0.00  0.0    0 13.3 31  60   M    M   5 123    37  60
 4  81  57  69   4   0   4 0.23    M    M  8.5 21 140   M    M   3 123    26  40
 5  80  58  69   4   0   4 1.21    M    M 15.0 29  80   M    M   8 1238   37  90
 6  84  60  72   6   0   7 0.14    M    M 11.6 30 200   M    M   2 13     38 200
 7  79  55  67   1   0   2 0.00    M    M  8.8 30 320   M    M   2        37 310
 8  83  54  69   3   0   4 0.00    M    M  7.6 12 290   M    M   0        18 290
 9  90  57  74   7   0   9 0.00    M    M  7.0 12 140   M    M   1        16 170
10  89  61  75   8   0  10 0.10    M    M 10.4 29 210   M    M   2 138    38 190
11  80  60  70   3   0   5 0.91    M    M 11.7 30  40   M    M   7 13     37  40
12  64  55  60  -8   5   0 0.11    M    M  8.0 21  50   M    M   9 18     24  40
13  80  58  69   1   0   4 0.00    M    M 12.0 21 180   M    M   3 1      24 200
14  79  59  69   1   0   4 0.00    M    M 10.1 26 160   M    M   3 12     30 160
15  79  54  67  -1   0   2 0.00    M    M  8.8 17 140   M    M   4 1      22 140
16  85  61  73   4   0   8 0.01    M    M 19.1 28 170   M    M   4 138    36 180
17  83  57  70   1   0   5 0.00    M    M  9.3 21  10   M    M   1        25  20
18  83  62  73   4   0   8 0.00    M    M 12.2 22  80   M    M   4        27  80
19  93  63  78   8   0  13 0.00    M    M 17.0 23 190   M    M   4 1      28 190
20  89  62  76   6   0  11 0.00    M    M 13.1 24 340   M    M   0        34  40
21  93  63  78   8   0  13 0.00    M    M 11.9 29 200   M    M   2 1      37 200
22  86  64  75   5   0  10 0.00    M    M 15.9 28 350   M    M   0        38 350
23  93  62  78   7   0  13 0.00    M    M 11.3 39 330   M    M   3 38     54 320
24  90  64  77   6   0  12    T    M    M 11.3 25 220   M    M   0 3      28 210
25  87  62  75   4   0  10 0.13    M    M  8.7 31  60   M    M   3 138    38  50
26  80  56  68  -4   0   3 0.07    M    M 11.0 22  30   M    M   4 1      27  30
27  88  54  71  -1   0   6 0.00    M    M  7.6 14 120   M    M   1        18 230
28  92  56  74   2   0   9 0.00    M    M  7.6 17  30   M    M   0        23  40
29  90  59  75   3   0  10    T    M    M  8.7 20  80   M    M   1 3      27 160
================================================================================
SM 2451 1700         5 201  2.91     0.0 320.4          M       78
================================================================================
AV 84.5 58.6                              11.0 FASTST   M    M   3    MAX(MPH)
                                 MISC ---->  # 39 330               # 54  320
================================================================================
NOTES:
# LAST OF SEVERAL OCCURRENCES

COLUMN 17 PEAK WIND IN M.P.H.

PRELIMINARY LOCAL CLIMATOLOGICAL DATA (WS FORM: F-6) , PAGE 2

                                          STATION:  BURLINGTON CO
                                          MONTH:    JUNE
                                          YEAR:     2015
                                          LATITUDE:   39 15 N
                                          LONGITUDE: 102 17 W

[TEMPERATURE DATA]      [PRECIPITATION DATA]       SYMBOLS USED IN COLUMN 16

AVERAGE MONTHLY: 71.6   TOTAL FOR MONTH:   2.91    1 = FOG OR MIST
DPTR FM NORMAL:   3.2   DPTR FM NORMAL:    0.12    2 = FOG REDUCING VISIBILITY
HIGHEST:    93 ON 23,21 GRTST 24HR  1.21 ON  5- 5      TO 1/4 MILE OR LESS
LOWEST:     53 ON  1                               3 = THUNDER
                        SNOW, ICE PELLETS, HAIL    4 = ICE PELLETS
                        TOTAL MONTH:   0.0 INCH    5 = HAIL
                        GRTST 24HR     0.0         6 = FREEZING RAIN OR DRIZZLE
                        GRTST DEPTH:   0           7 = DUSTSTORM OR SANDSTORM:
                                                       VSBY 1/2 MILE OR LESS
                                                   8 = SMOKE OR HAZE
[NO. OF DAYS WITH]      [WEATHER - DAYS WITH]      9 = BLOWING SNOW
                                                   X = TORNADO
MAX 32 OR BELOW:   0    0.01 INCH OR MORE:   9
MAX 90 OR ABOVE:   7    0.10 INCH OR MORE:   7
MIN 32 OR BELOW:   0    0.50 INCH OR MORE:   2
MIN  0 OR BELOW:   0    1.00 INCH OR MORE:   1

[HDD (BASE 65) ]
TOTAL THIS MO.     5    CLEAR  (SCALE 0-3)  18
DPTR FM NORMAL   -40    PTCLDY (SCALE 4-7)  10
TOTAL FM JUL 1  5525    CLOUDY (SCALE 8-10)  1
DPTR FM NORMAL  -591

[CDD (BASE 65) ]
TOTAL THIS MO.   201
DPTR FM NORMAL    57    [PRESSURE DATA]
TOTAL FM JAN 1   210    HIGHEST SLP M ON M
DPTR FM NORMAL    37    LOWEST  SLP 29.53 ON 10

[REMARKS]
