000
CXUS55 KEAX 310736
CF6IXD
PRELIMINARY LOCAL CLIMATOLOGICAL DATA (WS FORM: F-6)

                                          STATION:   New Century Air Center KS
                                          MONTH:     AUGUST
                                          YEAR:      2015
                                          LATITUDE:   38 49 N
                                          LONGITUDE:  94 54 W

  TEMPERATURE IN F:       :PCPN:    SNOW:  WIND      :SUNSHINE: SKY     :PK WND
================================================================================
1   2   3   4   5  6A  6B    7    8   9   10  11  12  13   14  15   16   17  18
                                     12Z  AVG MX 2MIN
DY MAX MIN AVG DEP HDD CDD  WTR  SNW DPTH SPD SPD DIR MIN PSBL S-S WX    SPD DR
================================================================================

 1  93  70  82   3   0  17 0.00    M    M  6.7 17 140   M    M   1 1      22 130
 2  94  69  82   3   0  17 0.00    M    M 10.1 21 220   M    M   0        27 220
 3  93  69  81   2   0  16 0.00    M    M  5.0 12  70   M    M   0 8      15 250
 4  87  70  79   0   0  14 1.27    M    M  5.9 28 190   M    M   3 138    36 170
 5  77  66  72  -7   0   7 0.08    M    M  6.3 12  90   M    M   9 1      16  90
 6  83  66  75  -4   0  10 0.00    M    M  6.5 17 120   M    M   4 1      21 130
 7  91  72  82   3   0  17 0.00    M    M  5.3 13 340   M    M   2 1      18 340
 8  89  74  82   3   0  17 0.67    M    M 12.7 31  70   M    M   2 13     44  70
 9  90  78  84   5   0  19    T    M    M  6.5 17 190   M    M   1        22 200
10  87  71  79   0   0  14 0.35    M    M  7.8 31 330   M    M   1 138    39 330
11  83  66  75  -4   0  10 0.00    M    M  7.1 17 350   M    M   1        23 350
12  85  64  75  -4   0  10 0.00    M    M  2.1  8 330   M    M   3 18     10  30
13  86  63  75  -3   0  10 0.00    M    M  5.0 12 150   M    M   0        15 230
14  86  66  76  -2   0  11 0.00    M    M  5.4 14 150   M    M   0        16 210
15  88  64  76  -2   0  11 0.00    M    M  6.4 12 150   M    M   0        20 150
16  88  66  77  -1   0  12 0.00    M    M  7.9 15 160   M    M   0        19 160
17  89  69  79   1   0  14 0.00    M    M  6.2 13 190   M    M   0        17 190
18  80  64  72  -6   0   7 1.30    M    M  9.5 20 210   M    M   4 13     26 210
19  73  57  65 -13   0   0 0.00    M    M  9.8 21 290   M    M   1        27 280
20  82  54  68  -9   0   3 0.00    M    M  6.7 17 200   M    M   0        20 160
21  82  58  70  -7   0   5 0.00    M    M 10.9 18 150   M    M   3        26 160
22  84  68  76  -1   0  11 0.00    M    M 10.0 22 160   M    M   1        27 160
23  75  57  66 -11   0   1 0.67    M    M  9.7 29 330   M    M   0 13     39 220
24  78  52  65 -11   0   0 0.00    M    M  3.6 13 290   M    M   0        15 280
25  81  56  69  -7   0   4 0.00    M    M  4.2  9 280   M    M   0        13 270
26  83  62  73  -3   0   8 0.00    M    M  6.2 16 160   M    M   0        19 160
27  77  62  70  -6   0   5 0.29    M    M 10.5 18 170   M    M   4 13     24 160
28  78  68  73  -2   0   8 0.02    M    M 12.4 22 160   M    M   4 13     29 160
29  77  66  72  -3   0   7 0.00    M    M  6.0 12 340   M    M   9 1      15 340
30  84  65  75   1   0  10 0.00    M    M  5.9 12 130   M    M   5 128    16 130
================================================================================
SM 2523 1952         0 295  4.65    M    218.3          M       58
================================================================================
AV 84.1 65.1                               7.3 FASTST   M    M   2    MAX(MPH)
                                 MISC ---->  # 31  70               # 44   70
================================================================================
NOTES:
# LAST OF SEVERAL OCCURRENCES

COLUMN 17 PEAK WIND IN M.P.H.

PRELIMINARY LOCAL CLIMATOLOGICAL DATA (WS FORM: F-6) , PAGE 2

                                          STATION:  New Century Air Center KS
                                          MONTH:    AUGUST
                                          YEAR:     2015
                                          LATITUDE:   38 49 N
                                          LONGITUDE:  94 54 W

[TEMPERATURE DATA]      [PRECIPITATION DATA]       SYMBOLS USED IN COLUMN 16

AVERAGE MONTHLY: 74.6   TOTAL FOR MONTH:   4.65    1 = FOG OR MIST
DPTR FM NORMAL:  -3.1   DPTR FM NORMAL:    1.16    2 = FOG REDUCING VISIBILITY
HIGHEST:    94 ON  2    GRTST 24HR  1.32 ON  4- 5      TO 1/4 MILE OR LESS
LOWEST:     52 ON 24                               3 = THUNDER
                        SNOW, ICE PELLETS, HAIL    4 = ICE PELLETS
                        TOTAL MONTH:    M          5 = HAIL
                        GRTST 24HR    M  ON   M    6 = FREEZING RAIN OR DRIZZLE
                        GRTST DEPTH:  M  ON   M    7 = DUSTSTORM OR SANDSTORM:
                                                       VSBY 1/2 MILE OR LESS
                                                   8 = SMOKE OR HAZE
[NO. OF DAYS WITH]      [WEATHER - DAYS WITH]      9 = BLOWING SNOW
                                                   X = TORNADO
MAX 32 OR BELOW:   0    0.01 INCH OR MORE:   8
MAX 90 OR ABOVE:   5    0.10 INCH OR MORE:   6
MIN 32 OR BELOW:   0    0.50 INCH OR MORE:   4
MIN  0 OR BELOW:   0    1.00 INCH OR MORE:   2

[HDD (BASE 65) ]
TOTAL THIS MO.     0    CLEAR  (SCALE 0-3)  23
DPTR FM NORMAL     0    PTCLDY (SCALE 4-7)   5
TOTAL FM JUL 1     0    CLOUDY (SCALE 8-10)  2
DPTR FM NORMAL     0

[CDD (BASE 65) ]
TOTAL THIS MO.   295
DPTR FM NORMAL   -87    [PRESSURE DATA]
TOTAL FM JAN 1  1148    HIGHEST SLP  0.00 ON M
DPTR FM NORMAL   -24    LOWEST  SLP  0.00 ON M

[REMARKS]
