000
CXUS55 KRIW 240945
CF6JAC
PRELIMINARY LOCAL CLIMATOLOGICAL DATA (WS FORM: F-6)

                                          STATION:   JACKSON  WY
                                          MONTH:     FEBRUARY
                                          YEAR:      2017
                                          LATITUDE:   43 35 N
                                          LONGITUDE: 110 44 W

  TEMPERATURE IN F:       :PCPN:    SNOW:  WIND      :SUNSHINE: SKY     :PK WND
================================================================================
1   2   3   4   5  6A  6B    7    8   9   10  11  12  13   14  15   16   17  18
                                     12Z  AVG MX 2MIN
DY MAX MIN AVG DEP HDD CDD  WTR  SNW DPTH SPD SPD DIR MIN PSBL S-S WX    SPD DR
================================================================================

 1  32  18  25  10  40   0    M    M    M 18.6 29 230   M    M   9        44 240
 2  28  14  21   6  44   0 0.00  0.0    M  9.5 17 240   M    M  10        17 350
 3  32  12  22   7  43   0 0.00  0.0    M  6.6 18  20   M    M  10         M  M
 4  36  30  33  18  32   0    M    M    M 15.6 23 170   M    M   9        39 230
 5  36  30  33  18  32   0    M    M    M 11.9 20 170   M    M   8         M  M
 6  36  30  33  18  32   0    M    M    M 17.9 29 200   M    M  10        35 220
 7  34  27  31  15  34   0    M    M    M 17.0 41 200   M    M  10        61 220
 8  39   M   M   M   M   M    M    M    M 21.4 35 230   M    M   9         M  M
 9  41  32  37  21  28   0    M    M    M 12.1 23 201   M    M  10         M  M
10  37  34  36  20  29   0    M    M    M 15.9 25 160   M    M  10         M  M
11  34   9  22   6  43   0    M    M    M 10.6 18 180   M    M   6        23 200
12  21   1  11  -5  54   0 0.00  0.0    M  3.6 14 360   M    M   0         M  M
13  27   3  15  -2  50   0 0.00  0.0    M  3.4  9  20   M    M   0         M  M
14  28   3  16  -1  49   0 0.00  0.0    M  4.1 10  10   M    M   0         M  M
15  30   3  17   0  48   0 0.00  0.0    M  3.8 12  10   M    M   0 1       M  M
16  37   7  22   4  43   0    M    M    M  6.8 18 190   M    M   5        35 180
17  37  28  33  15  32   0 0.00  0.0    M  5.1 14 180   M    M   5         M  M
18  37  30  34  16  31   0 0.05    M    M 10.2 14 220   M    M   9         M  M
19  37  27  32  14  33   0 0.09    M    M  9.3 17 200   M    M   9 1       M  M
20  36  27  32  13  33   0 0.34    M    M 11.2 17 180   M    M  10         M  M
21  43  30  37  18  28   0 0.06    M    M 18.0 29 230   M    M   9        50 210
22  32  18  25   6  40   0 0.00  0.0    M 10.1 21 230   M    M   6        24 230
23  28  18  23   3  42   0    M    M    M 15.0 23  10   M    M   8        29  20
================================================================================
SM  778  431       840   0  0.54     0.0 257.7          M      162
================================================================================
AV 33.8 19.6                              11.2 FASTST   M    M   7    MAX(MPH)
                                 MISC ---->    41   M               # 61  220
================================================================================
NOTES:
# LAST OF SEVERAL OCCURRENCES

COLUMN 17 PEAK WIND IN M.P.H.

PRELIMINARY LOCAL CLIMATOLOGICAL DATA (WS FORM: F-6) , PAGE 2

                                          STATION:  JACKSON  WY
                                          MONTH:    FEBRUARY
                                          YEAR:     2017
                                          LATITUDE:   43 35 N
                                          LONGITUDE: 110 44 W

[TEMPERATURE DATA]      [PRECIPITATION DATA]       SYMBOLS USED IN COLUMN 16

AVERAGE MONTHLY: 26.7   TOTAL FOR MONTH:   0.54    1 = FOG OR MIST
DPTR FM NORMAL:   9.9   DPTR FM NORMAL:   -0.99    2 = FOG REDUCING VISIBILITY
HIGHEST:    43 ON 21    GRTST 24HR  0.34 ON 20-20      TO 1/4 MILE OR LESS
LOWEST:      1 ON 12                               3 = THUNDER
                        SNOW, ICE PELLETS, HAIL    4 = ICE PELLETS
                        TOTAL MONTH:   0.0 INCH    5 = HAIL
                        GRTST 24HR     0.0         6 = FREEZING RAIN OR DRIZZLE
                        GRTST DEPTH:  M  ON   M    7 = DUSTSTORM OR SANDSTORM:
                                                       VSBY 1/2 MILE OR LESS
                                                   8 = SMOKE OR HAZE
[NO. OF DAYS WITH]      [WEATHER - DAYS WITH]      9 = BLOWING SNOW
                                                   X = TORNADO
MAX 32 OR BELOW:   9    0.01 INCH OR MORE:   4
MAX 90 OR ABOVE:   0    0.10 INCH OR MORE:   1
MIN 32 OR BELOW:  21    0.50 INCH OR MORE:   0
MIN  0 OR BELOW:   0    1.00 INCH OR MORE:   0

[HDD (BASE 65) ]
TOTAL THIS MO.   840    CLEAR  (SCALE 0-3)   4
DPTR FM NORMAL  -271    PTCLDY (SCALE 4-7)   5
TOTAL FM JUL 1  6446    CLOUDY (SCALE 8-10) 14
DPTR FM NORMAL  -458

[CDD (BASE 65) ]
TOTAL THIS MO.     0
DPTR FM NORMAL     0    [PRESSURE DATA]
TOTAL FM JAN 1     0    HIGHEST SLP M ON M
DPTR FM NORMAL     0    LOWEST  SLP M ON M

[REMARKS]
