000
CXUS52 KJAX 270800
CF6JAX
PRELIMINARY LOCAL CLIMATOLOGICAL DATA (WS FORM: F-6)

                                          STATION:   JACKSONVILLE FL
                                          MONTH:     FEBRUARY
                                          YEAR:      2015
                                          LATITUDE:   30 30 N
                                          LONGITUDE:  81 42 W

  TEMPERATURE IN F:       :PCPN:    SNOW:  WIND      :SUNSHINE: SKY     :PK WND
================================================================================
1   2   3   4   5  6A  6B    7    8   9   10  11  12  13   14  15   16   17  18
                                     12Z  AVG MX 2MIN
DY MAX MIN AVG DEP HDD CDD  WTR  SNW DPTH SPD SPD DIR MIN PSBL S-S WX    SPD DR
================================================================================

 1  74  38  56   2   9   0 0.00  0.0    0  8.1 23 190   M    M   5        31 170
 2  68  41  55   1  10   0 0.32  0.0    0 12.4 29 290   M    M   6 1      37 290
 3  56  31  44 -11  21   0 0.00  0.0    0  5.9 13  60   M    M   5        16  40
 4  56  45  51  -4  14   0 0.42  0.0    0  5.5 14  60   M    M  10 1      17  60
 5  64  42  53  -2  12   0 0.87  0.0    0  7.2 16  10   M    M   6 1      21 340
 6  57  37  47  -8  18   0 0.00  0.0    0  8.4 16  50   M    M   3        20  60
 7  66  34  50  -5  15   0 0.00  0.0    0  3.1 13 140   M    M   3        17  70
 8  73  40  57   2   8   0 0.00  0.0    0  4.0 14 170   M    M   2        17 210
 9  68  42  55  -1  10   0 0.13  0.0    0  2.7 10 240   M    M   6 12     13 220
10  60  45  53  -3  12   0 0.00  0.0    0  9.9 20 290   M    M   7 1      27 300
11  64  40  52  -4  13   0 0.00  0.0    0  5.6 12 300   M    M   0        16 330
12  70  41  56   0   9   0 0.00  0.0    0  9.0 22 270   M    M   1 1      27 270
13  51  32  42 -14  23   0 0.00  0.0    0  8.3 18  30   M    M   3        24  20
14  62  29  46 -10  19   0 0.00  0.0    0  9.4 23 260   M    M   0        29 250
15  63  42  53  -3  12   0 0.00  0.0    0  8.4 16  70   M    M   5 1      22 120
16  74  43  59   2   6   0 0.00  0.0    0  8.2 23 240   M    M   8        30 240
17  66  45  56  -1   9   0 0.62  0.0    0 10.3 22 220   M    M  10 1      29 200
18  57  35  46 -11  19   0 0.00  0.0    0 10.4 25 270   M    M   3        31 260
19  42  27  35 -22  30   0 0.00  0.0    0 10.4 23 280   M    M   0        31 290
20  47  24  36 -21  29   0 0.00  0.0    0  5.6 14  20   M    M   2        19  80
21  70  30  50  -8  15   0 0.00  0.0    0  5.2 20 170   M    M   6        28 180
22  79  50  65   7   0   0 0.00  0.0    0  6.2 16 240   M    M   6        22 220
23  76  53  65   7   0   0 0.00  0.0    0  8.4 22 270   M    M   9 12     26 270
24  53  49  51  -7  14   0 0.32  0.0    0  4.8 17  30   M    M  10 1      20  30
25  65  47  56  -2   9   0    T  0.0    0  8.6 18 180   M    M  10 1      25 170
26  67  47  57  -1   8   0 0.62  0.0    0 10.6 29 250   M    M   9 13     36 240
================================================================================
SM 1648 1029       344   0  3.30     0.0 196.6          M      135
================================================================================
AV 63.4 39.6                               7.6 FASTST   M    M   5    MAX(MPH)
                                 MISC ---->  # 29 290               # 37  290
================================================================================
NOTES:
# LAST OF SEVERAL OCCURRENCES

COLUMN 17 PEAK WIND IN M.P.H.

PRELIMINARY LOCAL CLIMATOLOGICAL DATA (WS FORM: F-6) , PAGE 2

                                          STATION:  JACKSONVILLE FL
                                          MONTH:    FEBRUARY
                                          YEAR:     2015
                                          LATITUDE:   30 30 N
                                          LONGITUDE:  81 42 W

[TEMPERATURE DATA]      [PRECIPITATION DATA]       SYMBOLS USED IN COLUMN 16

AVERAGE MONTHLY: 51.5   TOTAL FOR MONTH:   3.30    1 = FOG OR MIST
DPTR FM NORMAL:  -4.8   DPTR FM NORMAL:    0.35    2 = FOG REDUCING VISIBILITY
HIGHEST:    79 ON 22    GRTST 24HR  1.29 ON  4- 5      TO 1/4 MILE OR LESS
LOWEST:     24 ON 20                               3 = THUNDER
                        SNOW, ICE PELLETS, HAIL    4 = ICE PELLETS
                        TOTAL MONTH:   0.0 INCH    5 = HAIL
                        GRTST 24HR     0.0         6 = FREEZING RAIN OR DRIZZLE
                        GRTST DEPTH:   0           7 = DUSTSTORM OR SANDSTORM:
                                                       VSBY 1/2 MILE OR LESS
                                                   8 = SMOKE OR HAZE
[NO. OF DAYS WITH]      [WEATHER - DAYS WITH]      9 = BLOWING SNOW
                                                   X = TORNADO
MAX 32 OR BELOW:   0    0.01 INCH OR MORE:   7
MAX 90 OR ABOVE:   0    0.10 INCH OR MORE:   7
MIN 32 OR BELOW:   6    0.50 INCH OR MORE:   3
MIN  0 OR BELOW:   0    1.00 INCH OR MORE:   0

[HDD (BASE 65) ]
TOTAL THIS MO.   344    CLEAR  (SCALE 0-3)   9
DPTR FM NORMAL   102    PTCLDY (SCALE 4-7)  11
TOTAL FM JUL 1  1218    CLOUDY (SCALE 8-10)  6
DPTR FM NORMAL   100

[CDD (BASE 65) ]
TOTAL THIS MO.     0
DPTR FM NORMAL   -21    [PRESSURE DATA]
TOTAL FM JAN 1    13    HIGHEST SLP M ON M
DPTR FM NORMAL   -19    LOWEST  SLP 29.52 ON 26

[REMARKS]
