000
CXUS54 KMEG 280640
CF6JBR
PRELIMINARY LOCAL CLIMATOLOGICAL DATA (WS FORM: F-6)

                                          STATION:   JONESBORO
                                          MONTH:     MAY
                                          YEAR:      2015
                                          LATITUDE:   35 49 N
                                          LONGITUDE:  90 39 W

  TEMPERATURE IN F:       :PCPN:    SNOW:  WIND      :SUNSHINE: SKY     :PK WND
================================================================================
1   2   3   4   5  6A  6B    7    8   9   10  11  12  13   14  15   16   17  18
                                     12Z  AVG MX 2MIN
DY MAX MIN AVG DEP HDD CDD  WTR  SNW DPTH SPD SPD DIR MIN PSBL S-S WX    SPD DR
================================================================================

 1  70  41  56  -9   9   0 0.00  0.0    0  4.9 14  70   M    M   0        19  50
 2  74  42  58  -7   7   0 0.00  0.0    0  2.9 14 210   M    M   0 18     17 210
 3  81  47  64  -1   1   0 0.00  0.0    0  6.4 17 200   M    M   0        22 200
 4  83  53  68   2   0   3 0.00  0.0    0  6.9 20 200   M    M   0        25 200
 5  85  55  70   4   0   5 0.00  0.0    0  7.1 20 150   M    M   3        23 220
 6  85  54  70   4   0   5 0.00  0.0    0  6.7 20 140   M    M   1        25 130
 7  86  59  73   7   0   8 0.00  0.0    0  8.0 17 210   M    M   2        24 210
 8  81  64  73   6   0   8 0.13  0.0    0  7.7 22 250   M    M   6 13     29 250
 9  79  65  72   5   0   7 1.35  0.0    0  6.8 23 210   M    M   7 13     30 210
10  82  65  74   7   0   9 1.06  0.0    0  7.6 20 210   M    M   4 13     23 210
11  73  62  68   0   0   3 0.83  0.0    0  6.5 24 300   M    M   8 13     32 300
12  67  51  59  -9   6   0 0.00  0.0    0  4.2 13 360   M    M   0        19 340
13  74  47  61  -7   4   0 0.00  0.0    0  7.5 20 110   M    M   1        23 110
14  79  60  70   2   0   5 0.12  0.0    0  7.5 21 270   M    M   6 1      26 260
15  81  65  73   4   0   8 0.08  0.0    0  7.8 24 170   M    M   2 13     33 170
16  81  67  74   5   0   9 0.76  0.0    0  9.2 23 160   M    M   8 13     29 150
17  79  65  72   3   0   7 1.14  0.0    0 10.3 25 280   M    M   7 13     36 290
18  79  65  72   2   0   7 0.00  0.0    0  6.9 16 220   M    M   6 12     23 220
19  74  62  68  -2   0   3 0.00  0.0    0  9.6 17  60   M    M   1 1      21  50
20  69  55  62  -8   3   0 0.35  0.0    0  8.2 15  20   M    M   8 1      19  40
21  62  47  55 -16  10   0 0.00  0.0    0  6.9 16  10   M    M   7        21 360
22  70  43  57 -14   8   0 0.00  0.0    0  4.1 10 100   M    M   0 1      14 100
23  79  59  69  -2   0   4 0.00  0.0    0  6.6 13 130   M    M   3        22 150
24  85  65  75   3   0  10 0.19  0.0    0 13.2 31 140   M    M   5 13     37 140
25  81  67  74   2   0   9 0.09  0.0    0  9.8 17 130   M    M   8 1      23 140
26  76  62  69  -3   0   4 0.12  0.0    0 10.1 21 230   M    M   6 1      25 210
27  79  62  71  -1   0   6 0.97  0.0    0  7.2 23 190   M    M   2 13     27 190
================================================================================
SM 2094 1549        48 120  7.19     0.0 200.6          M      101
================================================================================
AV 77.6 57.4                               7.4 FASTST   M    M   4    MAX(MPH)
                                 MISC ---->  # 31 140               # 37  140
================================================================================
NOTES:
# LAST OF SEVERAL OCCURRENCES

COLUMN 17 PEAK WIND IN M.P.H.

PRELIMINARY LOCAL CLIMATOLOGICAL DATA (WS FORM: F-6) , PAGE 2

                                          STATION:  JONESBORO
                                          MONTH:    MAY
                                          YEAR:     2015
                                          LATITUDE:   35 49 N
                                          LONGITUDE:  90 39 W

[TEMPERATURE DATA]      [PRECIPITATION DATA]       SYMBOLS USED IN COLUMN 16

AVERAGE MONTHLY: 67.5   TOTAL FOR MONTH:   7.19    1 = FOG OR MIST
DPTR FM NORMAL:  -1.1   DPTR FM NORMAL:    2.95    2 = FOG REDUCING VISIBILITY
HIGHEST:    86 ON  7    GRTST 24HR  2.35 ON  9-10      TO 1/4 MILE OR LESS
LOWEST:     41 ON  1                               3 = THUNDER
                        SNOW, ICE PELLETS, HAIL    4 = ICE PELLETS
                        TOTAL MONTH:   0.0 INCH    5 = HAIL
                        GRTST 24HR     0.0         6 = FREEZING RAIN OR DRIZZLE
                        GRTST DEPTH:   0           7 = DUSTSTORM OR SANDSTORM:
                                                       VSBY 1/2 MILE OR LESS
                                                   8 = SMOKE OR HAZE
[NO. OF DAYS WITH]      [WEATHER - DAYS WITH]      9 = BLOWING SNOW
                                                   X = TORNADO
MAX 32 OR BELOW:   0    0.01 INCH OR MORE:  13
MAX 90 OR ABOVE:   0    0.10 INCH OR MORE:  11
MIN 32 OR BELOW:   0    0.50 INCH OR MORE:   6
MIN  0 OR BELOW:   0    1.00 INCH OR MORE:   3

[HDD (BASE 65) ]
TOTAL THIS MO.    48    CLEAR  (SCALE 0-3)  13
DPTR FM NORMAL    13    PTCLDY (SCALE 4-7)  13
TOTAL FM JUL 1  4013    CLOUDY (SCALE 8-10)  1
DPTR FM NORMAL   363

[CDD (BASE 65) ]
TOTAL THIS MO.   120
DPTR FM NORMAL   -11    [PRESSURE DATA]
TOTAL FM JAN 1   148    HIGHEST SLP M ON M
DPTR FM NORMAL   -30    LOWEST  SLP 29.89 ON 26

[REMARKS]
