000
CXUS54 KSJT 281210
CF6JCT
PRELIMINARY LOCAL CLIMATOLOGICAL DATA (WS FORM: F-6)

                                          STATION:   JUNCTION
                                          MONTH:     AUGUST
                                          YEAR:      2015
                                          LATITUDE:   30 18 N
                                          LONGITUDE:  99 28 W

  TEMPERATURE IN F:       :PCPN:    SNOW:  WIND      :SUNSHINE: SKY     :PK WND
================================================================================
1   2   3   4   5  6A  6B    7    8   9   10  11  12  13   14  15   16   17  18
                                     12Z  AVG MX 2MIN
DY MAX MIN AVG DEP HDD CDD  WTR  SNW DPTH SPD SPD DIR MIN PSBL S-S WX    SPD DR
================================================================================

 1  97  72  85   2   0  20    T  0.0    0  6.2 16 110   M    M   0        24 110
 2  98  74  86   3   0  21 0.00  0.0    0  5.4 17  70   M    M   1        20  90
 3  99  70  85   2   0  20 0.00  0.0    0  5.1 17 100   M    M   1        24  90
 4 101  72  87   4   0  22 0.00  0.0    0  6.8 17 130   M    M   1        21 130
 5 102  77  90   7   0  25 0.00  0.0    0  8.8 18 170   M    M   1        23 160
 6 101  75  88   5   0  23 0.00  0.0    0  8.6 20 160   M    M   0        25 150
 7 102  73  88   5   0  23 0.00  0.0    0  8.6 18 140   M    M   0        24 160
 8 102  75  89   6   0  24 0.00  0.0    0  8.9 18 160   M    M   0        28 150
 9 104  72  88   5   0  23 0.00  0.0    0  8.6 18 140   M    M   0        25 140
10 105  74  90   7   0  25 0.00  0.0    0  5.1 17 130   M    M   0        22 130
11 105  68  87   4   0  22 0.00  0.0    0  5.1 18  70   M    M   1        24  70
12 104  73  89   6   0  24 0.02  0.0    0  4.4 35  40   M    M   1 3      46  40
13 102  70  86   3   0  21 0.03  0.0    0  4.5 25  30   M    M   1 3      31  30
14 101  71  86   3   0  21 0.00  0.0    0  4.2 20 340   M    M   1 3      28 330
15  94  72  83   0   0  18 0.23  0.0    0  3.0 29 350   M    M   3 3      38 350
16  98  66  82   0   0  17 0.00  0.0    0  4.3 13 160   M    M   1        17 140
17  97  70  84   2   0  19 0.00  0.0    0  5.4 16 170   M    M   1        23 170
18  98  71  85   3   0  20 0.00  0.0    0  9.1 20 170   M    M   1        26 130
19  99  75  87   5   0  22    T  0.0    0  9.4 23  40   M    M   1 3      30  40
20  92  71  82   0   0  17 0.00  0.0    0  8.1 22 160   M    M   4        28 140
21  95  72  84   2   0  19 0.00  0.0    0 10.1 20 160   M    M   5        26 150
22  98  75  87   5   0  22 0.00  0.0    0 10.2 23 160   M    M   2        26 150
23  99  73  86   4   0  21 0.00  0.0    0  7.6 17 130   M    M   1        23 140
24 100  70  85   3   0  20 0.00  0.0    0  3.8 14 120   M    M   1        17 130
25 101  72  87   6   0  22 0.82  0.0    0  3.8 29  20   M    M   2 3      37 360
26  98  67  83   2   0  18 0.00  0.0    0  3.2 17  90   M    M   2 3      24  90
27  98  67  83   2   0  18 0.00  0.0    0  3.0 12 130   M    M   1        14 130
================================================================================
SM 2690 1937         0 567  1.10     0.0 171.3          M       33
================================================================================
AV 99.6 71.7                               6.3 FASTST   M    M   1    MAX(MPH)
                                 MISC ---->  # 35  40               # 46   40
================================================================================
NOTES:
# LAST OF SEVERAL OCCURRENCES

COLUMN 17 PEAK WIND IN M.P.H.

PRELIMINARY LOCAL CLIMATOLOGICAL DATA (WS FORM: F-6) , PAGE 2

                                          STATION:  JUNCTION
                                          MONTH:    AUGUST
                                          YEAR:     2015
                                          LATITUDE:   30 18 N
                                          LONGITUDE:  99 28 W

[TEMPERATURE DATA]      [PRECIPITATION DATA]       SYMBOLS USED IN COLUMN 16

AVERAGE MONTHLY: 85.7   TOTAL FOR MONTH:   1.10    1 = FOG OR MIST
DPTR FM NORMAL:   3.2   DPTR FM NORMAL:   -0.90    2 = FOG REDUCING VISIBILITY
HIGHEST:   105 ON 11,10 GRTST 24HR  0.82 ON 25-25      TO 1/4 MILE OR LESS
LOWEST:     66 ON 16                               3 = THUNDER
                        SNOW, ICE PELLETS, HAIL    4 = ICE PELLETS
                        TOTAL MONTH:   0.0 INCH    5 = HAIL
                        GRTST 24HR     0.0         6 = FREEZING RAIN OR DRIZZLE
                        GRTST DEPTH:   0           7 = DUSTSTORM OR SANDSTORM:
                                                       VSBY 1/2 MILE OR LESS
                                                   8 = SMOKE OR HAZE
[NO. OF DAYS WITH]      [WEATHER - DAYS WITH]      9 = BLOWING SNOW
                                                   X = TORNADO
MAX 32 OR BELOW:   0    0.01 INCH OR MORE:   4
MAX 90 OR ABOVE:  27    0.10 INCH OR MORE:   2
MIN 32 OR BELOW:   0    0.50 INCH OR MORE:   1
MIN  0 OR BELOW:   0    1.00 INCH OR MORE:   0

[HDD (BASE 65) ]
TOTAL THIS MO.     0    CLEAR  (SCALE 0-3)  25
DPTR FM NORMAL     0    PTCLDY (SCALE 4-7)   2
TOTAL FM JUL 1     0    CLOUDY (SCALE 8-10)  0
DPTR FM NORMAL     0

[CDD (BASE 65) ]
TOTAL THIS MO.   567
DPTR FM NORMAL    96    [PRESSURE DATA]
TOTAL FM JAN 1  2075    HIGHEST SLP M ON M
DPTR FM NORMAL   187    LOWEST  SLP 29.61 ON 18

[REMARKS]
