702
CXUS55 KGGW 240800
CF6JDN
PRELIMINARY LOCAL CLIMATOLOGICAL DATA (WS FORM: F-6)

                                          STATION:   JORDAN  ASOS MT
                                          MONTH:     NOVEMBER
                                          YEAR:      2017
                                          LATITUDE:   47 19 N
                                          LONGITUDE: 106 50 W

  TEMPERATURE IN F:       :PCPN:    SNOW:  WIND      :SUNSHINE: SKY     :PK WND
================================================================================
1   2   3   4   5  6A  6B    7    8   9   10  11  12  13   14  15   16   17  18
                                     12Z  AVG MX 2MIN
DY MAX MIN AVG DEP HDD CDD  WTR  SNW DPTH SPD SPD DIR MIN PSBL S-S WX    SPD DR
================================================================================

 1  41  28  35  -2  30   0 0.00  0.0    0 15.8 30 310   M    M   0        35 320
 2  32  27  30  -7  35   0 0.00  0.0    0  7.9 15 110   M    M   0        18 110
 3  31  24  28  -8  37   0 0.15    M    0  8.1 13 280   M    M   0        17 280
 4  24   1  13 -23  52   0 0.02    M    0  7.8 23 310   M    M   0        29 310
 5  20   6  13 -22  52   0 0.07    M    0  3.1  9 340   M    M   0        10  10
 6  17  -7   5 -30  60   0 0.03    M    0  5.5 13 320   M    M   0        14 340
 7  27  -8  10 -24  55   0 0.00  0.0    0  4.3 15 260   M    M   0        17 260
 8  24  -1  12 -22  53   0 0.00  0.0    0  3.9 14 350   M    M   0        16 350
 9  26  -3  12 -21  53   0 0.00  0.0    0 11.3 22 120   M    M   0        25 120
10  45  14  30  -3  35   0 0.00  0.0    0  4.2 13 250   M    M   0        14 140
11  41  16  29  -3  36   0 0.00  0.0    0  1.3  7 280   M    M   0         8 280
12  46  15  31  -1  34   0 0.00  0.0    0  2.3 10 190   M    M   0        14 190
13  58  21  40   9  25   0 0.00  0.0    0  5.2 14 230   M    M   0        18 220
14  49  19  34   3  31   0 0.00  0.0    0  8.3 18 280   M    M   0        27 280
15  34  16  25  -5  40   0 0.00  0.0    0  9.0 17 120   M    M   0        20 120
16  53  25  39   9  26   0 0.00  0.0    0  7.1 24 280   M    M   0        30 290
17  49  21  35   6  30   0 0.00  0.0    0  7.4 21 300   M    M   0        26 310
18  46  16  31   2  34   0 0.00  0.0    0  6.4 24 290   M    M   0        31 280
19  52  20  36   8  29   0 0.00  0.0    0  6.1 20 230   M    M   0        27 240
20  54  21  38  10  27   0 0.00  0.0    0 14.0 33 310   M    M   0        41 310
21  34  15  25  -2  40   0 0.00  0.0    0  6.6 18 360   M    M   0        22 360
22  69  30  50  23  15   0 0.00  0.0    0  9.5 30 290   M    M   0        36 290
23  73  36  55  29  10   0 0.00  0.0    0 14.8 31 250   M    M   0        39 250
================================================================================
SM  945  352       839   0  0.27     0.0 169.9          M        0
================================================================================
AV 41.1 15.3                               7.4 FASTST   M    M   0    MAX(MPH)
                                 MISC ---->  # 33 310               # 41  310
================================================================================
NOTES:
# LAST OF SEVERAL OCCURRENCES

COLUMN 17 PEAK WIND IN M.P.H.

PRELIMINARY LOCAL CLIMATOLOGICAL DATA (WS FORM: F-6) , PAGE 2

                                          STATION:  JORDAN  ASOS MT
                                          MONTH:    NOVEMBER
                                          YEAR:     2017
                                          LATITUDE:   47 19 N
                                          LONGITUDE: 106 50 W

[TEMPERATURE DATA]      [PRECIPITATION DATA]       SYMBOLS USED IN COLUMN 16

AVERAGE MONTHLY: 28.2   TOTAL FOR MONTH:   0.27    1 = FOG OR MIST
DPTR FM NORMAL:  -3.5   DPTR FM NORMAL:   -0.04    2 = FOG REDUCING VISIBILITY
HIGHEST:    73 ON 23    GRTST 24HR  0.16 ON 31- 1      TO 1/4 MILE OR LESS
LOWEST:     -8 ON  7                               3 = THUNDER
                        SNOW, ICE PELLETS, HAIL    4 = ICE PELLETS
                        TOTAL MONTH:   0.0 INCH    5 = HAIL
                        GRTST 24HR     0.0         6 = FREEZING RAIN OR DRIZZLE
                        GRTST DEPTH:   0           7 = DUSTSTORM OR SANDSTORM:
                                                       VSBY 1/2 MILE OR LESS
                                                   8 = SMOKE OR HAZE
[NO. OF DAYS WITH]      [WEATHER - DAYS WITH]      9 = BLOWING SNOW
                                                   X = TORNADO
MAX 32 OR BELOW:   8    0.01 INCH OR MORE:   4
MAX 90 OR ABOVE:   0    0.10 INCH OR MORE:   1
MIN 32 OR BELOW:  22    0.50 INCH OR MORE:   0
MIN  0 OR BELOW:   4    1.00 INCH OR MORE:   0

[HDD (BASE 65) ]
TOTAL THIS MO.   839    CLEAR  (SCALE 0-3)  23
DPTR FM NORMAL    74    PTCLDY (SCALE 4-7)   0
TOTAL FM JUL 1  1739    CLOUDY (SCALE 8-10)  0
DPTR FM NORMAL     1

[CDD (BASE 65) ]
TOTAL THIS MO.     0
DPTR FM NORMAL     0    [PRESSURE DATA]
TOTAL FM JAN 1   641    HIGHEST SLP M ON M
DPTR FM NORMAL   220    LOWEST  SLP 29.37 ON 23

[REMARKS]
