000
CXUS55 KBOI 221002
CF6JER
PRELIMINARY LOCAL CLIMATOLOGICAL DATA (WS FORM: F-6)

                                          STATION:   JEROME ID
                                          MONTH:     MAY
                                          YEAR:      2017
                                          LATITUDE:   42 43 N
                                          LONGITUDE: 114 27 W

  TEMPERATURE IN F:       :PCPN:    SNOW:  WIND      :SUNSHINE: SKY     :PK WND
================================================================================
1   2   3   4   5  6A  6B    7    8   9   10  11  12  13   14  15   16   17  18
                                     12Z  AVG MX 2MIN
DY MAX MIN AVG DEP HDD CDD  WTR  SNW DPTH SPD SPD DIR MIN PSBL S-S WX    SPD DR
================================================================================

 1  60  36  48  -2  17   0 0.01    M    M 16.6 26 250   M    M   3        33 250
 2  63  44  54   3  11   0    T    M    M 16.5 28 250   M    M   3        36 240
 3  70  36  53   2  12   0 0.00    M    M  5.1 13 250   M    M   0        18 230
 4  80  45  63  12   2   0 0.00    M    M 10.5 17  70   M    M   0        24  50
 5  81  49  65  13   0   0    T    M    M 12.7 30 290   M    M   1 8      37 270
 6  63  42  53   1  12   0 0.25    M    M 12.6 26 240   M    M   4 13     32 240
 7  58  38  48  -4  17   0 0.02    M    M 12.1 23 260   M    M   6 3      28 260
 8  62  36  49  -3  16   0 0.00    M    M  7.6 14 210   M    M   0        17 220
 9  72  40  56   3   9   0 0.00    M    M 10.0 23 240   M    M   0        29 240
10  75  41  58   5   7   0 0.00    M    M  6.1 14 260   M    M   0        18 230
11  84  49  67  13   0   2    T    M    M  8.5 37 140   M    M   1 8      50 130
12  68  41  55   1  10   0 0.00    M    M 15.8 45 250   M    M   4 8      56 240
13  56  34  45  -9  20   0    T    M    M 13.0 26 250   M    M   5        34 250
14  62  31  47  -7  18   0    T    M    M  6.0 24 260   M    M   2        29 270
15  63  43  53  -2  12   0    T    M    M 10.0 18 260   M    M   5        22 250
16  59  37  48  -7  17   0 0.40    M    M 12.0 33 270   M    M   6 1      41 270
17  46  29  38 -17  27   0    T    M    M 19.3 33 250   M    M   7        41 240
18  60  31  46 -10  19   0 0.00    M    M  8.4 17 250   M    M   6 12     23 260
19  66  41  54  -2  11   0 0.00    M    M  3.8 10 270   M    M   4        13 260
20  72  42  57   1   8   0    M    M    M  4.5 18 240   M    M   2 1      23 230
21  70  45  58   2   7   0 0.10    M    M  5.9 14  30   M    M   3 1      18 110
================================================================================
SM 1390  830       252   2  0.78    M    217.0          M       62
================================================================================
AV 66.2 39.5                              10.3 FASTST   M    M   3    MAX(MPH)
                                 MISC ---->  # 45 250               # 56  240
================================================================================
NOTES:
# LAST OF SEVERAL OCCURRENCES

COLUMN 17 PEAK WIND IN M.P.H.

PRELIMINARY LOCAL CLIMATOLOGICAL DATA (WS FORM: F-6) , PAGE 2

                                          STATION:  JEROME ID
                                          MONTH:    MAY
                                          YEAR:     2017
                                          LATITUDE:   42 43 N
                                          LONGITUDE: 114 27 W

[TEMPERATURE DATA]      [PRECIPITATION DATA]       SYMBOLS USED IN COLUMN 16

AVERAGE MONTHLY: 52.9   TOTAL FOR MONTH:   0.78    1 = FOG OR MIST
DPTR FM NORMAL:  -0.6   DPTR FM NORMAL:   -0.15    2 = FOG REDUCING VISIBILITY
HIGHEST:    84 ON 11    GRTST 24HR  0.40 ON 16-16      TO 1/4 MILE OR LESS
LOWEST:     29 ON 17                               3 = THUNDER
                        SNOW, ICE PELLETS, HAIL    4 = ICE PELLETS
                        TOTAL MONTH:    M          5 = HAIL
                        GRTST 24HR    M  ON   M    6 = FREEZING RAIN OR DRIZZLE
                        GRTST DEPTH:  M  ON   M    7 = DUSTSTORM OR SANDSTORM:
                                                       VSBY 1/2 MILE OR LESS
                                                   8 = SMOKE OR HAZE
[NO. OF DAYS WITH]      [WEATHER - DAYS WITH]      9 = BLOWING SNOW
                                                   X = TORNADO
MAX 32 OR BELOW:   0    0.01 INCH OR MORE:   5
MAX 90 OR ABOVE:   0    0.10 INCH OR MORE:   3
MIN 32 OR BELOW:   3    0.50 INCH OR MORE:   0
MIN  0 OR BELOW:   0    1.00 INCH OR MORE:   0

[HDD (BASE 65) ]
TOTAL THIS MO.   252    CLEAR  (SCALE 0-3)  11
DPTR FM NORMAL     6    PTCLDY (SCALE 4-7)  10
TOTAL FM JUL 1  5869    CLOUDY (SCALE 8-10)  0
DPTR FM NORMAL  -580

[CDD (BASE 65) ]
TOTAL THIS MO.     2
DPTR FM NORMAL     2    [PRESSURE DATA]
TOTAL FM JAN 1     2    HIGHEST SLP M ON M
DPTR FM NORMAL     2    LOWEST  SLP 29.56 ON 16

[REMARKS]
