000
CXUS51 KOKX 190702
CF6JFK
PRELIMINARY LOCAL CLIMATOLOGICAL DATA (WS FORM: F-6)

                                          STATION:   KENNEDY NY
                                          MONTH:     OCTOBER
                                          YEAR:      2017
                                          LATITUDE:   40 39 N
                                          LONGITUDE:  73 47 W

  TEMPERATURE IN F:       :PCPN:    SNOW:  WIND      :SUNSHINE: SKY     :PK WND
================================================================================
1   2   3   4   5  6A  6B    7    8   9   10  11  12  13   14  15   16   17  18
                                     12Z  AVG MX 2MIN
DY MAX MIN AVG DEP HDD CDD  WTR  SNW DPTH SPD SPD DIR MIN PSBL S-S WX    SPD DR
================================================================================

 1  69  50  60  -2   5   0 0.00  0.0    0  7.0 16 230   M    M   2        18 230
 2  73  52  63   1   2   0 0.00  0.0    0  6.9 13 200   M    M   1        17  40
 3  70  51  61  -1   4   0 0.00  0.0    0  7.8 15 150   M    M   3        21 140
 4  72  55  64   3   1   0 0.00  0.0    0 11.9 21 200   M    M   2        25 190
 5  83  63  73  12   0   8    T  0.0    0 12.0 18 240   M    M   7        22 240
 6  81  66  74  14   0   9    T  0.0    0  7.3 14 170   M    M   7        17 190
 7  79  63  71  11   0   6 0.00  0.0    0 10.7 23 170   M    M   6 1      29 190
 8  73  70  72  12   0   7 0.04  0.0    0 14.3 24 180   M    M   9 1      29 180
 9  76  70  73  14   0   8 0.34  0.0    0 16.7 32 180   M    M  10 1      42 170
10  84  66  75  16   0  10 0.00  0.0    0  7.3 20 320   M    M   5        24 320
11  77  62  70  11   0   5 0.02  0.0    0  9.3 22  90   M    M   7        27 110
12  66  54  60   2   5   0 0.08  0.0    0 15.2 23  50   M    M   8 1      29  50
13  67  53  60   2   5   0    T  0.0    0 11.6 20 100   M    M   8 1      24 100
14  74  60  67   9   0   2 0.01  0.0    0  6.9 13  30   M    M   9 1      15  30
15  74  65  70  13   0   5 0.01  0.0    0 10.1 21 220   M    M   9 1      27 220
16  69  46  58   1   7   0    T  0.0    0 16.5 26 320   M    M   7        32 320
17  60  42  51  -6  14   0 0.00  0.0    0 10.5 18 360   M    M   1        23 360
18  71  50  61   5   4   0 0.00  0.0    0 10.3 17 260   M    M   1        21 260
================================================================================
SM 1318 1038        47  60  0.50     0.0 192.3          M      102
================================================================================
AV 73.2 57.7                              10.7 FASTST   M    M   6    MAX(MPH)
                                 MISC ---->  # 32 180               # 42  170
================================================================================
NOTES:
# LAST OF SEVERAL OCCURRENCES

COLUMN 17 PEAK WIND IN M.P.H.

PRELIMINARY LOCAL CLIMATOLOGICAL DATA (WS FORM: F-6) , PAGE 2

                                          STATION:  KENNEDY NY
                                          MONTH:    OCTOBER
                                          YEAR:     2017
                                          LATITUDE:   40 39 N
                                          LONGITUDE:  73 47 W

[TEMPERATURE DATA]      [PRECIPITATION DATA]       SYMBOLS USED IN COLUMN 16

AVERAGE MONTHLY: 65.4   TOTAL FOR MONTH:   0.50    1 = FOG OR MIST
DPTR FM NORMAL:   6.2   DPTR FM NORMAL:   -1.68    2 = FOG REDUCING VISIBILITY
HIGHEST:    84 ON 10    GRTST 24HR  0.34 ON  9- 9      TO 1/4 MILE OR LESS
LOWEST:     42 ON 17                               3 = THUNDER
                        SNOW, ICE PELLETS, HAIL    4 = ICE PELLETS
                        TOTAL MONTH:   0.0 INCH    5 = HAIL
                        GRTST 24HR     0.0         6 = FREEZING RAIN OR DRIZZLE
                        GRTST DEPTH:   0           7 = DUSTSTORM OR SANDSTORM:
                                                       VSBY 1/2 MILE OR LESS
                                                   8 = SMOKE OR HAZE
[NO. OF DAYS WITH]      [WEATHER - DAYS WITH]      9 = BLOWING SNOW
                                                   X = TORNADO
MAX 32 OR BELOW:   0    0.01 INCH OR MORE:   6
MAX 90 OR ABOVE:   0    0.10 INCH OR MORE:   1
MIN 32 OR BELOW:   0    0.50 INCH OR MORE:   0
MIN  0 OR BELOW:   0    1.00 INCH OR MORE:   0

[HDD (BASE 65) ]
TOTAL THIS MO.    47    CLEAR  (SCALE 0-3)   6
DPTR FM NORMAL   -70    PTCLDY (SCALE 4-7)   8
TOTAL FM JUL 1    59    CLOUDY (SCALE 8-10)  4
DPTR FM NORMAL   -97

[CDD (BASE 65) ]
TOTAL THIS MO.    60
DPTR FM NORMAL    48    [PRESSURE DATA]
TOTAL FM JAN 1  1167    HIGHEST SLP M ON M
DPTR FM NORMAL   164    LOWEST  SLP 29.79 ON 15

[REMARKS]
