000
CXUS52 TJSJ 270438
CF6JSJ
PRELIMINARY LOCAL CLIMATOLOGICAL DATA (WS FORM: F-6)

                                          STATION:   SAN JUAN AREA/PR
                                          MONTH:     JANUARY
                                          YEAR:      2015
                                          LATITUDE:   18 25 N
                                          LONGITUDE:  66  0 W

  TEMPERATURE IN F:       :PCPN:    SNOW:  WIND      :SUNSHINE: SKY     :PK WND
================================================================================
1   2   3   4   5  6A  6B    7    8   9   10  11  12  13   14  15   16   17  18
                                     12Z  AVG MX 2MIN
DY MAX MIN AVG DEP HDD CDD  WTR  SNW DPTH SPD SPD DIR MIN PSBL S-S WX    SPD DR
================================================================================

 1  85  74  80   2   0  15 0.06  0.0    0  8.5 21  60   M    M   4 18     25  60
 2  84  75  80   2   0  15 0.23  0.0    0 10.7 22  80   M    M   4 1      29  60
 3  84  74  79   1   0  14 0.07  0.0    0 17.0 25  60   M    M   5 8      33  60
 4  84  75  80   2   0  15 0.01  0.0    0 15.6 24  70   M    M   5        30  80
 5  83  75  79   1   0  14 0.00  0.0    0 11.2 24  70   M    M   4        31  50
 6  84  74  79   1   0  14 0.08  0.0    0 11.6 25  60   M    M   6 1      32  60
 7  84  72  78   0   0  13 0.06  0.0    0  8.9 21  50   M    M   4        25  50
 8  83  72  78   0   0  13 0.23  0.0    0  6.9 23  60   M    M   4 1      28  60
 9  81  72  77  -1   0  12 0.06  0.0    0  6.8 23  60   M    M   4        28  60
10  85  72  79   1   0  14 0.49  0.0    0  8.0 22  60   M    M   5 12     28  90
11  83  75  79   1   0  14 0.11  0.0    0 11.1 25  80   M    M   4 1      36  80
12  84  74  79   1   0  14 0.19  0.0    0 10.7 23  80   M    M   3 1      31  70
13  84  73  79   1   0  14 0.06  0.0    0  9.6 21  80   M    M   M 1      29  80
14  86  74  80   2   0  15 0.03  0.0    0  8.6 21  80   M    M   M        26  80
15  86  73  80   2   0  15 0.00  0.0    0  6.2 17  90   M    M   M        22  90
16  88  72  80   2   0  15 0.00  0.0    0  3.4 13 110   M    M   M        17 100
17  85  73  79   1   0  14 0.65  0.0    0  4.2 10  90   M    M   M 18     16 340
18  82  73  78   0   0  13 0.59  0.0    0  3.5 10  20   M    M   M 1      20 360
19  83  73  78   0   0  13 0.00  0.0    0  5.6 13 320   M    M   M        16 350
20  83  72  78   0   0  13 0.00  0.0    0  4.4 10  40   M    M   M        17 360
21  84  73  79   1   0  14    T  0.0    0  6.0 17  50   M    M   M 8      20  50
22  83  74  79   1   0  14 0.60  0.0    0  4.0 18  40   M    M   M 18     23  50
23  83  73  78   0   0  13 0.37  0.0    0  4.2 12  60   M    M   M 1      15 300
24  85  74  80   2   0  15 0.68  0.0    0  2.3 13 130   M    M   M 8      18 160
25  86  72  79   1   0  14 0.10  0.0    M  4.6 18  60   M    M   M        24 100
26  87  72  80   2   0  15 0.06  0.0    M  5.6 20  80   M    M   M        24  70
================================================================================
SM 2189 1905         0 364  4.73     0.0 199.2          M       52
================================================================================
AV 84.2 73.3                               7.7 FASTST   M    M   4    MAX(MPH)
                                 MISC ---->  # 25  60               # 36   80
================================================================================
NOTES:
# LAST OF SEVERAL OCCURRENCES

COLUMN 17 PEAK WIND IN M.P.H.

PRELIMINARY LOCAL CLIMATOLOGICAL DATA (WS FORM: F-6) , PAGE 2

                                          STATION:  SAN JUAN AREA/PR
                                          MONTH:    JANUARY
                                          YEAR:     2015
                                          LATITUDE:   18 25 N
                                          LONGITUDE:  66  0 W

[TEMPERATURE DATA]      [PRECIPITATION DATA]       SYMBOLS USED IN COLUMN 16

AVERAGE MONTHLY: 78.7   TOTAL FOR MONTH:   4.73    1 = FOG OR MIST
DPTR FM NORMAL:   0.7   DPTR FM NORMAL:    1.44    2 = FOG REDUCING VISIBILITY
HIGHEST:    88 ON 16    GRTST 24HR  1.12 ON 17-18      TO 1/4 MILE OR LESS
LOWEST:     72 ON 26,25                            3 = THUNDER
                        SNOW, ICE PELLETS, HAIL    4 = ICE PELLETS
                        TOTAL MONTH:   0.0 INCH    5 = HAIL
                        GRTST 24HR     0.0         6 = FREEZING RAIN OR DRIZZLE
                        GRTST DEPTH:   0           7 = DUSTSTORM OR SANDSTORM:
                                                       VSBY 1/2 MILE OR LESS
                                                   8 = SMOKE OR HAZE
[NO. OF DAYS WITH]      [WEATHER - DAYS WITH]      9 = BLOWING SNOW
                                                   X = TORNADO
MAX 32 OR BELOW:   0    0.01 INCH OR MORE:  20
MAX 90 OR ABOVE:   0    0.10 INCH OR MORE:  11
MIN 32 OR BELOW:   0    0.50 INCH OR MORE:   4
MIN  0 OR BELOW:   0    1.00 INCH OR MORE:   0

[HDD (BASE 65) ]
TOTAL THIS MO.     0    CLEAR  (SCALE 0-3)   0
DPTR FM NORMAL     0    PTCLDY (SCALE 4-7)  12
TOTAL FM JUL 1     0    CLOUDY (SCALE 8-10)  0
DPTR FM NORMAL     0

[CDD (BASE 65) ]
TOTAL THIS MO.   364
DPTR FM NORMAL    34    [PRESSURE DATA]
TOTAL FM JAN 1   364    HIGHEST SLP M ON M
DPTR FM NORMAL    34    LOWEST  SLP 29.92 ON M

[REMARKS]
