000
CXUS54 KFWD 220730
CF6JWY
PRELIMINARY LOCAL CLIMATOLOGICAL DATA (WS FORM: F-6)

                                          STATION:   WAXAHACHIE
                                          MONTH:     JULY
                                          YEAR:      2017
                                          LATITUDE:   32 27 N
                                          LONGITUDE:  96 54 W

  TEMPERATURE IN F:       :PCPN:    SNOW:  WIND      :SUNSHINE: SKY     :PK WND
================================================================================
1   2   3   4   5  6A  6B    7    8   9   10  11  12  13   14  15   16   17  18
                                     12Z  AVG MX 2MIN
DY MAX MIN AVG DEP HDD CDD  WTR  SNW DPTH SPD SPD DIR MIN PSBL S-S WX    SPD DR
================================================================================

 1  82  70  76  -6   0  11 0.15  0.0    0  3.9 13 250   M    M   5 1      18  30
 2  93  73  83   1   0  18 0.00  0.0    0  8.5 16 190   M    M   3 1      20 190
 3  93  75  84   2   0  19 0.00  0.0    0  8.3 15 190   M    M   2        24 180
 4  92  67  80  -3   0  15 0.38  0.0    0  9.3 18 330   M    M   3        24 330
 5  92  70  81  -2   0  16 0.58  0.0    0  8.3 15 320   M    M   4        18  20
 6  91  72  82  -1   0  17 0.20  0.0    0  2.3  6 150   M    M   4         M  M
 7  93  72  83   0   0  18 0.69  0.0    0  2.4 16 220   M    M   2        22 220
 8  95  74  85   2   0  20 0.00  0.0    0  4.0 13  70   M    M   1        22  70
 9  91  72  82  -1   0  17 0.00  0.0    0  3.7 10 140   M    M   2         M  M
10  92  70  81  -2   0  16 0.00  0.0    0  5.8 12 150   M    M   2         M  M
11  94  74  84   1   0  19 0.00  0.0    0  7.6 14 170   M    M   1        18 160
12  94  73  84   1   0  19 0.00  0.0    0  7.2 10 200   M    M   1        16 190
13  94  74  84   0   0  19 0.00  0.0    0  3.4  9 200   M    M   0         M  M
14  95  74  85   1   0  20 0.00  0.0    0  3.0  7 180   M    M   1         M  M
15  94  76  85   1   0  20 0.00  0.0    0  3.0  8  40   M    M   1         M  M
16  93  74  84   0   0  19 0.00  0.0    0  2.8  9  90   M    M   1         M  M
17  94  73  84   0   0  19 0.00  0.0    0  2.2  9  90   M    M   2 1       M  M
18  95  73  84   0   0  19 0.00  0.0    0  2.8  9 170   M    M   2        16 170
19  96  75  86   2   0  21 0.00  0.0    0  3.0  7 190   M    M   1         M  M
20  98  75  87   3   0  22 0.00  0.0    0  4.5 10 210   M    M   0         M  M
21  98  75  87   3   0  22 0.00  0.0    0  5.0  9 120   M    M   0         M  M
================================================================================
SM 1959 1531         0 386  2.00     0.0 101.0          M       38
================================================================================
AV 93.3 72.9                               4.8 FASTST   M    M   2    MAX(MPH)
                                 MISC ---->    18   M                 24    M
================================================================================
NOTES:
# LAST OF SEVERAL OCCURRENCES

COLUMN 17 PEAK WIND IN M.P.H.

PRELIMINARY LOCAL CLIMATOLOGICAL DATA (WS FORM: F-6) , PAGE 2

                                          STATION:  WAXAHACHIE
                                          MONTH:    JULY
                                          YEAR:     2017
                                          LATITUDE:   32 27 N
                                          LONGITUDE:  96 54 W

[TEMPERATURE DATA]      [PRECIPITATION DATA]       SYMBOLS USED IN COLUMN 16

AVERAGE MONTHLY: 83.1   TOTAL FOR MONTH:   2.00    1 = FOG OR MIST
DPTR FM NORMAL:  -0.2   DPTR FM NORMAL:    0.14    2 = FOG REDUCING VISIBILITY
HIGHEST:    98 ON 21,20 GRTST 24HR  0.69 ON  7- 7      TO 1/4 MILE OR LESS
LOWEST:     67 ON  4                               3 = THUNDER
                        SNOW, ICE PELLETS, HAIL    4 = ICE PELLETS
                        TOTAL MONTH:   0.0 INCH    5 = HAIL
                        GRTST 24HR     0.0         6 = FREEZING RAIN OR DRIZZLE
                        GRTST DEPTH:   0           7 = DUSTSTORM OR SANDSTORM:
                                                       VSBY 1/2 MILE OR LESS
                                                   8 = SMOKE OR HAZE
[NO. OF DAYS WITH]      [WEATHER - DAYS WITH]      9 = BLOWING SNOW
                                                   X = TORNADO
MAX 32 OR BELOW:   0    0.01 INCH OR MORE:   5
MAX 90 OR ABOVE:  20    0.10 INCH OR MORE:   5
MIN 32 OR BELOW:   0    0.50 INCH OR MORE:   2
MIN  0 OR BELOW:   0    1.00 INCH OR MORE:   0

[HDD (BASE 65) ]
TOTAL THIS MO.     0    CLEAR  (SCALE 0-3)  17
DPTR FM NORMAL     0    PTCLDY (SCALE 4-7)   4
TOTAL FM JUL 1     0    CLOUDY (SCALE 8-10)  0
DPTR FM NORMAL     0

[CDD (BASE 65) ]
TOTAL THIS MO.   386
DPTR FM NORMAL     3    [PRESSURE DATA]
TOTAL FM JAN 1  1274    HIGHEST SLP M ON M
DPTR FM NORMAL   114    LOWEST  SLP M ON M

[REMARKS]
