000
CXUS53 KGID 200730
CF6JYR
PRELIMINARY LOCAL CLIMATOLOGICAL DATA (WS FORM: F-6)

                                          STATION:   YORK
                                          MONTH:     OCTOBER
                                          YEAR:      2014
                                          LATITUDE:   40 54 N
                                          LONGITUDE:  97 37 W

  TEMPERATURE IN F:       :PCPN:    SNOW:  WIND      :SUNSHINE: SKY     :PK WND
================================================================================
1   2   3   4   5  6A  6B    7    8   9   10  11  12  13   14  15   16   17  18
                                     12Z  AVG MX 2MIN
DY MAX MIN AVG DEP HDD CDD  WTR  SNW DPTH SPD SPD DIR MIN PSBL S-S WX    SPD DR
================================================================================

 1  77  54  66   M   0   1 0.21    M    M  4.2 10 270   M    M   5 138     M  M
 2  64  45  55   M  10   0 0.11    M    M 10.9 17 360   M    M   5 1      27  20
 3  55  36  46   M  19   0 0.02    M    M 17.1 27 320   M    M   3        37 330
 4  59  34  47   M  18   0 0.00    M    M  8.0 15 310   M    M   1        22 310
 5  70  45  58   M   7   0    T    M    M 12.0 28 300   M    M   2        36 300
 6  75  45  60   M   5   0    T    M    M  8.5 17 280   M    M   2        23 280
 7  75  46  61   M   4   0 0.00    M    M  8.5 17 300   M    M   1        24 300
 8  66  43  55   M  10   0 0.00    M    M  6.3  9  90   M    M   6         M  M
 9  64  50  57   M   8   0 0.00    M    M 12.7 17  80   M    M   6        22  80
10  54  36  45   M  20   0 0.00    M    M  7.4 16  30   M    M   1        22  40
11  61  32  47   M  18   0 0.00    M    M  5.3 10 170   M    M   0         M  M
12  64  41  53   M  12   0 0.06    M    M  8.1 16 190   M    M   4 1      22 190
13  63  48  56   M   9   0 0.00    M    M 14.4 28 360   M    M   4 1      43 360
14  66  39  53   M  12   0 0.00    M    M 11.3 20 350   M    M   0        32 350
15  73  32  53   M  12   0 0.00    M    M  6.2 10 210   M    M   0        16 190
16  77  45  61   M   4   0 0.00    M    M  9.6 18 340   M    M   0        25 340
17  63  39  51   M  14   0 0.00    M    M 11.6 16 340   M    M   0        28 350
18  55  32  44   M  21   0 0.00    M    M  5.8 10  20   M    M   2         M  M
19  73  41  57   M   8   0 0.00    M    M  9.8 16 250   M    M   0        23 250
================================================================================
SM 1254  783       211   1  0.40    M    177.7          M       42
================================================================================
AV 66.0 41.2                               9.4 FASTST   M    M   2    MAX(MPH)
                                 MISC ---->    28   M                 43    M
================================================================================
NOTES:
# LAST OF SEVERAL OCCURRENCES

COLUMN 17 PEAK WIND IN M.P.H.

PRELIMINARY LOCAL CLIMATOLOGICAL DATA (WS FORM: F-6) , PAGE 2

                                          STATION:  YORK
                                          MONTH:    OCTOBER
                                          YEAR:     2014
                                          LATITUDE:   40 54 N
                                          LONGITUDE:  97 37 W

[TEMPERATURE DATA]      [PRECIPITATION DATA]       SYMBOLS USED IN COLUMN 16

AVERAGE MONTHLY: 53.6   TOTAL FOR MONTH:   0.40    1 = FOG OR MIST
DPTR FM NORMAL:     M   DPTR FM NORMAL:       M    2 = FOG REDUCING VISIBILITY
HIGHEST:    77 ON 16, 1 GRTST 24HR  0.21 ON  1- 1      TO 1/4 MILE OR LESS
LOWEST:     32 ON 18,15                            3 = THUNDER
                        SNOW, ICE PELLETS, HAIL    4 = ICE PELLETS
                        TOTAL MONTH:    M          5 = HAIL
                        GRTST 24HR    M  ON   M    6 = FREEZING RAIN OR DRIZZLE
                        GRTST DEPTH:  M  ON   M    7 = DUSTSTORM OR SANDSTORM:
                                                       VSBY 1/2 MILE OR LESS
                                                   8 = SMOKE OR HAZE
[NO. OF DAYS WITH]      [WEATHER - DAYS WITH]      9 = BLOWING SNOW
                                                   X = TORNADO
MAX 32 OR BELOW:   0    0.01 INCH OR MORE:   4
MAX 90 OR ABOVE:   0    0.10 INCH OR MORE:   2
MIN 32 OR BELOW:   3    0.50 INCH OR MORE:   0
MIN  0 OR BELOW:   0    1.00 INCH OR MORE:   0

[HDD (BASE 65) ]
TOTAL THIS MO.   211    CLEAR  (SCALE 0-3)  13
DPTR FM NORMAL     M    PTCLDY (SCALE 4-7)   6
TOTAL FM JUL 1   345    CLOUDY (SCALE 8-10)  0
DPTR FM NORMAL     M

[CDD (BASE 65) ]
TOTAL THIS MO.     1
DPTR FM NORMAL     M    [PRESSURE DATA]
TOTAL FM JAN 1   839    HIGHEST SLP M ON M
DPTR FM NORMAL     M    LOWEST  SLP M ON M

[REMARKS]
