000
CXUS55 KPUB 261059
CF6LAA
PRELIMINARY LOCAL CLIMATOLOGICAL DATA (WS FORM: F-6)

                                          STATION:   LAMAR CO
                                          MONTH:     SEPTEMBER
                                          YEAR:      2016
                                          LATITUDE:   38  4 N
                                          LONGITUDE: 102 41 W

  TEMPERATURE IN F:       :PCPN:    SNOW:  WIND      :SUNSHINE: SKY     :PK WND
================================================================================
1   2   3   4   5  6A  6B    7    8   9   10  11  12  13   14  15   16   17  18
                                     12Z  AVG MX 2MIN
DY MAX MIN AVG DEP HDD CDD  WTR  SNW DPTH SPD SPD DIR MIN PSBL S-S WX    SPD DR
================================================================================

 1  84  61  73   1   0   8 0.00  0.0    0 10.8 18 130   M    M   6        25 120
 2  90  63  77   5   0  12 0.00  0.0    0 14.7 31 170   M    M   2 1      39 180
 3  96  63  80   9   0  15 0.00  0.0    0 13.5 37 210   M    M   1 8      46 220
 4  99  64  82  11   0  17 0.12  0.0    0 13.3 45 270   M    M   1 8      61 280
 5 100  70  85  14   0  20 0.00  0.0    0 22.6 39 190   M    M   1        51 180
 6  94  59  77   7   0  12    T  0.0    0 11.9 56 340   M    M   1 1      72 340
 7  91  65  78   8   0  13 0.00  0.0    0  5.9 18 210   M    M   0        25 210
 8  83  60  72   2   0   7    T  0.0    0  5.8 12  60   M    M   4 18     15  70
 9  88  48  68  -1   0   3    T  0.0    0 11.7 28  40   M    M   0 1      37  40
10  81  41  61  -8   4   0 0.00  0.0    0  9.8 24 190   M    M   0        32 170
11  97  45  71   2   0   6 0.00  0.0    0  7.6 25 180   M    M   0        31 170
12  88  55  72   4   0   7    M  0.0    0 11.9 30  80   M    M   2 1      37  80
13  62  53  58 -10   7   0    M  0.0    0  7.3 14  30   M    M   9 8      18  30
14  77  54  66  -1   0   1    T  0.0    0 15.6 29 170   M    M   5 1      39 140
15  92  55  74   7   0   9 0.00  0.0    0  7.7 28 340   M    M   0        38 340
16  82  48  65  -1   0   0 0.00  0.0    0  7.0 14  60   M    M   1        19  30
17  87  44  66   0   0   1 0.04  0.0    0  8.5 31 210   M    M   1        40 200
18  92  47  70   4   0   5 0.00  0.0    0  6.9 14 140   M    M   2 12     20 270
19  97  43  70   5   0   5 0.00  0.0    0  6.8 16 110   M    M   0        22 120
20  98  44  71   6   0   6 0.00  0.0    0  8.3 23 200   M    M   0        32 200
21  95  66  81  17   0  16    T  0.0    0 10.1 24 240   M    M   2        33 240
22  97  60  79  15   0  14    T  0.0    0 12.9 31 180   M    M   1        39 180
23  92  49  71   8   0   6    T  0.0    0 18.5 47 270   M    M   2        64 260
24  77  40  59  -4   6   0 0.00  0.0    0  5.8 24  20   M    M   0        33  20
25  75  39  57  -5   8   0 0.00  0.0    0  8.5 21  20   M    M   0        27  10
================================================================================
SM 2214 1336        25 183  0.16     0.0 263.4          M       41
================================================================================
AV 88.6 53.4                              10.5 FASTST   M    M   2    MAX(MPH)
                                 MISC ---->  # 56 340               # 72  340
================================================================================
NOTES:
# LAST OF SEVERAL OCCURRENCES

COLUMN 17 PEAK WIND IN M.P.H.

PRELIMINARY LOCAL CLIMATOLOGICAL DATA (WS FORM: F-6) , PAGE 2

                                          STATION:  LAMAR CO
                                          MONTH:    SEPTEMBER
                                          YEAR:     2016
                                          LATITUDE:   38  4 N
                                          LONGITUDE: 102 41 W

[TEMPERATURE DATA]      [PRECIPITATION DATA]       SYMBOLS USED IN COLUMN 16

AVERAGE MONTHLY: 71.0   TOTAL FOR MONTH:   0.16    1 = FOG OR MIST
DPTR FM NORMAL:   3.5   DPTR FM NORMAL:   -0.94    2 = FOG REDUCING VISIBILITY
HIGHEST:   100 ON  5    GRTST 24HR  0.12 ON  3- 4      TO 1/4 MILE OR LESS
LOWEST:     39 ON 25                               3 = THUNDER
                        SNOW, ICE PELLETS, HAIL    4 = ICE PELLETS
                        TOTAL MONTH:   0.0 INCH    5 = HAIL
                        GRTST 24HR     0.0         6 = FREEZING RAIN OR DRIZZLE
                        GRTST DEPTH:   0           7 = DUSTSTORM OR SANDSTORM:
                                                       VSBY 1/2 MILE OR LESS
                                                   8 = SMOKE OR HAZE
[NO. OF DAYS WITH]      [WEATHER - DAYS WITH]      9 = BLOWING SNOW
                                                   X = TORNADO
MAX 32 OR BELOW:   0    0.01 INCH OR MORE:   2
MAX 90 OR ABOVE:  14    0.10 INCH OR MORE:   1
MIN 32 OR BELOW:   0    0.50 INCH OR MORE:   0
MIN  0 OR BELOW:   0    1.00 INCH OR MORE:   0

[HDD (BASE 65) ]
TOTAL THIS MO.    25    CLEAR  (SCALE 0-3)  21
DPTR FM NORMAL   -27    PTCLDY (SCALE 4-7)   3
TOTAL FM JUL 1    25    CLOUDY (SCALE 8-10)  1
DPTR FM NORMAL   -32

[CDD (BASE 65) ]
TOTAL THIS MO.   183
DPTR FM NORMAL    70    [PRESSURE DATA]
TOTAL FM JAN 1  1339    HIGHEST SLP M ON M
DPTR FM NORMAL   237    LOWEST  SLP 29.67 ON 23

[REMARKS]
