000
CXUS53 KGRR 311017
CF6LAN
PRELIMINARY LOCAL CLIMATOLOGICAL DATA (WS FORM: F-6)

                                          STATION:   LANSING MI
                                          MONTH:     AUGUST
                                          YEAR:      2015
                                          LATITUDE:   42 46 N
                                          LONGITUDE:  84 36 W

  TEMPERATURE IN F:       :PCPN:    SNOW:  WIND      :SUNSHINE: SKY     :PK WND
================================================================================
1   2   3   4   5  6A  6B    7    8   9   10  11  12  13   14  15   16   17  18
                                     12Z  AVG MX 2MIN
DY MAX MIN AVG DEP HDD CDD  WTR  SNW DPTH SPD SPD DIR MIN PSBL S-S WX    SPD DR
================================================================================

 1  83  60  72   1   0   7 0.00  0.0    0  9.2 25 260   M    M   1        30 270
 2  92  61  77   6   0  12 0.70  0.0    0 13.7 32 230   M    M   1 13     46 220
 3  79  62  71   0   0   6    T  0.0    0  8.5 23 260   M    M   4        28 260
 4  80  59  70  -1   0   5 0.00  0.0    0  8.9 23 270   M    M   3        28 260
 5  78  56  67  -4   0   2 0.00  0.0    0  3.0 10 350   M    M   2        18 360
 6  79  59  69  -2   0   4 0.00  0.0    0  5.7 14 130   M    M   2        19 120
 7  79  57  68  -3   0   3 0.00  0.0    0  3.2 10  60   M    M   2        14 100
 8  73  64  69  -2   0   4    T  0.0    0  5.8 10  70   M    M  10        14  70
 9  84  66  75   4   0  10    T  0.0    0  6.4 13 210   M    M   7        16 140
10  79  64  72   2   0   7 3.77  0.0    0  3.5 15  20   M    M   7 13     20  20
11  80  62  71   1   0   6 0.00  0.0    0  7.1 16 300   M    M   3 1      23 300
12  77  56  67  -3   0   2 0.00  0.0    0  6.2 13 340   M    M   2        16 330
13  84  60  72   2   0   7 0.40  0.0    0 10.9 23 260   M    M   2 3      27 260
14  85  67  76   6   0  11 0.05  0.0    0  9.4 17 320   M    M   3 3      23 320
15  87  63  75   5   0  10 0.00  0.0    0  3.2 10 230   M    M   2 3      13 230
16  88  68  78   8   0  13 0.00  0.0    0  7.1 15 250   M    M   1        21 240
17  87  70  79   9   0  14 0.00  0.0    0  8.3 23 250   M    M   2        29 240
18  84  66  75   5   0  10 0.01  0.0    0  7.3 17 180   M    M   5        26 230
19  85  67  76   6   0  11 0.48  0.0    0 11.2 23 210   M    M   5        31 220
20  71  58  65  -5   0   0 0.22  0.0    0 13.0 26 250   M    M   9        35 250
21  78  54  66  -3   0   1 0.00  0.0    0  5.1 13 260   M    M   2        16 300
22  80  60  70   1   0   5 0.00  0.0    0  5.7 14 130   M    M   2        17 130
23  78  58  68  -1   0   3 0.97  0.0    0  9.2 23 280   M    M   3 13     30 290
24  71  56  64  -5   1   0    T  0.0    0 12.7 26 270   M    M   7        34 260
25  62  54  58 -11   7   0    T  0.0    0  8.7 20 270   M    M  10        24 270
26  67  56  62  -7   3   0    T  0.0    0  6.0 14 280   M    M  10        18 290
27  68  49  59  -9   6   0 0.00  0.0    0  2.1  9 180   M    M   5        11 160
28  76  49  63  -5   2   0 0.01  0.0    0  3.1 12 220   M    M   2        14 190
29  69  62  66  -2   0   1 0.21  0.0    0  3.5  8  60   M    M   7 1      10 350
30  79  64  72   4   0   7    T  0.0    0  4.2 12 260   M    M   7 18     14 210
================================================================================
SM 2362 1807        19 161  6.82     0.0 211.9          M      128
================================================================================
AV 78.7 60.2                               7.1 FASTST   M    M   4    MAX(MPH)
                                 MISC ---->  # 32 230               # 46  220
================================================================================
NOTES:
# LAST OF SEVERAL OCCURRENCES

COLUMN 17 PEAK WIND IN M.P.H.

PRELIMINARY LOCAL CLIMATOLOGICAL DATA (WS FORM: F-6) , PAGE 2

                                          STATION:  LANSING MI
                                          MONTH:    AUGUST
                                          YEAR:     2015
                                          LATITUDE:   42 46 N
                                          LONGITUDE:  84 36 W

[TEMPERATURE DATA]      [PRECIPITATION DATA]       SYMBOLS USED IN COLUMN 16

AVERAGE MONTHLY: 69.5   TOTAL FOR MONTH:   6.82    1 = FOG OR MIST
DPTR FM NORMAL:  -0.4   DPTR FM NORMAL:    3.70    2 = FOG REDUCING VISIBILITY
HIGHEST:    92 ON  2    GRTST 24HR  3.77 ON 10-10      TO 1/4 MILE OR LESS
LOWEST:     49 ON 28,27                            3 = THUNDER
                        SNOW, ICE PELLETS, HAIL    4 = ICE PELLETS
                        TOTAL MONTH:   0.0 INCH    5 = HAIL
                        GRTST 24HR     0.0         6 = FREEZING RAIN OR DRIZZLE
                        GRTST DEPTH:   0           7 = DUSTSTORM OR SANDSTORM:
                                                       VSBY 1/2 MILE OR LESS
                                                   8 = SMOKE OR HAZE
[NO. OF DAYS WITH]      [WEATHER - DAYS WITH]      9 = BLOWING SNOW
                                                   X = TORNADO
MAX 32 OR BELOW:   0    0.01 INCH OR MORE:  10
MAX 90 OR ABOVE:   1    0.10 INCH OR MORE:   7
MIN 32 OR BELOW:   0    0.50 INCH OR MORE:   3
MIN  0 OR BELOW:   0    1.00 INCH OR MORE:   1

[HDD (BASE 65) ]
TOTAL THIS MO.    19    CLEAR  (SCALE 0-3)  16
DPTR FM NORMAL    -7    PTCLDY (SCALE 4-7)  10
TOTAL FM JUL 1    31    CLOUDY (SCALE 8-10)  4
DPTR FM NORMAL    -6

[CDD (BASE 65) ]
TOTAL THIS MO.   161
DPTR FM NORMAL    -2    [PRESSURE DATA]
TOTAL FM JAN 1   487    HIGHEST SLP M ON M
DPTR FM NORMAL   -62    LOWEST  SLP 29.56 ON  2

[REMARKS]
