000
CXUS54 KOUN 300700
CF6LAW
PRELIMINARY LOCAL CLIMATOLOGICAL DATA (WS FORM: F-6)

                                          STATION:   LAWTON MUNICIPAL
                                          MONTH:     MARCH
                                          YEAR:      2017
                                          LATITUDE:   34 34 N
                                          LONGITUDE:  98 25 W

  TEMPERATURE IN F:       :PCPN:    SNOW:  WIND      :SUNSHINE: SKY     :PK WND
================================================================================
1   2   3   4   5  6A  6B    7    8   9   10  11  12  13   14  15   16   17  18
                                     12Z  AVG MX 2MIN
DY MAX MIN AVG DEP HDD CDD  WTR  SNW DPTH SPD SPD DIR MIN PSBL S-S WX    SPD DR
================================================================================

 1  68  32  50   1  15   0 0.00  0.0    0 13.8 32 350   M    M   0        43 350
 2  64  26  45  -4  20   0 0.00  0.0    0  3.1 14  50   M    M   0        14 180
 3  69  28  49  -1  16   0 0.00  0.0    0  8.1 21 180   M    M   0        29 200
 4  60  38  49  -1  16   0    T  0.0    0 12.8 28 160   M    M   7 1      35 160
 5  65  53  59   9   6   0 0.01  0.0    0 14.5 22 140   M    M   9 1      27 130
 6  83  58  71  20   0   6 0.00  0.0    0 15.3 30 190   M    M   5 8      38 190
 7  67  35  51   0  14   0 0.00  0.0    0  8.4 26  20   M    M   2 8      34  10
 8  76  31  54   3  11   0 0.00  0.0    0  8.6 22 180   M    M   0        28 170
 9  82  48  65  13   0   0 0.00  0.0    0  8.2 20 180   M    M   1 1      27 180
10  67  48  58   6   7   0 0.00  0.0    0 12.5 29  30   M    M   6 8      37  30
11  59  42  51  -1  14   0    T  0.0    0 15.2 30  20   M    M  10 18     36  30
12  48  38  43 -10  22   0 0.00  0.0    0  7.1 21  50   M    M  10        25  50
13  56  34  45  -8  20   0 0.02  0.0    0 13.4 33 350   M    M   3 1      42 350
14  61  28  45  -8  20   0 0.00  0.0    0  7.0 23  60   M    M   0        28  50
15  64  32  48  -6  17   0 0.00  0.0    0 10.2 17  70   M    M   1        24 120
16  79  40  60   6   5   0 0.00  0.0    0 12.3 26 170   M    M   1 1      36 170
17  83  58  71  17   0   6 0.00  0.0    0  8.9 16 190   M    M   3 1      20 180
18  85  58  72  17   0   7 0.00  0.0    0  9.2 18 130   M    M   3 8      25 190
19  88  53  71  16   0   6 0.00  0.0    0 10.0 24 170   M    M   0 1      35 170
20  93  55  74  19   0   9 0.00  0.0    0 10.7 22 190   M    M   0        31 190
21  86  56  71  15   0   6 0.00  0.0    0 10.2 23  20   M    M   0 8      29  10
22  80  53  67  11   0   2 0.00  0.0    0 14.0 22  30   M    M   0 1      28  20
23  86  62  74  18   0   9 0.00  0.0    0 19.0 30 170   M    M   1 1      40 170
24  78  54  66  10   0   1 0.00  0.0    0 16.9 28 200   M    M   5        41 250
25  70  49  60   3   5   0 0.00  0.0    0  8.9 23 340   M    M   4        32 330
26  82  43  63   6   2   0 0.00  0.0    0 10.5 24 180   M    M   2        33 170
27  74  51  63   6   2   0 0.00  0.0    0  8.7 23 360   M    M   2        28 360
28  71  51  61   3   4   0 3.66  0.0    0 14.6 41  10   M    M   8 138    54  10
29  62  49  56  -2   9   0 0.29  0.0    0  9.6 29  10   M    M   8 13     33 360
================================================================================
SM 2106 1303       225  52  3.98     0.0 321.7          M       91
================================================================================
AV 72.6 44.9                              11.1 FASTST   M    M   3    MAX(MPH)
                                 MISC ---->  # 41  10               # 54   10
================================================================================
NOTES:
# LAST OF SEVERAL OCCURRENCES

COLUMN 17 PEAK WIND IN M.P.H.

PRELIMINARY LOCAL CLIMATOLOGICAL DATA (WS FORM: F-6) , PAGE 2

                                          STATION:  LAWTON MUNICIPAL
                                          MONTH:    MARCH
                                          YEAR:     2017
                                          LATITUDE:   34 34 N
                                          LONGITUDE:  98 25 W

[TEMPERATURE DATA]      [PRECIPITATION DATA]       SYMBOLS USED IN COLUMN 16

AVERAGE MONTHLY: 58.8   TOTAL FOR MONTH:   3.98    1 = FOG OR MIST
DPTR FM NORMAL:   5.2   DPTR FM NORMAL:    1.90    2 = FOG REDUCING VISIBILITY
HIGHEST:    93 ON 20    GRTST 24HR  3.66 ON 28-28      TO 1/4 MILE OR LESS
LOWEST:     26 ON  2                               3 = THUNDER
                        SNOW, ICE PELLETS, HAIL    4 = ICE PELLETS
                        TOTAL MONTH:   0.0 INCH    5 = HAIL
                        GRTST 24HR     0.0         6 = FREEZING RAIN OR DRIZZLE
                        GRTST DEPTH:   0           7 = DUSTSTORM OR SANDSTORM:
                                                       VSBY 1/2 MILE OR LESS
                                                   8 = SMOKE OR HAZE
[NO. OF DAYS WITH]      [WEATHER - DAYS WITH]      9 = BLOWING SNOW
                                                   X = TORNADO
MAX 32 OR BELOW:   0    0.01 INCH OR MORE:   4
MAX 90 OR ABOVE:   1    0.10 INCH OR MORE:   2
MIN 32 OR BELOW:   6    0.50 INCH OR MORE:   1
MIN  0 OR BELOW:   0    1.00 INCH OR MORE:   1

[HDD (BASE 65) ]
TOTAL THIS MO.   225    CLEAR  (SCALE 0-3)  19
DPTR FM NORMAL  -123    PTCLDY (SCALE 4-7)   7
TOTAL FM JUL 1  2316    CLOUDY (SCALE 8-10)  3
DPTR FM NORMAL  -650

[CDD (BASE 65) ]
TOTAL THIS MO.    52
DPTR FM NORMAL    39    [PRESSURE DATA]
TOTAL FM JAN 1    56    HIGHEST SLP M ON M
DPTR FM NORMAL    42    LOWEST  SLP 29.56 ON M

[REMARKS]
