000
CXUS55 KLBF 161200
CF6LBF
PRELIMINARY LOCAL CLIMATOLOGICAL DATA (WS FORM: F-6)

                                          STATION:   NORTH PLATTE
                                          MONTH:     JANUARY
                                          YEAR:      2018
                                          LATITUDE:   41  7 N
                                          LONGITUDE: 100 41 W

  TEMPERATURE IN F:       :PCPN:    SNOW:  WIND      :SUNSHINE: SKY     :PK WND
================================================================================
1   2   3   4   5  6A  6B    7    8   9   10  11  12  13   14  15   16   17  18
                                     12Z  AVG MX 2MIN
DY MAX MIN AVG DEP HDD CDD  WTR  SNW DPTH SPD SPD DIR MIN PSBL S-S WX    SPD DR
================================================================================

 1  10  -8   1 -23  64   0    T    T    3  7.4 14 130   M    M   7 8      16 130
 2  23 -12   6 -18  59   0 0.00  0.0    3  6.9 15 270   M    M   2 18     17 280
 3  31   3  17  -7  48   0 0.00  0.0    3  5.0 13 300   M    M   0        13 290
 4  39   7  23  -1  42   0 0.00  0.0    3  4.7 12 290   M    M   2 1      12 290
 5  22  12  17  -7  48   0 0.00  0.0    2  7.7 16 110   M    M   6 128    19 110
 6  26   5  16  -8  49   0 0.00  0.0    2  5.2 15 190   M    M   1 18     19 190
 7  47  20  34   9  31   0 0.00  0.0    2  7.9 21 320   M    M   2        28 320
 8  50  19  35  10  30   0 0.00  0.0    1  2.4  9 220   M    M   0 1      12 210
 9  59  26  43  18  22   0 0.00  0.0    T  3.8  9 180   M    M   0        12 170
10  57  16  37  12  28   0 0.16  1.9    T  8.4 35 340   M    M   3 1289   42 330
11  18  -2   8 -17  57   0 0.00  0.0    2 13.6 30 330   M    M   2 8      40 330
12  12  -1   6 -19  59   0    T    T    2  8.2 18 110   M    M  10        21 120
13  24   0  12 -13  53   0 0.03  0.5    2  6.1 15 190   M    M  10 18     18 180
14  42  13  28   3  37   0 0.03  0.4    2  8.5 20 350   M    M   6 128    24 350
15  26  -1  13 -12  52   0 0.00  0.0    1 15.5 28 330   M    M   1        35 330
================================================================================
SM  486   97       679   0  0.22     2.8 111.3          M       52
================================================================================
AV 32.4  6.5                               7.4 FASTST   M    M   3    MAX(MPH)
                                 MISC ---->  # 35 340               # 42  330
================================================================================
NOTES:
# LAST OF SEVERAL OCCURRENCES

COLUMN 17 PEAK WIND IN M.P.H.

PRELIMINARY LOCAL CLIMATOLOGICAL DATA (WS FORM: F-6) , PAGE 2

                                          STATION:  NORTH PLATTE
                                          MONTH:    JANUARY
                                          YEAR:     2018
                                          LATITUDE:   41  7 N
                                          LONGITUDE: 100 41 W

[TEMPERATURE DATA]      [PRECIPITATION DATA]       SYMBOLS USED IN COLUMN 16

AVERAGE MONTHLY: 19.4   TOTAL FOR MONTH:   0.22    1 = FOG OR MIST
DPTR FM NORMAL:  -5.2   DPTR FM NORMAL:    0.05    2 = FOG REDUCING VISIBILITY
HIGHEST:    59 ON  9    GRTST 24HR  0.16 ON 10-10      TO 1/4 MILE OR LESS
LOWEST:    -12 ON  2                               3 = THUNDER
                        SNOW, ICE PELLETS, HAIL    4 = ICE PELLETS
                        TOTAL MONTH:   2.8 INCHES  5 = HAIL
                        GRTST 24HR   1.9 ON 10-10  6 = FREEZING RAIN OR DRIZZLE
                        GRTST DEPTH:   3 ON  4, 3  7 = DUSTSTORM OR SANDSTORM:
                                                       VSBY 1/2 MILE OR LESS
                                                   8 = SMOKE OR HAZE
[NO. OF DAYS WITH]      [WEATHER - DAYS WITH]      9 = BLOWING SNOW
                                                   X = TORNADO
MAX 32 OR BELOW:   9    0.01 INCH OR MORE:   3
MAX 90 OR ABOVE:   0    0.10 INCH OR MORE:   1
MIN 32 OR BELOW:  15    0.50 INCH OR MORE:   0
MIN  0 OR BELOW:   6    1.00 INCH OR MORE:   0

[HDD (BASE 65) ]
TOTAL THIS MO.   679    CLEAR  (SCALE 0-3)  10
DPTR FM NORMAL    74    PTCLDY (SCALE 4-7)   3
TOTAL FM JUL 1  3191    CLOUDY (SCALE 8-10)  2
DPTR FM NORMAL  -194

[CDD (BASE 65) ]
TOTAL THIS MO.     0
DPTR FM NORMAL     0    [PRESSURE DATA]
TOTAL FM JAN 1     0    HIGHEST SLP M ON M
DPTR FM NORMAL     0    LOWEST  SLP 29.35 ON 10

[REMARKS]
