000
CXUS53 KLMK 220800
CF6LEX
PRELIMINARY LOCAL CLIMATOLOGICAL DATA (WS FORM: F-6)

                                          STATION:   LEXINGTON KY
                                          MONTH:     FEBRUARY
                                          YEAR:      2017
                                          LATITUDE:   38  1 N
                                          LONGITUDE:  84 36 W

  TEMPERATURE IN F:       :PCPN:    SNOW:  WIND      :SUNSHINE: SKY     :PK WND
================================================================================
1   2   3   4   5  6A  6B    7    8   9   10  11  12  13   14  15   16   17  18
                                     12Z  AVG MX 2MIN
DY MAX MIN AVG DEP HDD CDD  WTR  SNW DPTH SPD SPD DIR MIN PSBL S-S WX    SPD DR
================================================================================

 1  53  37  45  11  20   0 0.00  0.0    0  4.9 15 330   M    M   4        19 330
 2  42  26  34   0  31   0 0.00  0.0    0  6.0 13 320   M    M   0        17 330
 3  33  19  26  -8  39   0 0.00  0.0    0  5.8 18 330   M    M   2        22 330
 4  40  10  25  -9  40   0 0.00  0.0    0  5.2 14 140   M    M   2        17 100
 5  56  36  46  11  19   0 0.00  0.0    0 11.1 22 250   M    M   5        30 240
 6  63  31  47  12  18   0 0.02  0.0    0 10.1 20 190   M    M   4 18     29 220
 7  61  54  58  23   7   0 0.91  0.0    0 15.1 33 210   M    M   9 13     47 210
 8  57  33  45  10  20   0 0.43    T    0  9.2 21 340   M    M   9 18     27 350
 9  33  18  26  -9  39   0 0.00  0.0    0 12.3 23 330   M    M   6        31 330
10  57  18  38   2  27   0 0.00  0.0    0 13.0 31 220   M    M   2        38 220
11  65  53  59  23   6   0    T  0.0    0 12.9 21 220   M    M   7        29 230
12  68  38  53  17  12   0 0.00  0.0    0 14.3 25 320   M    M   5        33 310
13  50  28  39   3  26   0 0.00  0.0    0  3.5 16 340   M    M   0        22 340
14  55  35  45   9  20   0 0.00  0.0    0  8.3 20 210   M    M   5        24 210
15  47  32  40   3  25   0 0.00  0.0    0 10.7 20 310   M    M   1        27 310
16  50  27  39   2  26   0 0.00  0.0    0  6.5 14 250   M    M   4        18 250
17  67  41  54  17  11   0 0.00  0.0    0 11.5 22 210   M    M   0        26 220
18  57  44  51  13  14   0 0.11  0.0    0  7.8 20 210   M    M   6 1      23 210
19  60  39  50  12  15   0 0.01  0.0    0  5.1  9  70   M    M   7 12     13 260
20  71  36  54  16  11   0 0.00  0.0    0  5.8 12 110   M    M   1 128    14 110
21  72  55  64  26   1   0 0.05  0.0    0  9.3 22 210   M    M   4 1      27 200
================================================================================
SM 1157  710       427   0  1.53    T    188.4          M       83
================================================================================
AV 55.1 33.8                               9.0 FASTST   M    M   4    MAX(MPH)
                                 MISC ---->  # 33 210               # 47  210
================================================================================
NOTES:
# LAST OF SEVERAL OCCURRENCES

COLUMN 17 PEAK WIND IN M.P.H.

PRELIMINARY LOCAL CLIMATOLOGICAL DATA (WS FORM: F-6) , PAGE 2

                                          STATION:  LEXINGTON KY
                                          MONTH:    FEBRUARY
                                          YEAR:     2017
                                          LATITUDE:   38  1 N
                                          LONGITUDE:  84 36 W

[TEMPERATURE DATA]      [PRECIPITATION DATA]       SYMBOLS USED IN COLUMN 16

AVERAGE MONTHLY: 44.5   TOTAL FOR MONTH:   1.53    1 = FOG OR MIST
DPTR FM NORMAL:   8.5   DPTR FM NORMAL:   -0.85    2 = FOG REDUCING VISIBILITY
HIGHEST:    72 ON 21    GRTST 24HR  0.93 ON  6- 7      TO 1/4 MILE OR LESS
LOWEST:     10 ON  4                               3 = THUNDER
                        SNOW, ICE PELLETS, HAIL    4 = ICE PELLETS
                        TOTAL MONTH:    T          5 = HAIL
                        GRTST 24HR    T  ON  8- 8  6 = FREEZING RAIN OR DRIZZLE
                        GRTST DEPTH:   0           7 = DUSTSTORM OR SANDSTORM:
                                                       VSBY 1/2 MILE OR LESS
                                                   8 = SMOKE OR HAZE
[NO. OF DAYS WITH]      [WEATHER - DAYS WITH]      9 = BLOWING SNOW
                                                   X = TORNADO
MAX 32 OR BELOW:   0    0.01 INCH OR MORE:   6
MAX 90 OR ABOVE:   0    0.10 INCH OR MORE:   3
MIN 32 OR BELOW:   9    0.50 INCH OR MORE:   1
MIN  0 OR BELOW:   0    1.00 INCH OR MORE:   0

[HDD (BASE 65) ]
TOTAL THIS MO.   427    CLEAR  (SCALE 0-3)   8
DPTR FM NORMAL  -183    PTCLDY (SCALE 4-7)  11
TOTAL FM JUL 1  2631    CLOUDY (SCALE 8-10)  2
DPTR FM NORMAL  -762

[CDD (BASE 65) ]
TOTAL THIS MO.     0
DPTR FM NORMAL     0    [PRESSURE DATA]
TOTAL FM JAN 1     0    HIGHEST SLP M ON M
DPTR FM NORMAL     0    LOWEST  SLP 29.56 ON  7

[REMARKS]
