000
CXUS55 KPUB 251159
CF6LHX
PRELIMINARY LOCAL CLIMATOLOGICAL DATA (WS FORM: F-6)

                                          STATION:   LA JUNTA CO
                                          MONTH:     DECEMBER
                                          YEAR:      2014
                                          LATITUDE:   38  2 N
                                          LONGITUDE: 103 31 W

  TEMPERATURE IN F:       :PCPN:    SNOW:  WIND      :SUNSHINE: SKY     :PK WND
================================================================================
1   2   3   4   5  6A  6B    7    8   9   10  11  12  13   14  15   16   17  18
                                     12Z  AVG MX 2MIN
DY MAX MIN AVG DEP HDD CDD  WTR  SNW DPTH SPD SPD DIR MIN PSBL S-S WX    SPD DR
================================================================================

 1  35  16  26  -8  39   0 0.00  0.0    0  5.8 10 140   M    M   2        16 110
 2  56  16  36   3  29   0 0.00  0.0    0  7.4 14 220   M    M   0        15 200
 3  46  23  35   2  30   0 0.00  0.0    0  8.3 21 130   M    M   1        24 130
 4  48  22  35   2  30   0 0.00  0.0    0  6.0 13 250   M    M   2        15 240
 5  65  28  47  15  18   0 0.00  0.0    0  8.6 16  20   M    M   1        22  20
 6  47  28  38   6  27   0 0.00  0.0    0  4.0 12 230   M    M   0        13 230
 7  62  28  45  13  20   0 0.00  0.0    0  5.9 14 240   M    M   0        17 240
 8  59  24  42  10  23   0 0.00  0.0    0  7.0 14 280   M    M   0        23 210
 9  53  21  37   6  28   0 0.00  0.0    0  6.7 13 280   M    M   0        14 270
10  62  23  43  12  22   0 0.00  0.0    0  6.7 14 280   M    M   0        16 270
11  62  22  42  11  23   0 0.00  0.0    0  6.5 13 250   M    M   1        14 250
12  60  21  41  10  24   0 0.00  0.0    0  7.8 15  90   M    M   2 12     18  80
13  52  30  41  11  24   0 0.00  0.0    0  5.3 13 230   M    M   5 12     13 230
14  44  27  36   6  29   0 0.45    M    0 17.5 37 360   M    M   6 13     47  10
15  44  26  35   5  30   0 0.00  0.0    0  8.5 24  10   M    M   3        31 340
16  36  20  28  -2  37   0 0.00  0.0    0  4.9 13 220   M    M   0        15 220
17  30  23  27  -3  38   0    T    M    0  4.8 10  30   M    M   6 1      12  30
18  45  22  34   4  31   0    T    M    M  5.2 12 130   M    M   2 1      14 130
19  47  24  36   6  29   0 0.00  0.0    M  4.5 13 280   M    M   2 1      15 280
20  47  22  35   5  30   0 0.00  0.0    0  6.4 14 260   M    M   0        15 260
21  49  24  37   7  28   0    T    M    0  5.3 14  30   M    M   2        19  10
22  47  27  37   7  28   0 0.02    M    0  8.8 29 360   M    M   9 1      37 360
23  38  22  30   0  35   0 0.00  0.0    0 20.8 40 350   M    M   5 8      53 350
24  48  17  33   3  32   0 0.00  0.0    0 10.6 20 250   M    M   0        25 250
================================================================================
SM 1182  556       684   0  0.47     0.0 183.3          M       49
================================================================================
AV 49.2 23.2                               7.6 FASTST   M    M   2    MAX(MPH)
                                 MISC ---->  # 40 350               # 53  350
================================================================================
NOTES:
# LAST OF SEVERAL OCCURRENCES

COLUMN 17 PEAK WIND IN M.P.H.

PRELIMINARY LOCAL CLIMATOLOGICAL DATA (WS FORM: F-6) , PAGE 2

                                          STATION:  LA JUNTA CO
                                          MONTH:    DECEMBER
                                          YEAR:     2014
                                          LATITUDE:   38  2 N
                                          LONGITUDE: 103 31 W

[TEMPERATURE DATA]      [PRECIPITATION DATA]       SYMBOLS USED IN COLUMN 16

AVERAGE MONTHLY: 36.2   TOTAL FOR MONTH:   0.47    1 = FOG OR MIST
DPTR FM NORMAL:   5.2   DPTR FM NORMAL:    0.26    2 = FOG REDUCING VISIBILITY
HIGHEST:    65 ON  5    GRTST 24HR  0.45 ON 13-14      TO 1/4 MILE OR LESS
LOWEST:     16 ON  2, 1                            3 = THUNDER
                        SNOW, ICE PELLETS, HAIL    4 = ICE PELLETS
                        TOTAL MONTH:   0.0 INCH    5 = HAIL
                        GRTST 24HR     0.0         6 = FREEZING RAIN OR DRIZZLE
                        GRTST DEPTH:   0           7 = DUSTSTORM OR SANDSTORM:
                                                       VSBY 1/2 MILE OR LESS
                                                   8 = SMOKE OR HAZE
[NO. OF DAYS WITH]      [WEATHER - DAYS WITH]      9 = BLOWING SNOW
                                                   X = TORNADO
MAX 32 OR BELOW:   1    0.01 INCH OR MORE:   2
MAX 90 OR ABOVE:   0    0.10 INCH OR MORE:   1
MIN 32 OR BELOW:  24    0.50 INCH OR MORE:   0
MIN  0 OR BELOW:   0    1.00 INCH OR MORE:   0

[HDD (BASE 65) ]
TOTAL THIS MO.   684    CLEAR  (SCALE 0-3)  19
DPTR FM NORMAL  -130    PTCLDY (SCALE 4-7)   4
TOTAL FM JUL 1  1755    CLOUDY (SCALE 8-10)  1
DPTR FM NORMAL  -204

[CDD (BASE 65) ]
TOTAL THIS MO.     0
DPTR FM NORMAL     0    [PRESSURE DATA]
TOTAL FM JAN 1  1369    HIGHEST SLP M ON M
DPTR FM NORMAL   143    LOWEST  SLP 29.58 ON 22

[REMARKS]
