000
CXHW51 PHFO 251250
CF6LIH
PRELIMINARY LOCAL CLIMATOLOGICAL DATA (WS FORM: F-6)

                                          STATION:   LIHUE HI
                                          MONTH:     MARCH
                                          YEAR:      2017
                                          LATITUDE:   21 58 N
                                          LONGITUDE: 159 21 W

  TEMPERATURE IN F:       :PCPN:    SNOW:  WIND      :SUNSHINE: SKY     :PK WND
================================================================================
1   2   3   4   5  6A  6B    7    8   9   10  11  12  13   14  15   16   17  18
                                     12Z  AVG MX 2MIN
DY MAX MIN AVG DEP HDD CDD  WTR  SNW DPTH SPD SPD DIR MIN PSBL S-S WX    SPD DR
================================================================================

 1  78  65  72   0   0   7 2.43  0.0    0 15.3 29 220   M    M   8 18     41 220
 2  81  67  74   2   0   9 0.28  0.0    0 14.8 28 210   M    M   5 1      38 180
 3  80  66  73   1   0   8 0.02  0.0    0 12.0 21 190   M    M   4 1      26 190
 4  77  68  73   1   0   8 0.17  0.0    0 10.8 26 190   M    M  10 13     35 200
 5  78  64  71  -1   0   6 0.00  0.0    0  6.4 13  30   M    M   3        15  30
 6  76  61  69  -3   0   4 0.00  0.0    0  6.4 12 280   M    M   3        16  10
 7  77  60  69  -3   0   4    T  0.0    0  8.3 20  10   M    M   4        23  20
 8  77  63  70  -2   0   5    T  0.0    0 10.4 20  30   M    M   7        25  20
 9  77  64  71  -1   0   6 0.02  0.0    0  8.0 13  50   M    M   6        15  50
10  78  65  72   0   0   7 0.03  0.0    0  7.7 14 100   M    M   5        17  80
11  83  68  76   4   0  11 0.00  0.0    0  9.4 21 230   M    M   2        24 230
12  82  67  75   2   0  10 0.44  0.0    0  8.1 22 160   M    M   4 1      28 160
13  82  67  75   2   0  10    T  0.0    0  7.2 17 170   M    M   4        20 170
14  81  68  75   2   0  10 0.00  0.0    0  6.4 15 170   M    M   5        19 180
15  80  68  74   1   0   9    T  0.0    0  5.8 13 360   M    M   4        15 360
16  80  65  73   0   0   8 0.67  0.0    0  7.5 16  10   M    M   5 1      21  60
17  76  63  70  -3   0   5 0.00  0.0    0 11.5 23  40   M    M   3        25  40
18  78  68  73   0   0   8 0.00  0.0    0 11.8 21  40   M    M   5        24  40
19  78  67  73   0   0   8 0.00  0.0    0 11.6 18  20   M    M   4        23  40
20  80  72  76   3   0  11    T  0.0    0 11.9 18  40   M    M   6        22  40
21  80  72  76   3   0  11 0.00  0.0    0 11.0 15  60   M    M   5        19  60
22  80  73  77   4   0  12 0.00  0.0    0 10.2 15  90   M    M   4        18  60
23  80  68  74   1   0   9 0.01  0.0    0  7.4 12  70   M    M   5        14  70
24  80  70  75   2   0  10 0.00  0.0    0  8.3 14  80   M    M   6        16  90
================================================================================
SM 1899 1599         0 196  4.07     0.0 228.2          M      117
================================================================================
AV 79.1 66.6                               9.5 FASTST   M    M   5    MAX(MPH)
                                 MISC ---->  # 29 220               # 41  220
================================================================================
NOTES:
# LAST OF SEVERAL OCCURRENCES

COLUMN 17 PEAK WIND IN M.P.H.

PRELIMINARY LOCAL CLIMATOLOGICAL DATA (WS FORM: F-6) , PAGE 2

                                          STATION:  LIHUE HI
                                          MONTH:    MARCH
                                          YEAR:     2017
                                          LATITUDE:   21 58 N
                                          LONGITUDE: 159 21 W

[TEMPERATURE DATA]      [PRECIPITATION DATA]       SYMBOLS USED IN COLUMN 16

AVERAGE MONTHLY: 72.9   TOTAL FOR MONTH:   4.07    1 = FOG OR MIST
DPTR FM NORMAL:   0.3   DPTR FM NORMAL:    0.47    2 = FOG REDUCING VISIBILITY
HIGHEST:    83 ON 11    GRTST 24HR  2.43 ON  1- 1      TO 1/4 MILE OR LESS
LOWEST:     60 ON  7                               3 = THUNDER
                        SNOW, ICE PELLETS, HAIL    4 = ICE PELLETS
                        TOTAL MONTH:   0.0 INCH    5 = HAIL
                        GRTST 24HR     0.0         6 = FREEZING RAIN OR DRIZZLE
                        GRTST DEPTH:   0           7 = DUSTSTORM OR SANDSTORM:
                                                       VSBY 1/2 MILE OR LESS
                                                   8 = SMOKE OR HAZE
[NO. OF DAYS WITH]      [WEATHER - DAYS WITH]      9 = BLOWING SNOW
                                                   X = TORNADO
MAX 32 OR BELOW:   0    0.01 INCH OR MORE:   9
MAX 90 OR ABOVE:   0    0.10 INCH OR MORE:   5
MIN 32 OR BELOW:   0    0.50 INCH OR MORE:   2
MIN  0 OR BELOW:   0    1.00 INCH OR MORE:   1

[HDD (BASE 65) ]
TOTAL THIS MO.     0    CLEAR  (SCALE 0-3)   3
DPTR FM NORMAL     0    PTCLDY (SCALE 4-7)  20
TOTAL FM JUL 1     0    CLOUDY (SCALE 8-10)  1
DPTR FM NORMAL     0

[CDD (BASE 65) ]
TOTAL THIS MO.   196
DPTR FM NORMAL    16    [PRESSURE DATA]
TOTAL FM JAN 1   637    HIGHEST SLP M ON M
DPTR FM NORMAL    62    LOWEST  SLP 29.82 ON  1

[REMARKS]
