000
CXUS56 KMFR 251000
CF6LMT
PRELIMINARY LOCAL CLIMATOLOGICAL DATA (WS FORM: F-6)

                                          STATION:   KLAMATH FALLS OR
                                          MONTH:     APRIL
                                          YEAR:      2017
                                          LATITUDE:   42  9 N
                                          LONGITUDE: 121 44 W

  TEMPERATURE IN F:       :PCPN:    SNOW:  WIND      :SUNSHINE: SKY     :PK WND
================================================================================
1   2   3   4   5  6A  6B    7    8   9   10  11  12  13   14  15   16   17  18
                                     12Z  AVG MX 2MIN
DY MAX MIN AVG DEP HDD CDD  WTR  SNW DPTH SPD SPD DIR MIN PSBL S-S WX    SPD DR
================================================================================

 1  66  27  47   7  18   0 0.00    M    M  6.1 22 330   M    M   2        25 330
 2  57  30  44   4  21   0 0.00    M    M  8.8 18 330   M    M   0        23 320
 3  56  23  40   0  25   0 0.00    M    M  3.1 14 270   M    M   0        17 260
 4  58  29  44   4  21   0 0.00    M    M  2.8 12 150   M    M   6        14 160
 5  63  44  54  13  11   0 0.00    M    M 15.0 30 190   M    M   7        36 190
 6  53  37  45   4  20   0 0.07    M    M 19.5 37 180   M    M   9        48 180
 7  50  32  41   0  24   0 0.02    M    M 17.7 33 220   M    M   7 1      43 220
 8  44  25  35  -6  30   0    T    M    M  8.3 24 280   M    M   5 1      28 270
 9  50  20  35  -6  30   0 0.03    M    M 10.4 24 180   M    M   4        30 180
10  52  28  40  -2  25   0 0.02    M    M  5.8 28 280   M    M   4 1      33 280
11  52  33  43   1  22   0 0.06    M    M 16.2 37 180   M    M   6 1      46 170
12  51  32  42   0  23   0 0.16    M    M 14.9 30 170   M    M  10 1      39 160
13  47  26  37  -5  28   0    T    M    M  7.8 30 280   M    M   7 12     34 280
14  44  27  36  -6  29   0 0.01    M    M  5.8 20 290   M    M   5 8      24 290
15  56  22  39  -4  26   0 0.00    M    M  2.8 12 190   M    M   0        13 190
16  55  29  42  -1  23   0    T    M    M 11.7 32 210   M    M   6        44 200
17  56  28  42  -1  23   0    T    M    M 11.6 23 190   M    M   7        28 170
18  56  36  46   2  19   0 0.10    M    M  8.5 22 200   M    M   5 1      28 200
19  56  37  47   3  18   0 0.05    M    M 13.9 30 180   M    M   5 1      35 180
20  51  29  40  -4  25   0 0.05    M    M  7.3 20 280   M    M   2        25 280
21  64  24  44   0  21   0 0.00    M    M  2.9 12 180   M    M   0        16 180
22  60  42  51   6  14   0 0.00    M    M 12.2 23 180   M    M   4 8      30 180
23  56  32  44  -1  21   0    T    M    M  8.9 21 280   M    M   5 8      27 260
24  53  33  43  -2  22   0 0.05    M    M 14.1 35 270   M    M   8 18     42 280
================================================================================
SM 1306  725       539   0  0.62    M    236.1          M      114
================================================================================
AV 54.4 30.2                               9.8 FASTST   M    M   5    MAX(MPH)
                                 MISC ---->  # 37 180               # 48  180
================================================================================
NOTES:
# LAST OF SEVERAL OCCURRENCES

COLUMN 17 PEAK WIND IN M.P.H.

PRELIMINARY LOCAL CLIMATOLOGICAL DATA (WS FORM: F-6) , PAGE 2

                                          STATION:  KLAMATH FALLS OR
                                          MONTH:    APRIL
                                          YEAR:     2017
                                          LATITUDE:   42  9 N
                                          LONGITUDE: 121 44 W

[TEMPERATURE DATA]      [PRECIPITATION DATA]       SYMBOLS USED IN COLUMN 16

AVERAGE MONTHLY: 42.3   TOTAL FOR MONTH:   0.62    1 = FOG OR MIST
DPTR FM NORMAL:   0.0   DPTR FM NORMAL:   -0.39    2 = FOG REDUCING VISIBILITY
HIGHEST:    66 ON  1    GRTST 24HR  0.16 ON 12-12      TO 1/4 MILE OR LESS
LOWEST:     20 ON  9                               3 = THUNDER
                        SNOW, ICE PELLETS, HAIL    4 = ICE PELLETS
                        TOTAL MONTH:    M          5 = HAIL
                        GRTST 24HR    M  ON   M    6 = FREEZING RAIN OR DRIZZLE
                        GRTST DEPTH:  M  ON   M    7 = DUSTSTORM OR SANDSTORM:
                                                       VSBY 1/2 MILE OR LESS
                                                   8 = SMOKE OR HAZE
[NO. OF DAYS WITH]      [WEATHER - DAYS WITH]      9 = BLOWING SNOW
                                                   X = TORNADO
MAX 32 OR BELOW:   0    0.01 INCH OR MORE:  11
MAX 90 OR ABOVE:   0    0.10 INCH OR MORE:   2
MIN 32 OR BELOW:  17    0.50 INCH OR MORE:   0
MIN  0 OR BELOW:   0    1.00 INCH OR MORE:   0

[HDD (BASE 65) ]
TOTAL THIS MO.   539    CLEAR  (SCALE 0-3)   6
DPTR FM NORMAL    -6    PTCLDY (SCALE 4-7)  16
TOTAL FM JUL 1  6084    CLOUDY (SCALE 8-10)  2
DPTR FM NORMAL  -123

[CDD (BASE 65) ]
TOTAL THIS MO.     0
DPTR FM NORMAL     0    [PRESSURE DATA]
TOTAL FM JAN 1     0    HIGHEST SLP  0.00 ON 21
DPTR FM NORMAL     0    LOWEST  SLP  0.00 ON 21

[REMARKS]
