000
CXUS55 KRIW 270945
CF6LND
PRELIMINARY LOCAL CLIMATOLOGICAL DATA (WS FORM: F-6)

                                          STATION:   LANDER WY
                                          MONTH:     MARCH
                                          YEAR:      2017
                                          LATITUDE:   42 49 N
                                          LONGITUDE: 108 44 W

  TEMPERATURE IN F:       :PCPN:    SNOW:  WIND      :SUNSHINE: SKY     :PK WND
================================================================================
1   2   3   4   5  6A  6B    7    8   9   10  11  12  13   14  15   16   17  18
                                     12Z  AVG MX 2MIN
DY MAX MIN AVG DEP HDD CDD  WTR  SNW DPTH SPD SPD DIR MIN PSBL S-S WX    SPD DR
================================================================================

 1  31   7  19 -11  46   0 0.00  0.0    7  5.5 14 240   M    M   0        16 250
 2  39  11  25  -5  40   0 0.00  0.0    6  5.6 20 240   M    M   0        22 230
 3  45  19  32   1  33   0 0.00  0.0    5  4.3 14 320   M    M   0        16 330
 4  50  20  35   4  30   0 0.00  0.0    4 11.0 33 240   M    M   0        45 240
 5  51  30  41   9  24   0 0.02    T    3 22.0 56 190   M    M   2        70 200
 6  33  21  27  -5  38   0 0.00  0.0    2 17.3 40 270   M    M   4        54 270
 7  43  23  33   0  32   0 0.00  0.0    1 10.8 29 280   M    M   1        41 290
 8  53  26  40   7  25   0 0.00  0.0    0 11.4 39 260   M    M   1        57 290
 9  60  29  45  12  20   0 0.00  0.0    0  7.7 31 270   M    M   0        39 260
10  61  24  43   9  22   0 0.00  0.0    0  4.8 26 280   M    M   2 12     33 280
11  57  33  45  11  20   0 0.00  0.0    0  6.8 17 150   M    M   0        23 120
12  53  32  43   9  22   0 0.00  0.0    0 14.6 30 340   M    M   0        43 350
13  60  25  43   8  22   0 0.00  0.0    0  2.7 15 150   M    M   0        18 150
14  64  33  49  14  16   0 0.00  0.0    0  7.6 22 240   M    M   1        28 240
15  67  36  52  16  13   0 0.00  0.0    0  5.6 23 260   M    M   0        29 250
16  62  40  51  15  14   0 0.00  0.0    0 12.6 38 280   M    M   1        55 270
17  63  33  48  12  17   0 0.00  0.0    0  5.7 20 260   M    M   2        23 260
18  72  37  55  19  10   0 0.00    M    0 10.2 36 250   M    M   0        46 250
19  67  38  53  16  12   0 0.00  0.0    0  8.3 33 270   M    M   0        45 290
20  64  38  51  14  14   0 0.02  0.0    0  8.5 26  30   M    M   3        40  50
21  56  34  45   8  20   0 0.00  0.0    0  3.9 14 260   M    M   5        17 250
22  60  34  47   9  18   0    T  0.0    0  8.1 31 200   M    M   6        40 260
23  45  34  40   2  25   0 1.00  0.0    0  6.5 17 150   M    M   8 1      28 210
24  58  31  45   7  20   0 0.00  0.0    0  7.2 28 260   M    M   1        36 260
25  53  36  45   7  20   0 0.05  0.0    0  7.8 32 240   M    M   5        44 240
26  54  36  45   6  20   0 0.01  0.0    0  5.9 20 230   M    M   4        25 230
================================================================================
SM 1421  760       593   0  1.10    T    222.4          M       46
================================================================================
AV 54.7 29.2                               8.6 FASTST   M    M   2    MAX(MPH)
                                 MISC ---->  # 56 190               # 70  200
================================================================================
NOTES:
# LAST OF SEVERAL OCCURRENCES

COLUMN 17 PEAK WIND IN M.P.H.

PRELIMINARY LOCAL CLIMATOLOGICAL DATA (WS FORM: F-6) , PAGE 2

                                          STATION:  LANDER WY
                                          MONTH:    MARCH
                                          YEAR:     2017
                                          LATITUDE:   42 49 N
                                          LONGITUDE: 108 44 W

[TEMPERATURE DATA]      [PRECIPITATION DATA]       SYMBOLS USED IN COLUMN 16

AVERAGE MONTHLY: 41.9   TOTAL FOR MONTH:   1.10    1 = FOG OR MIST
DPTR FM NORMAL:   7.2   DPTR FM NORMAL:    0.18    2 = FOG REDUCING VISIBILITY
HIGHEST:    72 ON 18    GRTST 24HR  1.00 ON 23-23      TO 1/4 MILE OR LESS
LOWEST:      7 ON  1                               3 = THUNDER
                        SNOW, ICE PELLETS, HAIL    4 = ICE PELLETS
                        TOTAL MONTH:    T          5 = HAIL
                        GRTST 24HR    T  ON  5- 5  6 = FREEZING RAIN OR DRIZZLE
                        GRTST DEPTH:   7 ON  1     7 = DUSTSTORM OR SANDSTORM:
                                                       VSBY 1/2 MILE OR LESS
                                                   8 = SMOKE OR HAZE
[NO. OF DAYS WITH]      [WEATHER - DAYS WITH]      9 = BLOWING SNOW
                                                   X = TORNADO
MAX 32 OR BELOW:   1    0.01 INCH OR MORE:   5
MAX 90 OR ABOVE:   0    0.10 INCH OR MORE:   1
MIN 32 OR BELOW:  13    0.50 INCH OR MORE:   1
MIN  0 OR BELOW:   0    1.00 INCH OR MORE:   1

[HDD (BASE 65) ]
TOTAL THIS MO.   593    CLEAR  (SCALE 0-3)  19
DPTR FM NORMAL  -194    PTCLDY (SCALE 4-7)   6
TOTAL FM JUL 1  6296    CLOUDY (SCALE 8-10)  1
DPTR FM NORMAL  -195

[CDD (BASE 65) ]
TOTAL THIS MO.     0
DPTR FM NORMAL     0    [PRESSURE DATA]
TOTAL FM JAN 1     0    HIGHEST SLP M ON M
DPTR FM NORMAL     0    LOWEST  SLP 29.39 ON  5

[REMARKS]
