000
CXUS53 KOAX 251000
CF6LNK
PRELIMINARY LOCAL CLIMATOLOGICAL DATA (WS FORM: F-6)

                                          STATION:   LINCOLN, NEBRASKA
                                          MONTH:     SEPTEMBER
                                          YEAR:      2017
                                          LATITUDE:   40 50 N
                                          LONGITUDE:  96 45 W

  TEMPERATURE IN F:       :PCPN:    SNOW:  WIND      :SUNSHINE: SKY     :PK WND
================================================================================
1   2   3   4   5  6A  6B    7    8   9   10  11  12  13   14  15   16   17  18
                                     12Z  AVG MX 2MIN
DY MAX MIN AVG DEP HDD CDD  WTR  SNW DPTH SPD SPD DIR MIN PSBL S-S WX    SPD DR
================================================================================

 1  80  61  71  -1   0   6 0.01  0.0    0  8.0 17 190   M    M   3        22 180
 2  86  63  75   3   0  10 0.00  0.0    0  6.8 15  20   M    M   1 1      18  10
 3  91  61  76   5   0  11 0.00  0.0    0  7.9 18 180   M    M   0 12     23 180
 4  79  62  71   0   0   6 0.00  0.0    0 10.0 18  20   M    M   0 8      23  10
 5  72  48  60 -10   5   0 0.00  0.0    0 10.7 25 350   M    M   1        33 340
 6  72  43  58 -12   7   0 0.00  0.0    0  5.5 21 350   M    M   1        27 360
 7  83  45  64  -6   1   0 0.00  0.0    0  3.6 14 190   M    M   0        17 190
 8  89  51  70   1   0   5 0.00  0.0    0  3.9 13 170   M    M   0        15 170
 9  84  59  72   3   0   7 0.00  0.0    0 10.0 20 180   M    M   0        25 190
10  85  65  75   6   0  10    T  0.0    0 10.9 22 200   M    M   1 3      28 210
11  86  59  73   5   0   8 0.00  0.0    0  7.6 17 200   M    M   0        21 200
12  86  55  71   3   0   6 0.00  0.0    0  2.3 10 120   M    M   0 8      13 130
13  90  55  73   6   0   8 0.00  0.0    0  5.3 14 220   M    M   1        18 230
14  95  64  80  13   0  15 0.00  0.0    0 14.1 28 200   M    M   1 3      38 190
15  92  67  80  14   0  15 0.01  0.0    0 13.2 29 170   M    M   0 3      34 180
16  75  58  67   1   0   2 0.17  0.0    0 10.8 22 340   M    M   7 138    24 350
17  73  46  60  -6   5   0    T  0.0    0  8.9 21  30   M    M   4        23  50
18  76  63  70   5   0   5 0.27  0.0    0  7.5 18 140   M    M   6 13     22 150
19  92  66  79  14   0  14 0.00  0.0    0 17.8 32 160   M    M   0 1      42 140
20  82  60  71   7   0   6 0.00  0.0    0 10.3 25 180   M    M   0        32 180
21  95  59  77  13   0  12 0.00  0.0    0 14.7 31 160   M    M   1        39 160
22  97  75  86  23   0  21 0.00  0.0    0 18.8 30 180   M    M   0        37 180
23  93  70  82  19   0  17 0.00  0.0    0 14.5 26 160   M    M   0        34 150
24  88  63  76  14   0  11 0.59  0.0    0 11.9 25 160   M    M   3 13     33 190
================================================================================
SM 2041 1418        18 195  1.05     0.0 235.0          M       30
================================================================================
AV 85.0 59.1                               9.8 FASTST   M    M   1    MAX(MPH)
                                 MISC ---->  # 32 160               # 42  140
================================================================================
NOTES:
# LAST OF SEVERAL OCCURRENCES

COLUMN 17 PEAK WIND IN M.P.H.

PRELIMINARY LOCAL CLIMATOLOGICAL DATA (WS FORM: F-6) , PAGE 2

                                          STATION:  LINCOLN, NEBRASKA
                                          MONTH:    SEPTEMBER
                                          YEAR:     2017
                                          LATITUDE:   40 50 N
                                          LONGITUDE:  96 45 W

[TEMPERATURE DATA]      [PRECIPITATION DATA]       SYMBOLS USED IN COLUMN 16

AVERAGE MONTHLY: 72.1   TOTAL FOR MONTH:   1.05    1 = FOG OR MIST
DPTR FM NORMAL:   4.7   DPTR FM NORMAL:   -1.45    2 = FOG REDUCING VISIBILITY
HIGHEST:    97 ON 22    GRTST 24HR  0.59 ON 24-24      TO 1/4 MILE OR LESS
LOWEST:     43 ON  6                               3 = THUNDER
                        SNOW, ICE PELLETS, HAIL    4 = ICE PELLETS
                        TOTAL MONTH:   0.0 INCH    5 = HAIL
                        GRTST 24HR     0.0         6 = FREEZING RAIN OR DRIZZLE
                        GRTST DEPTH:   0           7 = DUSTSTORM OR SANDSTORM:
                                                       VSBY 1/2 MILE OR LESS
                                                   8 = SMOKE OR HAZE
[NO. OF DAYS WITH]      [WEATHER - DAYS WITH]      9 = BLOWING SNOW
                                                   X = TORNADO
MAX 32 OR BELOW:   0    0.01 INCH OR MORE:   5
MAX 90 OR ABOVE:   8    0.10 INCH OR MORE:   3
MIN 32 OR BELOW:   0    0.50 INCH OR MORE:   1
MIN  0 OR BELOW:   0    1.00 INCH OR MORE:   0

[HDD (BASE 65) ]
TOTAL THIS MO.    18    CLEAR  (SCALE 0-3)  20
DPTR FM NORMAL   -39    PTCLDY (SCALE 4-7)   4
TOTAL FM JUL 1    18    CLOUDY (SCALE 8-10)  0
DPTR FM NORMAL   -45

[CDD (BASE 65) ]
TOTAL THIS MO.   195
DPTR FM NORMAL    83    [PRESSURE DATA]
TOTAL FM JAN 1  1225    HIGHEST SLP M ON M
DPTR FM NORMAL    78    LOWEST  SLP 29.49 ON 19

[REMARKS]
