000
CXUS53 KOAX 261648
CF6LNK
PRELIMINARY LOCAL CLIMATOLOGICAL DATA (WS FORM: F-6)

                                          STATION:   LINCOLN, NEBRASKA
                                          MONTH:     AUGUST
                                          YEAR:      2016
                                          LATITUDE:   40 50 N
                                          LONGITUDE:  96 45 W

  TEMPERATURE IN F:       :PCPN:    SNOW:  WIND      :SUNSHINE: SKY     :PK WND
================================================================================
1   2   3   4   5  6A  6B    7    8   9   10  11  12  13   14  15   16   17  18
                                     12Z  AVG MX 2MIN
DY MAX MIN AVG DEP HDD CDD  WTR  SNW DPTH SPD SPD DIR MIN PSBL S-S WX    SPD DR
================================================================================

 1  88  73  81   4   0  16 0.00  0.0    0 15.7 32 150   M    M   2        41 140
 2  90  69  80   3   0  15 0.99  0.0    0  7.6 30 330   M    M   3 13     40 330
 3  91  70  81   4   0  16 0.00  0.0    0  9.5 17 140   M    M   2 1      22 140
 4  95  70  83   6   0  18 0.78  0.0    0  8.8 31 240   M    M   3 13     37 240
 5  81  65  73  -4   0   8 0.00  0.0    0  7.4 16  30   M    M   1 3      22  10
 6  80  67  74  -3   0   9    T  0.0    0  6.9 15  50   M    M   6        20  50
 7  79  67  73  -4   0   8 0.02  0.0    0  6.6 14 110   M    M   5        19 120
 8  81  61  71  -6   0   6 0.00  0.0    0  6.9 14 120   M    M   8        17 130
 9  92  69  81   5   0  16 0.00  0.0    0  8.5 16 120   M    M   2 1      21 130
10  94  75  85   9   0  20 0.00  0.0    0 12.3 28 160   M    M   1 3      32 170
11  96  72  84   8   0  19 0.73  0.0    0 11.1 31 250   M    M   1 13     45 250
12  85  66  76   0   0  11 0.31  0.0    0 10.2 24 350   M    M   5 1      28 350
13  88  61  75  -1   0  10 0.00  0.0    0  4.3 13 330   M    M   0        16 320
14  87  63  75  -1   0  10 0.00  0.0    0  4.0 10  70   M    M   1        15  30
15  86  60  73  -3   0   8 0.00  0.0    0  5.2 15 190   M    M   0        20 190
16  91  66  79   3   0  14 0.00  0.0    0  8.7 21 110   M    M   2 3      26 100
17  92  65  79   3   0  14 0.00  0.0    0  4.5 10 110   M    M   0        14  90
18  93  71  82   7   0  17    T  0.0    0 11.8 18 200   M    M   0 3      24 200
19  83  66  75   0   0  10 0.24  0.0    0  7.9 22 340   M    M   4 13     25 350
20  76  57  67  -8   0   2 0.00  0.0    0 10.5 24 350   M    M   4        29 360
21  82  52  67  -8   0   2 0.00  0.0    0  5.1 14 170   M    M   0        18 180
22  87  61  74  -1   0   9 0.00  0.0    0 15.0 29 170   M    M   0        36 160
23  91  66  79   5   0  14 0.17  0.0    0 15.9 30  40   M    M   5 13     36  40
24  82  59  71  -3   0   6 0.05  0.0    0  7.7 16  30   M    M   4 3      20  20
25  79  57  68  -6   0   3 0.01  0.0    0  5.5 13  40   M    M   2        16  40
================================================================================
SM 2169 1628         0 281  3.30     0.0 217.6          M       61
================================================================================
AV 86.8 65.1                               8.7 FASTST   M    M   2    MAX(MPH)
                                 MISC ---->  # 32 150               # 45  250
================================================================================
NOTES:
# LAST OF SEVERAL OCCURRENCES

COLUMN 17 PEAK WIND IN M.P.H.

PRELIMINARY LOCAL CLIMATOLOGICAL DATA (WS FORM: F-6) , PAGE 2

                                          STATION:  LINCOLN, NEBRASKA
                                          MONTH:    AUGUST
                                          YEAR:     2016
                                          LATITUDE:   40 50 N
                                          LONGITUDE:  96 45 W

[TEMPERATURE DATA]      [PRECIPITATION DATA]       SYMBOLS USED IN COLUMN 16

AVERAGE MONTHLY: 75.9   TOTAL FOR MONTH:   3.30    1 = FOG OR MIST
DPTR FM NORMAL:   0.1   DPTR FM NORMAL:    0.51    2 = FOG REDUCING VISIBILITY
HIGHEST:    96 ON 11    GRTST 24HR  1.04 ON 11-12      TO 1/4 MILE OR LESS
LOWEST:     52 ON 21                               3 = THUNDER
                        SNOW, ICE PELLETS, HAIL    4 = ICE PELLETS
                        TOTAL MONTH:   0.0 INCH    5 = HAIL
                        GRTST 24HR     0.0         6 = FREEZING RAIN OR DRIZZLE
                        GRTST DEPTH:   0           7 = DUSTSTORM OR SANDSTORM:
                                                       VSBY 1/2 MILE OR LESS
                                                   8 = SMOKE OR HAZE
[NO. OF DAYS WITH]      [WEATHER - DAYS WITH]      9 = BLOWING SNOW
                                                   X = TORNADO
MAX 32 OR BELOW:   0    0.01 INCH OR MORE:   9
MAX 90 OR ABOVE:  10    0.10 INCH OR MORE:   6
MIN 32 OR BELOW:   0    0.50 INCH OR MORE:   3
MIN  0 OR BELOW:   0    1.00 INCH OR MORE:   0

[HDD (BASE 65) ]
TOTAL THIS MO.     0    CLEAR  (SCALE 0-3)  15
DPTR FM NORMAL     0    PTCLDY (SCALE 4-7)  10
TOTAL FM JUL 1     0    CLOUDY (SCALE 8-10)  0
DPTR FM NORMAL    -1

[CDD (BASE 65) ]
TOTAL THIS MO.   281
DPTR FM NORMAL     7    [PRESSURE DATA]
TOTAL FM JAN 1  1174    HIGHEST SLP M ON M
DPTR FM NORMAL   189    LOWEST  SLP 29.67 ON 23

[REMARKS]
