000
CXUS53 KOAX 271000
CF6LNK
PRELIMINARY LOCAL CLIMATOLOGICAL DATA (WS FORM: F-6)

                                          STATION:   LINCOLN, NEBRASKA
                                          MONTH:     SEPTEMBER
                                          YEAR:      2016
                                          LATITUDE:   40 50 N
                                          LONGITUDE:  96 45 W

  TEMPERATURE IN F:       :PCPN:    SNOW:  WIND      :SUNSHINE: SKY     :PK WND
================================================================================
1   2   3   4   5  6A  6B    7    8   9   10  11  12  13   14  15   16   17  18
                                     12Z  AVG MX 2MIN
DY MAX MIN AVG DEP HDD CDD  WTR  SNW DPTH SPD SPD DIR MIN PSBL S-S WX    SPD DR
================================================================================

 1  81  56  69  -3   0   4 0.00  0.0    0  7.3 14  70   M    M   0        18  60
 2  80  54  67  -5   0   2 0.00  0.0    0  9.1 18 150   M    M   2        24 160
 3  76  57  67  -4   0   2 0.32  0.0    0 11.2 22 170   M    M   4 1      25 170
 4  85  65  75   4   0  10 0.02  0.0    0 16.1 29 160   M    M   6        38 170
 5  92  75  84  14   0  19 0.00  0.0    0 18.4 32 180   M    M   1        40 180
 6  93  76  85  15   0  20 0.00  0.0    0 13.3 23 210   M    M   2        28 200
 7  88  72  80  10   0  15 0.06  0.0    0  7.0 22 230   M    M   6 1      26 240
 8  84  69  77   8   0  12 0.00  0.0    0  9.0 16  30   M    M   5 12     21  30
 9  85  59  72   3   0   7 0.78  0.0    0 11.0 33 350   M    M   5 13     44 320
10  77  54  66  -3   0   1 0.00  0.0    0  8.2 16 300   M    M   0        21 330
11  83  50  67  -1   0   2 0.00  0.0    0 12.8 23 170   M    M   0        31 190
12  82  62  72   4   0   7 0.37  0.0    0 11.7 21  20   M    M   M 13     29  20
13  63  56  60  -7   5   0 0.78  0.0    0 12.7 20  20   M    M   6 13     24  30
14  67  55  61  -6   4   0 0.02  0.0    0  6.6 13  30   M    M  10 1      15  20
15  86  61  74   8   0   9 0.50  0.0    0 11.1 35 350   M    M   6 138    45 300
16  81  59  70   4   0   5 0.18  0.0    0  5.1 23  10   M    M   3 13     29  10
17  84  51  68   2   0   3 0.00  0.0    0  3.3 10 180   M    M   0        12 180
18  87  57  72   7   0   7 0.00  0.0    0  9.0 22 180   M    M   0        29 170
19  84  60  72   7   0   7 0.00  0.0    0  8.6 18  10   M    M   0        22 310
20  96  57  77  13   0  12 0.00  0.0    0  9.4 23 180   M    M   0 8      28 180
21  94  75  85  21   0  20 0.00  0.0    0 15.0 26 190   M    M   0        34 170
22  93  71  82  19   0  17    T  0.0    0  9.5 18 220   M    M   1 3      27 230
23  91  64  78  15   0  13 0.00  0.0    0 12.8 24 180   M    M   0        29 150
24  81  66  74  12   0   9 0.17  0.0    0 11.5 24 170   M    M   5 13     28 190
25  75  46  61  -1   4   0 0.18  0.0    0 11.0 26 330   M    M   2 1      35 300
26  78  42  60  -1   5   0 0.00  0.0    0  6.1 21 270   M    M   0        27 320
================================================================================
SM 2166 1569        18 203  3.38     0.0 266.8          M       64
================================================================================
AV 83.3 60.3                              10.3 FASTST   M    M   3    MAX(MPH)
                                 MISC ---->  # 35 350               # 45  300
================================================================================
NOTES:
# LAST OF SEVERAL OCCURRENCES

COLUMN 17 PEAK WIND IN M.P.H.

PRELIMINARY LOCAL CLIMATOLOGICAL DATA (WS FORM: F-6) , PAGE 2

                                          STATION:  LINCOLN, NEBRASKA
                                          MONTH:    SEPTEMBER
                                          YEAR:     2016
                                          LATITUDE:   40 50 N
                                          LONGITUDE:  96 45 W

[TEMPERATURE DATA]      [PRECIPITATION DATA]       SYMBOLS USED IN COLUMN 16

AVERAGE MONTHLY: 71.8   TOTAL FOR MONTH:   3.38    1 = FOG OR MIST
DPTR FM NORMAL:   4.9   DPTR FM NORMAL:    0.71    2 = FOG REDUCING VISIBILITY
HIGHEST:    96 ON 20    GRTST 24HR  1.15 ON 12-13      TO 1/4 MILE OR LESS
LOWEST:     42 ON 26                               3 = THUNDER
                        SNOW, ICE PELLETS, HAIL    4 = ICE PELLETS
                        TOTAL MONTH:   0.0 INCH    5 = HAIL
                        GRTST 24HR     0.0         6 = FREEZING RAIN OR DRIZZLE
                        GRTST DEPTH:   0           7 = DUSTSTORM OR SANDSTORM:
                                                       VSBY 1/2 MILE OR LESS
                                                   8 = SMOKE OR HAZE
[NO. OF DAYS WITH]      [WEATHER - DAYS WITH]      9 = BLOWING SNOW
                                                   X = TORNADO
MAX 32 OR BELOW:   0    0.01 INCH OR MORE:  11
MAX 90 OR ABOVE:   6    0.10 INCH OR MORE:   8
MIN 32 OR BELOW:   0    0.50 INCH OR MORE:   3
MIN  0 OR BELOW:   0    1.00 INCH OR MORE:   0

[HDD (BASE 65) ]
TOTAL THIS MO.    18    CLEAR  (SCALE 0-3)  16
DPTR FM NORMAL   -50    PTCLDY (SCALE 4-7)   8
TOTAL FM JUL 1    19    CLOUDY (SCALE 8-10)  1
DPTR FM NORMAL   -55

[CDD (BASE 65) ]
TOTAL THIS MO.   203
DPTR FM NORMAL    87    [PRESSURE DATA]
TOTAL FM JAN 1  1432    HIGHEST SLP M ON M
DPTR FM NORMAL   281    LOWEST  SLP 29.75 ON  5

[REMARKS]
