000
CXUS53 KLMK 010800
CF6LOU
PRELIMINARY LOCAL CLIMATOLOGICAL DATA (WS FORM: F-6)

                                          STATION:   LOUISVILLE BOWMAN KY
                                          MONTH:     FEBRUARY
                                          YEAR:      2017
                                          LATITUDE:   38 13 N
                                          LONGITUDE:  85 40 W

  TEMPERATURE IN F:       :PCPN:    SNOW:  WIND      :SUNSHINE: SKY     :PK WND
================================================================================
1   2   3   4   5  6A  6B    7    8   9   10  11  12  13   14  15   16   17  18
                                     12Z  AVG MX 2MIN
DY MAX MIN AVG DEP HDD CDD  WTR  SNW DPTH SPD SPD DIR MIN PSBL S-S WX    SPD DR
================================================================================

 1  51  40  46  11  19   0 0.00    M    M  4.1 13 320   M    M   3        17 320
 2  42  30  36   1  29   0 0.00    M    M  5.4 13 310   M    M   0        16 290
 3  34  21  28  -8  37   0 0.00    M    M  5.0 16 310   M    M   3        22 310
 4  41  16  29  -7  36   0 0.00    M    M  3.7 12 150   M    M   2        15 100
 5  57  34  46  10  19   0 0.00    M    M  9.0 20 260   M    M   3        28 260
 6  61  33  47  11  18   0    T    M    M  5.9 15 180   M    M   6 8      21 180
 7  66  56  61  25   4   0 0.47    M    M 10.5 23 180   M    M   9 13     34 170
 8  56  33  45   9  20   0 0.12    M    M  7.9 20 350   M    M   9 18     27 350
 9  33  23  28  -9  37   0 0.00    M    M 11.2 22 300   M    M   4        29 310
10  59  22  41   4  24   0 0.00    M    M  8.5 23 210   M    M   1        33 230
11  68  54  61  24   4   0    T    M    M  7.5 15 230   M    M   5        21 220
12  68  41  55  18  10   0 0.00    M    M 14.0 29 310   M    M   4 8      35 310
13  51  28  40   2  25   0 0.00    M    M  2.3 12 340   M    M   1        16 350
14  56  39  48  10  17   0 0.00    M    M  6.4 18 280   M    M   4        22 280
15  48  36  42   4  23   0 0.00    M    M  9.5 20 300   M    M   0        28 310
16  53  31  42   4  23   0 0.00    M    M  5.5 13 260   M    M   3        18 220
17  70  44  57  18   8   0 0.00    M    M  8.2 20 220   M    M   0        25 230
18  61  42  52  13  13   0 0.09    M    M  4.7 16 200   M    M   5 1      21 200
19  59  43  51  12  14   0 0.00    M    M  2.8  8 260   M    M   8 18     10 290
20  74  37  56  17   9   0 0.00    M    M  1.9 10 130   M    M   4 128    15 110
21  72  51  62  22   3   0 0.00    M    M  3.2 16 190   M    M   4        24 190
22  71  58  65  25   0   0 0.00    M    M  5.6 14 180   M    M   9        18 170
23  70  57  64  24   1   0 0.00    M    M  5.5 13 170   M    M   8        17 180
24  80  55  68  27   0   3 0.59    M    M 12.9 28 300   M    M   4 13     37 310
25  55  31  43   2  22   0 0.00    M    M 13.8 28 270   M    M   7        36 270
26  51  25  38  -3  27   0 0.00    M    M  4.7 14 170   M    M   2        19 160
27  60  43  52  10  13   0 0.09    M    M  4.6 12 130   M    M   7 1      16 190
28  67  48  58  16   7   0 0.42    M    M  7.8 18 180   M    M   8 13     24 200
================================================================================
SM 1634 1071       462   3  1.78    M    192.1          M      123
================================================================================
AV 58.4 38.3                               6.9 FASTST   M    M   4    MAX(MPH)
                                 MISC ---->  # 29 310               # 37  310
================================================================================
NOTES:
# LAST OF SEVERAL OCCURRENCES

COLUMN 17 PEAK WIND IN M.P.H.

PRELIMINARY LOCAL CLIMATOLOGICAL DATA (WS FORM: F-6) , PAGE 2

                                          STATION:  LOUISVILLE BOWMAN KY
                                          MONTH:    FEBRUARY
                                          YEAR:     2017
                                          LATITUDE:   38 13 N
                                          LONGITUDE:  85 40 W

[TEMPERATURE DATA]      [PRECIPITATION DATA]       SYMBOLS USED IN COLUMN 16

AVERAGE MONTHLY: 48.3   TOTAL FOR MONTH:   1.78    1 = FOG OR MIST
DPTR FM NORMAL:  10.2   DPTR FM NORMAL:   -1.40    2 = FOG REDUCING VISIBILITY
HIGHEST:    80 ON 24    GRTST 24HR  0.59 ON 24-24      TO 1/4 MILE OR LESS
LOWEST:     16 ON  4                               3 = THUNDER
                        SNOW, ICE PELLETS, HAIL    4 = ICE PELLETS
                        TOTAL MONTH:    M          5 = HAIL
                        GRTST 24HR    M  ON   M    6 = FREEZING RAIN OR DRIZZLE
                        GRTST DEPTH:  M  ON   M    7 = DUSTSTORM OR SANDSTORM:
                                                       VSBY 1/2 MILE OR LESS
                                                   8 = SMOKE OR HAZE
[NO. OF DAYS WITH]      [WEATHER - DAYS WITH]      9 = BLOWING SNOW
                                                   X = TORNADO
MAX 32 OR BELOW:   0    0.01 INCH OR MORE:   6
MAX 90 OR ABOVE:   0    0.10 INCH OR MORE:   4
MIN 32 OR BELOW:   9    0.50 INCH OR MORE:   1
MIN  0 OR BELOW:   0    1.00 INCH OR MORE:   0

[HDD (BASE 65) ]
TOTAL THIS MO.   462    CLEAR  (SCALE 0-3)  11
DPTR FM NORMAL  -290    PTCLDY (SCALE 4-7)  13
TOTAL FM JUL 1  2562    CLOUDY (SCALE 8-10)  4
DPTR FM NORMAL  -799

[CDD (BASE 65) ]
TOTAL THIS MO.     3
DPTR FM NORMAL     3    [PRESSURE DATA]
TOTAL FM JAN 1     3    HIGHEST SLP 30.56 ON  4
DPTR FM NORMAL     3    LOWEST  SLP 29.52 ON 24

[REMARKS]
#FINAL-02-17#
