000
CXUS55 KJKL 261000
CF6LOZ
PRELIMINARY LOCAL CLIMATOLOGICAL DATA (WS FORM: F-6)

                                          STATION:   LONDON KY
                                          MONTH:     JANUARY
                                          YEAR:      2015
                                          LATITUDE:   37  4 N
                                          LONGITUDE:  84  5 W

  TEMPERATURE IN F:       :PCPN:    SNOW:  WIND      :SUNSHINE: SKY     :PK WND
================================================================================
1   2   3   4   5  6A  6B    7    8   9   10  11  12  13   14  15   16   17  18
                                     12Z  AVG MX 2MIN
DY MAX MIN AVG DEP HDD CDD  WTR  SNW DPTH SPD SPD DIR MIN PSBL S-S WX    SPD DR
================================================================================

 1  39  19  29  -7  36   0 0.00    M    M  4.4 14 230   M    M   6        17 230
 2  43  38  41   5  24   0    T    M    M  2.4  9 240   M    M  10        11 250
 3  62  41  52  16  13   0 0.94    M    M  5.7 18 180   M    M  10 1      27 180
 4  62  35  49  13  16   0 0.25    M    M 13.4 26 260   M    M  10 18     33 250
 5  35  20  28  -8  37   0 0.00    M    M  6.5 18 290   M    M   4        25 290
 6  38  24  31  -4  34   0 0.00    M    M  8.7 17 280   M    M   7        23 270
 7  30   7  19 -16  46   0    T    M    M 12.7 23 340   M    M   8        33 360
 8  31   3  17 -18  48   0 0.00    M    M  7.0 22 240   M    M   2        30 230
 9  33  16  25 -10  40   0 0.00    M    M 12.7 25 250   M    M   5        34 250
10  33   8  21 -14  44   0 0.00    M    M  1.4  7 210   M    M   0        11 150
11  44  16  30  -5  35   0 0.01    M    M  2.6  9 190   M    M   8        12 200
12  46  34  40   5  25   0 0.54    M    M  4.9 15  10   M    M  10 1      20  10
13  34  29  32  -3  33   0    T    M    M  7.9 15  30   M    M  10 1      21  30
14  31  25  28  -7  37   0 0.00    M    M  3.6  8 300   M    M  10 18     11 290
15  33  25  29  -6  36   0    T    M    M  3.5 13 260   M    M  10 1      16 270
16  46  29  38   3  27   0 0.00    M    M  4.1 14 260   M    M   5        17 270
17  58  24  41   6  24   0 0.00    M    M  7.0 26 230   M    M   0 18     33 210
18  52  35  44   9  21   0 0.04    M    M 11.1 24 240   M    M   4        34 220
19  59  25  42   7  23   0 0.00    M    M  2.7 12 220   M    M   0        15 230
20  62  30  46  11  19   0 0.00    M    M  4.0 15 250   M    M   0        20 250
21  53  32  43   7  22   0 0.00    M    M  5.6 16 280   M    M   2        21 250
22  44  28  36   0  29   0 0.00    M    M  3.8 10 360   M    M   1        13 340
23  37  33  35  -1  30   0 0.26    M    M  5.6 12  20   M    M  10 1      14  20
24  40  29  35  -1  30   0 0.11    M    M  6.9 15 250   M    M   7 18     20 250
25  52  30  41   5  24   0 0.10    M    M  6.4 17 230   M    M   3 8      24 220
================================================================================
SM 1097  635       753   0  2.25    M    154.6          M      142
================================================================================
AV 43.9 25.4                               6.2 FASTST   M    M   6    MAX(MPH)
                                 MISC ---->  # 26 260               # 34  250
================================================================================
NOTES:
# LAST OF SEVERAL OCCURRENCES

COLUMN 17 PEAK WIND IN M.P.H.

PRELIMINARY LOCAL CLIMATOLOGICAL DATA (WS FORM: F-6) , PAGE 2

                                          STATION:  LONDON KY
                                          MONTH:    JANUARY
                                          YEAR:     2015
                                          LATITUDE:   37  4 N
                                          LONGITUDE:  84  5 W

[TEMPERATURE DATA]      [PRECIPITATION DATA]       SYMBOLS USED IN COLUMN 16

AVERAGE MONTHLY: 34.6   TOTAL FOR MONTH:   2.25    1 = FOG OR MIST
DPTR FM NORMAL:  -0.8   DPTR FM NORMAL:   -0.59    2 = FOG REDUCING VISIBILITY
HIGHEST:    62 ON 20, 4 GRTST 24HR  1.15 ON  3- 4      TO 1/4 MILE OR LESS
LOWEST:      3 ON  8                               3 = THUNDER
                        SNOW, ICE PELLETS, HAIL    4 = ICE PELLETS
                        TOTAL MONTH:    M          5 = HAIL
                        GRTST 24HR    M  ON   M    6 = FREEZING RAIN OR DRIZZLE
                        GRTST DEPTH:  M  ON   M    7 = DUSTSTORM OR SANDSTORM:
                                                       VSBY 1/2 MILE OR LESS
                                                   8 = SMOKE OR HAZE
[NO. OF DAYS WITH]      [WEATHER - DAYS WITH]      9 = BLOWING SNOW
                                                   X = TORNADO
MAX 32 OR BELOW:   3    0.01 INCH OR MORE:   8
MAX 90 OR ABOVE:   0    0.10 INCH OR MORE:   6
MIN 32 OR BELOW:  19    0.50 INCH OR MORE:   2
MIN  0 OR BELOW:   0    1.00 INCH OR MORE:   0

[HDD (BASE 65) ]
TOTAL THIS MO.   753    CLEAR  (SCALE 0-3)   7
DPTR FM NORMAL    11    PTCLDY (SCALE 4-7)   9
TOTAL FM JUL 1  2420    CLOUDY (SCALE 8-10)  9
DPTR FM NORMAL    26

[CDD (BASE 65) ]
TOTAL THIS MO.     0
DPTR FM NORMAL     0    [PRESSURE DATA]
TOTAL FM JAN 1     0    HIGHEST SLP M ON M
DPTR FM NORMAL     0    LOWEST  SLP 29.65 ON 25

[REMARKS]
