000
CXUS53 KARX 260930
CF6LSE
PRELIMINARY LOCAL CLIMATOLOGICAL DATA (WS FORM: F-6)

                                          STATION:   LA CROSSE WI
                                          MONTH:     JANUARY
                                          YEAR:      2015
                                          LATITUDE:   43 52 N
                                          LONGITUDE:  91 15 W

  TEMPERATURE IN F:       :PCPN:    SNOW:  WIND      :SUNSHINE: SKY     :PK WND
================================================================================
1   2   3   4   5  6A  6B    7    8   9   10  11  12  13   14  15   16   17  18
                                     12Z  AVG MX 2MIN
DY MAX MIN AVG DEP HDD CDD  WTR  SNW DPTH SPD SPD DIR MIN PSBL S-S WX    SPD DR
================================================================================

 1  32  12  22   4  43   0 0.00  0.0    1  8.1 18 220   M    M   7        23 230
 2  32  10  21   3  44   0 0.00  0.0    1  3.6  9 180   M    M   1        11 180
 3  34  23  29  11  36   0 0.07  1.5    2  4.9 16 150   M    M   9 18     19 140
 4  30  -4  13  -5  52   0 0.13  1.8    4 16.3 25 320   M    M   5 189    33 340
 5   4  -9  -2 -19  67   0 0.12  0.9    3  7.2 15 270   M    M   3 8      20 250
 6  14 -10   2 -15  63   0    T    T    4  9.1 25 330   M    M   2 8      32 320
 7   4  -8  -2 -19  67   0 0.00  0.0    4 15.0 25 320   M    M   1        30 320
 8  17  -7   5 -12  60   0 0.10  1.5    4 16.8 33 310   M    M   7 189    44 310
 9   8  -3   3 -14  62   0    T    T    5 12.4 28 330   M    M   3 8      33 320
10  21  -6   8  -9  57   0 0.00  0.0    5  9.2 16 180   M    M   5        21 170
11  21   2  12  -5  53   0    T    T    5  5.5 16 340   M    M   3        19 330
12  17  -9   4 -13  61   0 0.00  0.0    5  8.2 15 330   M    M   1        18 320
13  19 -13   3 -14  62   0 0.00  0.0    5  3.8 14 170   M    M   0 8      15 170
14  25  11  18   1  47   0    T  0.1    5  6.5 10 200   M    M  10        14 200
15  38  21  30  13  35   0 0.00  0.0    5  6.6 20 290   M    M   5        24 280
16  37  23  30  13  35   0 0.00  0.0    4  8.1 16 120   M    M   8        24 110
17  42  26  34  17  31   0 0.00  0.0    4 10.2 26 310   M    M   5 18     34 300
18  41  27  34  17  31   0 0.00  0.0    3  6.4 13 300   M    M   6        16 300
19  36  22  29  12  36   0 0.01    T    3  4.7  9 120   M    M   6 1      12 110
20  35  31  33  16  32   0 0.05  0.8    2  4.7  8 100   M    M  10 18     10 110
21  33  29  31  14  34   0 0.10  1.5    4  4.2  9 330   M    M  10 18     10 330
22  31  27  29  12  36   0 0.00  0.0    4  6.8 20 210   M    M  10        24 200
23  37  27  32  15  33   0 0.00  0.0    4  8.1 18 210   M    M   6        24 210
24  44  23  34  17  31   0 0.00  0.0    4  2.9  9 330   M    M   6 1      12 310
25  37  20  29  11  36   0    T    T    2  7.4 18  60   M    M   7        24  60
================================================================================
SM  689  265      1144   0  0.58     8.1 196.7          M      136
================================================================================
AV 27.6 10.6                               7.9 FASTST   M    M   5    MAX(MPH)
                                 MISC ---->  # 33 310               # 44  310
================================================================================
NOTES:
# LAST OF SEVERAL OCCURRENCES

COLUMN 17 PEAK WIND IN M.P.H.

PRELIMINARY LOCAL CLIMATOLOGICAL DATA (WS FORM: F-6) , PAGE 2

                                          STATION:  LA CROSSE WI
                                          MONTH:    JANUARY
                                          YEAR:     2015
                                          LATITUDE:   43 52 N
                                          LONGITUDE:  91 15 W

[TEMPERATURE DATA]      [PRECIPITATION DATA]       SYMBOLS USED IN COLUMN 16

AVERAGE MONTHLY: 19.1   TOTAL FOR MONTH:   0.58    1 = FOG OR MIST
DPTR FM NORMAL:   1.9   DPTR FM NORMAL:   -0.32    2 = FOG REDUCING VISIBILITY
HIGHEST:    44 ON 24    GRTST 24HR  0.14 ON 20-21      TO 1/4 MILE OR LESS
LOWEST:    -13 ON 13                               3 = THUNDER
                        SNOW, ICE PELLETS, HAIL    4 = ICE PELLETS
                        TOTAL MONTH:   8.1 INCHES  5 = HAIL
                        GRTST 24HR   1.8 ON   M    6 = FREEZING RAIN OR DRIZZLE
                        GRTST DEPTH:   5 ON 15,14  7 = DUSTSTORM OR SANDSTORM:
                                                       VSBY 1/2 MILE OR LESS
                                                   8 = SMOKE OR HAZE
[NO. OF DAYS WITH]      [WEATHER - DAYS WITH]      9 = BLOWING SNOW
                                                   X = TORNADO
MAX 32 OR BELOW:  14    0.01 INCH OR MORE:   7
MAX 90 OR ABOVE:   0    0.10 INCH OR MORE:   4
MIN 32 OR BELOW:  25    0.50 INCH OR MORE:   0
MIN  0 OR BELOW:   9    1.00 INCH OR MORE:   0

[HDD (BASE 65) ]
TOTAL THIS MO.  1144    CLEAR  (SCALE 0-3)   5
DPTR FM NORMAL   -51    PTCLDY (SCALE 4-7)  15
TOTAL FM JUL 1  3883    CLOUDY (SCALE 8-10)  5
DPTR FM NORMAL  -156

[CDD (BASE 65) ]
TOTAL THIS MO.     0
DPTR FM NORMAL     0    [PRESSURE DATA]
TOTAL FM JAN 1     0    HIGHEST SLP M ON M
DPTR FM NORMAL     0    LOWEST  SLP 29.54 ON 17

[REMARKS]
