000
CXUS54 KFWD 270730
CF6LUD
PRELIMINARY LOCAL CLIMATOLOGICAL DATA (WS FORM: F-6)

                                          STATION:   DECATUR
                                          MONTH:     AUGUST
                                          YEAR:      2016
                                          LATITUDE:   33 15 N
                                          LONGITUDE:  97 30 W

  TEMPERATURE IN F:       :PCPN:    SNOW:  WIND      :SUNSHINE: SKY     :PK WND
================================================================================
1   2   3   4   5  6A  6B    7    8   9   10  11  12  13   14  15   16   17  18
                                     12Z  AVG MX 2MIN
DY MAX MIN AVG DEP HDD CDD  WTR  SNW DPTH SPD SPD DIR MIN PSBL S-S WX    SPD DR
================================================================================

 1 100  77  89   6   0  24 0.00  0.0    0 10.5 15 170   M    M   0        23 170
 2  99  76  88   5   0  23 0.00  0.0    0  8.9 14 180   M    M   0        20 180
 3 100  79  90   7   0  25 0.00  0.0    0  7.8 12 160   M    M   0        16 150
 4  99  78  89   6   0  24 0.00  0.0    0  8.7 13 220   M    M   1        16 190
 5 100  80  90   7   0  25 0.00  0.0    0  7.6 13 170   M    M   0         M  M
 6  99  79  89   6   0  24 0.00  0.0    0  6.7 10 180   M    M   1         M  M
 7 100  80  90   7   0  25 0.00  0.0    0  7.6 12 190   M    M   0         M  M
 8 101  79  90   7   0  25 0.00  0.0    0  6.9 12 170   M    M   0         M  M
 9  97  79  88   5   0  23 0.00  0.0    0  6.4 12 260   M    M   0        20 260
10 100  82  91   8   0  26 0.00  0.0    0  8.0 12 200   M    M   0        20 200
11 102  82  92   9   0  27 0.00  0.0    0  7.8 13 170   M    M   0        16 220
12 102  73  88   5   0  23 0.51  0.0    0  7.5 14 360   M    M   2        22 360
13  90  72  81  -2   0  16 0.64  0.0    0  5.8 10 360   M    M   3        16  20
14  88  69  79  -4   0  14 0.00  0.0    0  7.7 14  10   M    M   2        21  10
15  83  67  75  -8   0  10 0.00  0.0    0  4.3  9 120   M    M   1         M  M
16  87  64  76  -7   0  11 0.00  0.0    0  4.2 12 120   M    M   3         M  M
17  85  73  79  -3   0  14 0.04  0.0    0  6.9 15 120   M    M   7 1      20 120
18  80  70  75  -7   0  10 0.08  0.0    0  4.1  9 200   M    M   5         M  M
19  75  68  72 -10   0   7 0.46  0.0    0  6.2 10 140   M    M   5        18 150
20  81  69  75  -7   0  10 0.38  0.0    0  4.5 10 150   M    M   4         M  M
21  85  67  76  -6   0  11 0.08  0.0    0  5.5 10  50   M    M   0         M  M
22  86  68  77  -5   0  12 0.03  0.0    0  4.6 10 160   M    M   5 1       M  M
23  93  74  84   2   0  19 0.00  0.0    0 11.7 17 170   M    M   3        23 190
24  93  73  83   1   0  18 0.00  0.0    0 10.3 17 150   M    M   0        23 150
25  92  74  83   2   0  18 0.00  0.0    0  5.7  8 150   M    M   0         M  M
26  87  74  81   0   0  16 0.01  0.0    0  4.9 10 110   M    M   1        16 110
================================================================================
SM 2404 1926         0 480  2.23     0.0 180.8          M       43
================================================================================
AV 92.5 74.1                               7.0 FASTST   M    M   2    MAX(MPH)
                                 MISC ---->    17   M               # 23  170
================================================================================
NOTES:
# LAST OF SEVERAL OCCURRENCES

COLUMN 17 PEAK WIND IN M.P.H.

PRELIMINARY LOCAL CLIMATOLOGICAL DATA (WS FORM: F-6) , PAGE 2

                                          STATION:  DECATUR
                                          MONTH:    AUGUST
                                          YEAR:     2016
                                          LATITUDE:   33 15 N
                                          LONGITUDE:  97 30 W

[TEMPERATURE DATA]      [PRECIPITATION DATA]       SYMBOLS USED IN COLUMN 16

AVERAGE MONTHLY: 83.3   TOTAL FOR MONTH:   2.23    1 = FOG OR MIST
DPTR FM NORMAL:   0.7   DPTR FM NORMAL:    0.51    2 = FOG REDUCING VISIBILITY
HIGHEST:   102 ON 12,11 GRTST 24HR  0.64 ON 13-13      TO 1/4 MILE OR LESS
LOWEST:     64 ON 16                               3 = THUNDER
                        SNOW, ICE PELLETS, HAIL    4 = ICE PELLETS
                        TOTAL MONTH:   0.0 INCH    5 = HAIL
                        GRTST 24HR     0.0         6 = FREEZING RAIN OR DRIZZLE
                        GRTST DEPTH:   0           7 = DUSTSTORM OR SANDSTORM:
                                                       VSBY 1/2 MILE OR LESS
                                                   8 = SMOKE OR HAZE
[NO. OF DAYS WITH]      [WEATHER - DAYS WITH]      9 = BLOWING SNOW
                                                   X = TORNADO
MAX 32 OR BELOW:   0    0.01 INCH OR MORE:   9
MAX 90 OR ABOVE:  16    0.10 INCH OR MORE:   4
MIN 32 OR BELOW:   0    0.50 INCH OR MORE:   2
MIN  0 OR BELOW:   0    1.00 INCH OR MORE:   0

[HDD (BASE 65) ]
TOTAL THIS MO.     0    CLEAR  (SCALE 0-3)  20
DPTR FM NORMAL     0    PTCLDY (SCALE 4-7)   6
TOTAL FM JUL 1     0    CLOUDY (SCALE 8-10)  0
DPTR FM NORMAL     0

[CDD (BASE 65) ]
TOTAL THIS MO.   480
DPTR FM NORMAL    24    [PRESSURE DATA]
TOTAL FM JAN 1  1848    HIGHEST SLP M ON M
DPTR FM NORMAL   216    LOWEST  SLP M ON M

[REMARKS]
