000
CXUS54 KFWD 250730
CF6LUD
PRELIMINARY LOCAL CLIMATOLOGICAL DATA (WS FORM: F-6)

                                          STATION:   DECATUR
                                          MONTH:     OCTOBER
                                          YEAR:      2014
                                          LATITUDE:   33 15 N
                                          LONGITUDE:  97 30 W

  TEMPERATURE IN F:       :PCPN:    SNOW:  WIND      :SUNSHINE: SKY     :PK WND
================================================================================
1   2   3   4   5  6A  6B    7    8   9   10  11  12  13   14  15   16   17  18
                                     12Z  AVG MX 2MIN
DY MAX MIN AVG DEP HDD CDD  WTR  SNW DPTH SPD SPD DIR MIN PSBL S-S WX    SPD DR
================================================================================

 1  92  71  82  13   0  17 0.00  0.0    0 11.8 16 150   M    M   0        23 130
 2  88  63  76   8   0  11 0.30  0.0    0 10.5 15 310   M    M   2 3      25 330
 3  78  55  67  -1   0   2 0.00  0.0    0  5.3 13 360   M    M   0        22 340
 4  77  47  62  -6   3   0 0.00  0.0    0  5.8 13 170   M    M   0        17 170
 5  83  59  71   4   0   6 0.00  0.0    0  9.0 15 170   M    M   0        20 160
 6  86  67  77  10   0  12 0.00  0.0    0 10.1 16 170   M    M   1        24 170
 7  99  67  83  16   0  18 0.00  0.0    0 10.1 15 170   M    M   0        22 160
 8  89  71  80  14   0  15 0.00  0.0    0 10.6 17 140   M    M   0        23 140
 9  91  73  82  16   0  17 0.00  0.0    0 11.1 15 150   M    M   2        25 180
10  90  59  75   9   0  10 0.50  0.0    0  9.9 14 170   M    M   4 13     27 350
11  59  52  56 -10   9   0 0.03  0.0    0  6.4 10 310   M    M  10 1      17 330
12  73  51  62  -3   3   0 0.00  0.0    0 10.1 18 150   M    M   4        25 170
13  65  54  60  -5   5   0 0.63  0.0    0 12.3 23 290   M    M   7        36 290
14  73  49  61  -4   4   0 0.00  0.0    0  8.6 17 300   M    M   0        28 310
15  81  54  68   4   0   3 0.00  0.0    0  2.8  7 160   M    M   0         M  M
16  88  61  75  11   0  10 0.00  0.0    0 10.2 18 180   M    M   0        21 190
17  82  55  69   5   0   4 0.00  0.0    0  5.4 10 200   M    M   0         M  M
18  76  58  67   4   0   2 0.00  0.0    0  8.5 15  50   M    M   1        20  50
19  73  54  64   1   1   0 0.00  0.0    0  6.3  9 120   M    M   3         M  M
20  81  58  70   7   0   5 0.00  0.0    0  3.6  9 160   M    M   1         M  M
21  81  61  71   8   0   6 0.00  0.0    0  5.2 12 110   M    M   0         M  M
22  79  57  68   6   0   3 0.00  0.0    0  6.4 12 160   M    M   2 1       M  M
23  80  63  72  10   0   7 0.00  0.0    0  6.8 12 160   M    M   3         M  M
24  85  60  73  11   0   8 0.00  0.0    0  7.9 13 170   M    M   1        17 190
================================================================================
SM 1949 1419        25 156  1.46     0.0 194.7          M       41
================================================================================
AV 81.2 59.1                               8.1 FASTST   M    M   2    MAX(MPH)
                                 MISC ---->  # 23 290                 36    M
================================================================================
NOTES:
# LAST OF SEVERAL OCCURRENCES

COLUMN 17 PEAK WIND IN M.P.H.

PRELIMINARY LOCAL CLIMATOLOGICAL DATA (WS FORM: F-6) , PAGE 2

                                          STATION:  DECATUR
                                          MONTH:    OCTOBER
                                          YEAR:     2014
                                          LATITUDE:   33 15 N
                                          LONGITUDE:  97 30 W

[TEMPERATURE DATA]      [PRECIPITATION DATA]       SYMBOLS USED IN COLUMN 16

AVERAGE MONTHLY: 70.2   TOTAL FOR MONTH:   1.46    1 = FOG OR MIST
DPTR FM NORMAL:   5.0   DPTR FM NORMAL:   -1.98    2 = FOG REDUCING VISIBILITY
HIGHEST:    99 ON  7    GRTST 24HR  0.63 ON 13-13      TO 1/4 MILE OR LESS
LOWEST:     47 ON  4                               3 = THUNDER
                        SNOW, ICE PELLETS, HAIL    4 = ICE PELLETS
                        TOTAL MONTH:   0.0 INCH    5 = HAIL
                        GRTST 24HR     0.0         6 = FREEZING RAIN OR DRIZZLE
                        GRTST DEPTH:   0           7 = DUSTSTORM OR SANDSTORM:
                                                       VSBY 1/2 MILE OR LESS
                                                   8 = SMOKE OR HAZE
[NO. OF DAYS WITH]      [WEATHER - DAYS WITH]      9 = BLOWING SNOW
                                                   X = TORNADO
MAX 32 OR BELOW:   0    0.01 INCH OR MORE:   4
MAX 90 OR ABOVE:   4    0.10 INCH OR MORE:   3
MIN 32 OR BELOW:   0    0.50 INCH OR MORE:   2
MIN  0 OR BELOW:   0    1.00 INCH OR MORE:   0

[HDD (BASE 65) ]
TOTAL THIS MO.    25    CLEAR  (SCALE 0-3)  19
DPTR FM NORMAL   -45    PTCLDY (SCALE 4-7)   4
TOTAL FM JUL 1    31    CLOUDY (SCALE 8-10)  1
DPTR FM NORMAL   -51

[CDD (BASE 65) ]
TOTAL THIS MO.   156
DPTR FM NORMAL    84    [PRESSURE DATA]
TOTAL FM JAN 1  2378    HIGHEST SLP M ON M
DPTR FM NORMAL   300    LOWEST  SLP M ON M

[REMARKS]
