000
CXUS54 KHGX 301415
CF6LVJ
PRELIMINARY LOCAL CLIMATOLOGICAL DATA (WS FORM: F-6)

                                          STATION:   HOUSTON/CLOVER_FIELD
                                          MONTH:     SEPTEMBER
                                          YEAR:      2016
                                          LATITUDE:   29 31 N
                                          LONGITUDE:  95 14 W

  TEMPERATURE IN F:       :PCPN:    SNOW:  WIND      :SUNSHINE: SKY     :PK WND
================================================================================
1   2   3   4   5  6A  6B    7    8   9   10  11  12  13   14  15   16   17  18
                                     12Z  AVG MX 2MIN
DY MAX MIN AVG DEP HDD CDD  WTR  SNW DPTH SPD SPD DIR MIN PSBL S-S WX    SPD DR
================================================================================

 1  98  79  89   7   0  24 0.00  0.0    0  4.7 14 120   M    M   1 18     19 110
 2  97  76  87   5   0  22 0.44  0.0    0  5.3 15 360   M    M   2 138    21  20
 3  94  77  86   4   0  21 0.00  0.0    0  5.4 13  90   M    M   1        16  40
 4  94  78  86   4   0  21 0.61  0.0    0  4.7 18 160   M    M   2 138    24 350
 5  94  79  87   6   0  22 0.09  0.0    0  5.0 15 160   M    M   2 3      21 140
 6  94  78  86   5   0  21 0.00  0.0    0  5.4 15 140   M    M   1        19 120
 7  94  76  85   4   0  20 1.65  0.0    0  4.3 24  30   M    M   2 13     29 350
 8  94  79  87   6   0  22 0.00  0.0    0  4.4 13 150   M    M   2 1      18 140
 9  93  78  86   6   0  21 0.01  0.0    0  1.6 14 320   M    M   3 3      18 330
10  89  77  83   3   0  18 0.29  0.0    0  1.9 16 340   M    M   1 13     21 340
11  94  75  85   5   0  20 0.00  0.0    0  2.9  9  20   M    M   2        13  20
12  94  76  85   5   0  20 0.00  0.0    0  3.7 12 110   M    M   2 1      17 110
13  92  77  85   5   0  20 0.05  0.0    0  6.9 16  90   M    M   2 13     20  90
14  93  79  86   7   0  21 0.01  0.0    0  6.1 15  90   M    M   1        20 120
15  93  79  86   7   0  21 0.00  0.0    0  6.5 15  90   M    M   1        24  80
16  92  81  87   8   0  22    T  0.0    0  4.9 16  50   M    M   4        24  60
17  96  78  87   8   0  22 0.00  0.0    0  3.3 15 160   M    M   1 3      21 160
18  99  77  88  10   0  23 0.00  0.0    0  3.3 12 150   M    M   1 1      16 340
19  99  79  89  11   0  24 0.00  0.0    0  2.7 13 150   M    M   1        18 130
20  96  77  87   9   0  22 0.09  0.0    0  2.1 16  70   M    M   3 13     20  70
21  96  76  86   8   0  21 0.00  0.0    0  3.1 12 150   M    M   1 18     15 140
22  94  78  86   8   0  21 0.00  0.0    0  5.1 16 140   M    M   1        21 180
23  89  79  84   7   0  19 0.55  0.0    0  4.3 15 140   M    M   3 138    18 140
24  90  77  84   7   0  19 0.23  0.0    0  2.6 15 140   M    M   3 3      19 150
25  90  77  84   7   0  19 0.41  0.0    0  3.2 18 180   M    M   3 138    25 190
26  88  75  82   6   0  17 2.67  0.0    0  3.7 14 180   M    M   2 13     16 180
27  88  75  82   6   0  17 0.00  0.0    0  5.3 12  30   M    M   5 8      15  30
28  91  70  81   5   0  16 0.00  0.0    0  2.7  8 140   M    M   0        11  20
29  90  68  79   3   0  14 0.00  0.0    0  5.8 15  30   M    M   0        19  40
================================================================================
SM 2705 2230         0 590  7.10     0.0 120.9          M       53
================================================================================
AV 93.3 76.9                               4.2 FASTST   M    M   2    MAX(MPH)
                                 MISC ---->  # 24  30               # 29  350
================================================================================
NOTES:
# LAST OF SEVERAL OCCURRENCES

COLUMN 17 PEAK WIND IN M.P.H.

PRELIMINARY LOCAL CLIMATOLOGICAL DATA (WS FORM: F-6) , PAGE 2

                                          STATION:  HOUSTON/CLOVER_FIELD
                                          MONTH:    SEPTEMBER
                                          YEAR:     2016
                                          LATITUDE:   29 31 N
                                          LONGITUDE:  95 14 W

[TEMPERATURE DATA]      [PRECIPITATION DATA]       SYMBOLS USED IN COLUMN 16

AVERAGE MONTHLY: 85.1   TOTAL FOR MONTH:   7.10    1 = FOG OR MIST
DPTR FM NORMAL:   6.0   DPTR FM NORMAL:    2.00    2 = FOG REDUCING VISIBILITY
HIGHEST:    99 ON 19,18 GRTST 24HR  2.67 ON 26-26      TO 1/4 MILE OR LESS
LOWEST:     68 ON 29                               3 = THUNDER
                        SNOW, ICE PELLETS, HAIL    4 = ICE PELLETS
                        TOTAL MONTH:   0.0 INCH    5 = HAIL
                        GRTST 24HR     0.0         6 = FREEZING RAIN OR DRIZZLE
                        GRTST DEPTH:   0           7 = DUSTSTORM OR SANDSTORM:
                                                       VSBY 1/2 MILE OR LESS
                                                   8 = SMOKE OR HAZE
[NO. OF DAYS WITH]      [WEATHER - DAYS WITH]      9 = BLOWING SNOW
                                                   X = TORNADO
MAX 32 OR BELOW:   0    0.01 INCH OR MORE:  13
MAX 90 OR ABOVE:  25    0.10 INCH OR MORE:   8
MIN 32 OR BELOW:   0    0.50 INCH OR MORE:   4
MIN  0 OR BELOW:   0    1.00 INCH OR MORE:   2

[HDD (BASE 65) ]
TOTAL THIS MO.     0    CLEAR  (SCALE 0-3)  27
DPTR FM NORMAL     0    PTCLDY (SCALE 4-7)   2
TOTAL FM JUL 1     0    CLOUDY (SCALE 8-10)  0
DPTR FM NORMAL     0

[CDD (BASE 65) ]
TOTAL THIS MO.   590
DPTR FM NORMAL   181    [PRESSURE DATA]
TOTAL FM JAN 1  3362    HIGHEST SLP M ON M
DPTR FM NORMAL   742    LOWEST  SLP 29.86 ON  1

[REMARKS]
