614
CXUS56 KMTR 311000
CF6LVK
PRELIMINARY LOCAL CLIMATOLOGICAL DATA (WS FORM: F-6)

                                          STATION:   LIVERMORE AIRPORT
                                          MONTH:     MAY
                                          YEAR:      2016
                                          LATITUDE:   37 42 N
                                          LONGITUDE: 121 49 W

  TEMPERATURE IN F:       :PCPN:    SNOW:  WIND      :SUNSHINE: SKY     :PK WND
================================================================================
1   2   3   4   5  6A  6B    7    8   9   10  11  12  13   14  15   16   17  18
                                     12Z  AVG MX 2MIN
DY MAX MIN AVG DEP HDD CDD  WTR  SNW DPTH SPD SPD DIR MIN PSBL S-S WX    SPD DR
================================================================================

 1  83  47  65   5   0   0 0.00  0.0    0  5.1 15 300   M    M   0        18 260
 2  81  48  65   5   0   0 0.00  0.0    0  5.5 16 270   M    M   1        20 290
 3  79  53  66   6   0   1 0.00  0.0    0  4.3 13 280   M    M   2        18 310
 4  72  55  64   4   1   0 0.00  0.0    0 10.4 21 280   M    M   2        24 270
 5  68  54  61   0   4   0 0.00  0.0    0  8.1 16 240   M    M   7        20 280
 6  61  53  57  -4   8   0 0.16  0.0    0  4.7 13 290   M    M   8 18     16 230
 7  63  53  58  -3   7   0 0.03  0.0    0  5.5 12 250   M    M   9        14 250
 8  72  53  63   2   2   0 0.00  0.0    0  7.3 15 280   M    M   7        20 290
 9  73  53  63   2   2   0 0.00  0.0    0 10.2 18 290   M    M   5 1      26 280
10  82  52  67   5   0   2 0.00  0.0    0  6.2 17 280   M    M   4 18     20 290
11  81  52  67   5   0   2 0.00  0.0    0  5.7 15 290   M    M   2 18     18 280
12  79  53  66   4   0   1 0.00  0.0    0  7.6 14 290   M    M   2 1       M  M
13   M   M   M   M   M   M 0.00  0.0    0 14.7 21 280   M    M   2 1      27 280
14  73  51  62   0   3   0 0.00  0.0    0 10.1 22 280   M    M   5        26 280
15  76  55  66   4   0   1 0.00  0.0    0  9.1 16 260   M    M   4        23 210
16  82  54  68   6   0   3 0.00  0.0    0  7.3 20 290   M    M   3        24 290
17  90  51  71   8   0   6 0.00  0.0    0  4.7 15 360   M    M   0        20 340
18  93  54  74  11   0   9 0.00  0.0    0  6.7 18 280   M    M   0        22 280
19  72  52  62  -1   3   0 0.00  0.0    0 12.4 22 230   M    M   0        29 200
20  62  48  55  -8  10   0 0.00  0.0    0 15.3 26 260   M    M   6        34 240
21  67  50  59  -4   6   0 0.01  0.0    0  9.7 23 260   M    M   6 18     27 270
22  70  49  60  -3   5   0 0.00  0.0    0  8.4 21 270   M    M   5        25 270
23  70  50  60  -3   5   0 0.00  0.0    0  9.9 21 280   M    M   4        25 280
24  69  55  62  -2   3   0 0.00  0.0    0 10.9 22 280   M    M   8        26 280
25  71  55  63  -1   2   0 0.00  0.0    0 10.2 21 280   M    M   6        25 280
26  79  53  66   2   0   1 0.00  0.0    0  7.9 21 280   M    M   3        25 280
27  87  51  69   5   0   4 0.00  0.0    0  4.6 18 280   M    M   0        21 270
28  89  56  73   9   0   8 0.00  0.0    0  5.7 16 290   M    M   0        22 270
29  86  54  70   6   0   5 0.00  0.0    0  7.1 18 280   M    M   0        22 280
30  94  54  74  10   0   9 0.00  0.0    0  6.1 20 280   M    M   0        23 270
================================================================================
SM 2224 1518        61  52  0.20     0.0 241.4          M      101
================================================================================
AV 76.7 52.3                               8.0 FASTST   M    M   3    MAX(MPH)
                                 MISC ---->  # 26 260               # 34  240
================================================================================
NOTES:
# LAST OF SEVERAL OCCURRENCES

COLUMN 17 PEAK WIND IN M.P.H.

PRELIMINARY LOCAL CLIMATOLOGICAL DATA (WS FORM: F-6) , PAGE 2

                                          STATION:  LIVERMORE AIRPORT
                                          MONTH:    MAY
                                          YEAR:     2016
                                          LATITUDE:   37 42 N
                                          LONGITUDE: 121 49 W

[TEMPERATURE DATA]      [PRECIPITATION DATA]       SYMBOLS USED IN COLUMN 16

AVERAGE MONTHLY: 64.5   TOTAL FOR MONTH:   0.20    1 = FOG OR MIST
DPTR FM NORMAL:   2.3   DPTR FM NORMAL:   -0.41    2 = FOG REDUCING VISIBILITY
HIGHEST:    94 ON 30    GRTST 24HR  0.16 ON  6- 6      TO 1/4 MILE OR LESS
LOWEST:     47 ON  1                               3 = THUNDER
                        SNOW, ICE PELLETS, HAIL    4 = ICE PELLETS
                        TOTAL MONTH:   0.0 INCH    5 = HAIL
                        GRTST 24HR     0.0         6 = FREEZING RAIN OR DRIZZLE
                        GRTST DEPTH:   0           7 = DUSTSTORM OR SANDSTORM:
                                                       VSBY 1/2 MILE OR LESS
                                                   8 = SMOKE OR HAZE
[NO. OF DAYS WITH]      [WEATHER - DAYS WITH]      9 = BLOWING SNOW
                                                   X = TORNADO
MAX 32 OR BELOW:   0    0.01 INCH OR MORE:   3
MAX 90 OR ABOVE:   3    0.10 INCH OR MORE:   1
MIN 32 OR BELOW:   0    0.50 INCH OR MORE:   0
MIN  0 OR BELOW:   0    1.00 INCH OR MORE:   0

[HDD (BASE 65) ]
TOTAL THIS MO.    61    CLEAR  (SCALE 0-3)  16
DPTR FM NORMAL   -64    PTCLDY (SCALE 4-7)  12
TOTAL FM JUL 1  2186    CLOUDY (SCALE 8-10)  2
DPTR FM NORMAL  -561

[CDD (BASE 65) ]
TOTAL THIS MO.    52
DPTR FM NORMAL     6    [PRESSURE DATA]
TOTAL FM JAN 1    60    HIGHEST SLP 29.94 ON 17
DPTR FM NORMAL     5    LOWEST  SLP 29.78 ON 19

[REMARKS]
