000
CXUS55 KBYZ 271055
CF6LVM
PRELIMINARY LOCAL CLIMATOLOGICAL DATA (WS FORM: F-6)

                                          STATION:   LIVINGSTON MT
                                          MONTH:     SEPTEMBER
                                          YEAR:      2016
                                          LATITUDE:   45 41 N
                                          LONGITUDE: 110 26 W

  TEMPERATURE IN F:       :PCPN:    SNOW:  WIND      :SUNSHINE: SKY     :PK WND
================================================================================
1   2   3   4   5  6A  6B    7    8   9   10  11  12  13   14  15   16   17  18
                                     12Z  AVG MX 2MIN
DY MAX MIN AVG DEP HDD CDD  WTR  SNW DPTH SPD SPD DIR MIN PSBL S-S WX    SPD DR
================================================================================

 1  93  60  77  16   0  12    T    M    M 12.4 30 250   M    M   2        37 270
 2  89  50  70   9   0   5 0.00    M    M 12.9 33 220   M    M   0        42 220
 3  70  48  59  -1   6   0 0.02    M    M  6.7 17 340   M    M   2        22 330
 4  54  44  49 -11  16   0 0.18    M    M  9.5 21  80   M    M  10 1      27  80
 5  53  39  46 -14  19   0 0.18    M    M 10.5 24 230   M    M   7 1      29 240
 6  74  35  55  -4  10   0 0.00    M    M  8.4 23 220   M    M   2        29 200
 7  70  50  60   1   5   0    T    M    M 15.2 28 290   M    M   3        37 270
 8  74  46  60   1   5   0    T    M    M 12.7 35 270   M    M   5        44 280
 9  66  42  54  -4  11   0 0.01    M    M 10.4 22 260   M    M   4        27 270
10  81  41  61   3   4   0 0.00    M    M 18.0 31 290   M    M   0        39 260
11  82  42  62   4   3   0 0.28    M    M 18.7 33 210   M    M   3 1      45 210
12  46  37  42 -15  23   0 0.33    M    M 12.1 20  80   M    M  10 1      25  80
13  50  38  44 -13  21   0 0.00    M    M 12.3 20  90   M    M  10        26  80
14  52  39  46 -10  19   0 0.05    M    M  7.2 18 290   M    M   9 1      23 270
15  65  41  53  -3  12   0 0.00    M    M  8.1 16 290   M    M   5        21 290
16  75  35  55  -1  10   0 0.00    M    M  8.2 22 280   M    M   0        26 280
17  78  45  62   7   3   0    T    M    M 22.2 45 240   M    M   3        57 240
18  75  53  64   9   1   0 0.01    M    M 17.5 32 270   M    M   6        41 250
19  81  46  64  10   1   0    T    M    M  6.8 18 280   M    M   3        24 270
20  70  49  60   6   5   0 0.17    M    M  9.8 26 100   M    M   5 13     32 110
21  53  46  50  -4  15   0    T    M    M 15.7 26  80   M    M   9 1      32  80
22  57  47  52  -1  13   0 0.32    M    M  9.9 24  80   M    M   8 1      28  80
23  55  48  52  -1  13   0 0.09    M    M  9.2 18 260   M    M   8 1      22 250
24  60  42  51  -1  14   0 0.00    M    M 13.5 24 260   M    M   9        29 260
25  68  35  52   0  13   0 0.00    M    M 15.4 29 270   M    M   0        36 260
26  78  44  61   9   4   0 0.00    M    M 11.7 24 240   M    M   0        29 230
================================================================================
SM 1769 1142       246  17  1.64    M    315.0          M      123
================================================================================
AV 68.0 43.9                              12.1 FASTST   M    M   5    MAX(MPH)
                                 MISC ---->  # 45 240               # 57  240
================================================================================
NOTES:
# LAST OF SEVERAL OCCURRENCES

COLUMN 17 PEAK WIND IN M.P.H.

PRELIMINARY LOCAL CLIMATOLOGICAL DATA (WS FORM: F-6) , PAGE 2

                                          STATION:  LIVINGSTON MT
                                          MONTH:    SEPTEMBER
                                          YEAR:     2016
                                          LATITUDE:   45 41 N
                                          LONGITUDE: 110 26 W

[TEMPERATURE DATA]      [PRECIPITATION DATA]       SYMBOLS USED IN COLUMN 16

AVERAGE MONTHLY: 56.0   TOTAL FOR MONTH:   1.64    1 = FOG OR MIST
DPTR FM NORMAL:  -0.5   DPTR FM NORMAL:    0.60    2 = FOG REDUCING VISIBILITY
HIGHEST:    93 ON  1    GRTST 24HR  0.61 ON 11-12      TO 1/4 MILE OR LESS
LOWEST:     35 ON 25,16                            3 = THUNDER
                        SNOW, ICE PELLETS, HAIL    4 = ICE PELLETS
                        TOTAL MONTH:    M          5 = HAIL
                        GRTST 24HR    M  ON   M    6 = FREEZING RAIN OR DRIZZLE
                        GRTST DEPTH:  M  ON   M    7 = DUSTSTORM OR SANDSTORM:
                                                       VSBY 1/2 MILE OR LESS
                                                   8 = SMOKE OR HAZE
[NO. OF DAYS WITH]      [WEATHER - DAYS WITH]      9 = BLOWING SNOW
                                                   X = TORNADO
MAX 32 OR BELOW:   0    0.01 INCH OR MORE:  11
MAX 90 OR ABOVE:   1    0.10 INCH OR MORE:   6
MIN 32 OR BELOW:   0    0.50 INCH OR MORE:   0
MIN  0 OR BELOW:   0    1.00 INCH OR MORE:   0

[HDD (BASE 65) ]
TOTAL THIS MO.   246    CLEAR  (SCALE 0-3)  12
DPTR FM NORMAL    13    PTCLDY (SCALE 4-7)   7
TOTAL FM JUL 1   334    CLOUDY (SCALE 8-10)  7
DPTR FM NORMAL   -17

[CDD (BASE 65) ]
TOTAL THIS MO.    17
DPTR FM NORMAL     4    [PRESSURE DATA]
TOTAL FM JAN 1   329    HIGHEST SLP M ON M
DPTR FM NORMAL   101    LOWEST  SLP 29.60 ON  2

[REMARKS]
