000
CXUS51 KRNK 210929
CF6LWB
PRELIMINARY LOCAL CLIMATOLOGICAL DATA (WS FORM: F-6)

                                          STATION:   LEWISBURG WV
                                          MONTH:     AUGUST
                                          YEAR:      2014
                                          LATITUDE:   37 52 N
                                          LONGITUDE:  80 24 W

  TEMPERATURE IN F:       :PCPN:    SNOW:  WIND      :SUNSHINE: SKY     :PK WND
================================================================================
1   2   3   4   5  6A  6B    7    8   9   10  11  12  13   14  15   16   17  18
                                     12Z  AVG MX 2MIN
DY MAX MIN AVG DEP HDD CDD  WTR  SNW DPTH SPD SPD DIR MIN PSBL S-S WX    SPD DR
================================================================================

 1  74  61  68  -2   0   3 0.00  0.0    0  2.7  7 130   M    M   7 12      M  M
 2  76  60  68  -2   0   3 0.40  0.0    0  1.4  9 320   M    M   9 13     17 320
 3  77  58  68  -2   0   3 0.00  0.0    0  1.7  8 260   M    M   5 1       M  M
 4  82  55  69  -1   0   4 0.00  0.0    0  0.6  6 130   M    M   4 12      M  M
 5  85  58  72   2   0   7 0.00  0.0    0  2.1  9 330   M    M   4 12      M  M
 6  82  56  69  -1   0   4 0.00  0.0    0  2.5 10 310   M    M   4 12     16 310
 7  80  59  70   0   0   5 0.00  0.0    0  2.1  7 300   M    M   3 12      M  M
 8  73  57  65  -5   0   0 0.13  0.0    0  2.1  7  20   M    M   8 1       M  M
 9  69  65  67  -3   0   2 0.13  0.0    0  1.0  5 170   M    M  10 1       M  M
10  70  64  67  -3   0   2 0.02  0.0    0  0.7  6  90   M    M  10 1       M  M
11  68  65  67  -3   0   2 0.47  0.0    0  1.6  5  90   M    M  10         M  M
12  83  66  75   5   0  10 0.41  0.0    0  4.0 15 320   M    M   9 1      24 330
13  70  55  63  -7   2   0    T  0.0    0  3.4 10 270   M    M   5 1       M  M
14  73  52  63  -7   2   0 0.00  0.0    0  3.3  9 260   M    M   5 12      M  M
15  77  54  66  -4   0   1 0.00  0.0    0  2.5  8 310   M    M   5 12      M  M
16  81  47  64  -5   1   0 0.00  0.0    0  2.0 10 240   M    M   4 12      M  M
17  79  63  71   2   0   6    T  0.0    0  1.8  9 260   M    M   7         M  M
18  71  64  68  -1   0   3 0.76  0.0    0  1.8  7  20   M    M   8 1       M  M
19  80  67  74   5   0   9    T  0.0    0  1.3  9 220   M    M   8 18      M  M
20  85  66  76   7   0  11    T  0.0    0  3.1  9 240   M    M   5 1      17 240
================================================================================
SM 1535 1192         5  75  2.32     0.0  41.7          M      130
================================================================================
AV 76.8 59.6                               2.1 FASTST   M    M   7    MAX(MPH)
                                 MISC ---->  # 15 320               # 24  330
================================================================================
NOTES:
# LAST OF SEVERAL OCCURRENCES

COLUMN 17 PEAK WIND IN M.P.H.

PRELIMINARY LOCAL CLIMATOLOGICAL DATA (WS FORM: F-6) , PAGE 2

                                          STATION:  LEWISBURG WV
                                          MONTH:    AUGUST
                                          YEAR:     2014
                                          LATITUDE:   37 52 N
                                          LONGITUDE:  80 24 W

[TEMPERATURE DATA]      [PRECIPITATION DATA]       SYMBOLS USED IN COLUMN 16

AVERAGE MONTHLY: 68.2   TOTAL FOR MONTH:   2.32    1 = FOG OR MIST
DPTR FM NORMAL:  -1.6   DPTR FM NORMAL:    0.19    2 = FOG REDUCING VISIBILITY
HIGHEST:    85 ON 20, 5 GRTST 24HR  0.76 ON 18-18      TO 1/4 MILE OR LESS
LOWEST:     47 ON 16                               3 = THUNDER
                        SNOW, ICE PELLETS, HAIL    4 = ICE PELLETS
                        TOTAL MONTH:   0.0 INCH    5 = HAIL
                        GRTST 24HR     0.0         6 = FREEZING RAIN OR DRIZZLE
                        GRTST DEPTH:   0           7 = DUSTSTORM OR SANDSTORM:
                                                       VSBY 1/2 MILE OR LESS
                                                   8 = SMOKE OR HAZE
[NO. OF DAYS WITH]      [WEATHER - DAYS WITH]      9 = BLOWING SNOW
                                                   X = TORNADO
MAX 32 OR BELOW:   0    0.01 INCH OR MORE:   7
MAX 90 OR ABOVE:   0    0.10 INCH OR MORE:   6
MIN 32 OR BELOW:   0    0.50 INCH OR MORE:   1
MIN  0 OR BELOW:   0    1.00 INCH OR MORE:   0

[HDD (BASE 65) ]
TOTAL THIS MO.     5    CLEAR  (SCALE 0-3)   1
DPTR FM NORMAL    -2    PTCLDY (SCALE 4-7)  12
TOTAL FM JUL 1    22    CLOUDY (SCALE 8-10)  7
DPTR FM NORMAL     4

[CDD (BASE 65) ]
TOTAL THIS MO.    75
DPTR FM NORMAL   -26    [PRESSURE DATA]
TOTAL FM JAN 1   448    HIGHEST SLP M ON M
DPTR FM NORMAL    41    LOWEST  SLP M ON M

[REMARKS]
