000
CXUS53 KTOP 300800
CF6LWC
PRELIMINARY LOCAL CLIMATOLOGICAL DATA (WS FORM: F-6)

                                          STATION:   Lawrence KS
                                          MONTH:     APRIL
                                          YEAR:      2017
                                          LATITUDE:   39  0 N
                                          LONGITUDE:  95 13 W

  TEMPERATURE IN F:       :PCPN:    SNOW:  WIND      :SUNSHINE: SKY     :PK WND
================================================================================
1   2   3   4   5  6A  6B    7    8   9   10  11  12  13   14  15   16   17  18
                                     12Z  AVG MX 2MIN
DY MAX MIN AVG DEP HDD CDD  WTR  SNW DPTH SPD SPD DIR MIN PSBL S-S WX    SPD DR
================================================================================

 1  54  43  49  -1  16   0 0.03    M    M  8.5 16  30   M    M   9 18     20  70
 2  66  49  58   7   7   0 0.22    M    M  5.8 14  80   M    M  10 1      17  80
 3  62  48  55   4  10   0 1.05    M    M  7.6 24 280   M    M   7 1      30 280
 4  52  48  50  -1  15   0 0.70    M    M 10.2 23  30   M    M  10 13     32  30
 5  58  36  47  -5  18   0 0.48    M    M 17.8 35 340   M    M   7 1      47 330
 6  61  34  48  -4  17   0 0.00    M    M 11.1 23 330   M    M   3        31 330
 7  67  28  48  -4  17   0 0.00    M    M  7.9 17 140   M    M   0        21 140
 8  78  50  64  11   1   0 0.00    M    M 14.9 24 180   M    M   0        37 150
 9  81  63  72  19   0   7 0.01    M    M 15.9 29 190   M    M   2        38 180
10  70  44  57   4   8   0 0.00    M    M 16.5 25 280   M    M   2        33 280
11  69  36  53  -1  12   0 0.00    M    M  6.4 16 330   M    M   2 8      19 330
12  79  39  59   5   6   0    T    M    M  9.0 21 150   M    M   2 8      27 190
13  80  53  67  13   0   2 0.00    M    M  7.6 16 160   M    M   2 18     21 180
14  79  61  70  16   0   5 0.30    M    M 13.7 28 170   M    M   6 138    37 150
15  82  59  71  16   0   6 0.90    M    M 16.1 36 340   M    M   3 13     43 350
16  70  54  62   7   3   0 0.42    M    M  9.4 18 320   M    M   8 13     23  40
17  74  50  62   7   3   0 0.00    M    M  7.6 15  90   M    M   0        19 100
18  79  51  65   9   0   0 0.00    M    M  9.8 20 150   M    M   1 1      26 150
19  81  58  70  14   0   5 0.01    M    M 14.3 30 170   M    M   3 1      42 170
20  70  52  61   5   4   0 0.17    M    M 11.0 23 320   M    M   3 1      27 320
21  55  48  52  -5  13   0    T    M    M 10.1 24  50   M    M   5        32  60
22  67  40  54  -3  11   0    T    M    M 12.7 24  10   M    M   2        32  30
23  72  34  53  -4  12   0 0.00    M    M  4.7 14 150   M    M   0        17 150
24  75  42  59   1   6   0 0.00    M    M 13.8 30 150   M    M   0        38 160
25  72  49  61   3   4   0 0.16    M    M 10.5 24 310   M    M   4 13     29 320
26  51  42  47 -11  18   0 0.05    M    M 15.1 22 310   M    M  10 1      30 310
27  62  36  49  -9  16   0 0.08    M    M  6.7 16  30   M    M   5        20 280
28  68  45  57  -2   8   0 0.30    M    M  9.3 17 340   M    M   9 1      21  80
29  50  44  47 -12  18   0 1.52    M    M 11.8 39  50   M    M  10 13     49  50
================================================================================
SM 1984 1336       243  25  6.40    M    315.8          M      125
================================================================================
AV 68.4 46.1                              10.9 FASTST   M    M   4    MAX(MPH)
                                 MISC ---->  # 39  50               # 49   50
================================================================================
NOTES:
# LAST OF SEVERAL OCCURRENCES

COLUMN 17 PEAK WIND IN M.P.H.

PRELIMINARY LOCAL CLIMATOLOGICAL DATA (WS FORM: F-6) , PAGE 2

                                          STATION:  Lawrence KS
                                          MONTH:    APRIL
                                          YEAR:     2017
                                          LATITUDE:   39  0 N
                                          LONGITUDE:  95 13 W

[TEMPERATURE DATA]      [PRECIPITATION DATA]       SYMBOLS USED IN COLUMN 16

AVERAGE MONTHLY: 57.2   TOTAL FOR MONTH:   6.40    1 = FOG OR MIST
DPTR FM NORMAL:   2.5   DPTR FM NORMAL:    2.81    2 = FOG REDUCING VISIBILITY
HIGHEST:    82 ON 15    GRTST 24HR  1.52 ON 29-29      TO 1/4 MILE OR LESS
LOWEST:     28 ON  7                               3 = THUNDER
                        SNOW, ICE PELLETS, HAIL    4 = ICE PELLETS
                        TOTAL MONTH:    M          5 = HAIL
                        GRTST 24HR    M  ON   M    6 = FREEZING RAIN OR DRIZZLE
                        GRTST DEPTH:  M  ON   M    7 = DUSTSTORM OR SANDSTORM:
                                                       VSBY 1/2 MILE OR LESS
                                                   8 = SMOKE OR HAZE
[NO. OF DAYS WITH]      [WEATHER - DAYS WITH]      9 = BLOWING SNOW
                                                   X = TORNADO
MAX 32 OR BELOW:   0    0.01 INCH OR MORE:  16
MAX 90 OR ABOVE:   0    0.10 INCH OR MORE:  11
MIN 32 OR BELOW:   1    0.50 INCH OR MORE:   4
MIN  0 OR BELOW:   0    1.00 INCH OR MORE:   2

[HDD (BASE 65) ]
TOTAL THIS MO.   243    CLEAR  (SCALE 0-3)  15
DPTR FM NORMAL   -74    PTCLDY (SCALE 4-7)   8
TOTAL FM JUL 1  4043    CLOUDY (SCALE 8-10)  6
DPTR FM NORMAL  -930

[CDD (BASE 65) ]
TOTAL THIS MO.    25
DPTR FM NORMAL     3    [PRESSURE DATA]
TOTAL FM JAN 1    32    HIGHEST SLP M ON M
DPTR FM NORMAL     7    LOWEST  SLP 29.37 ON 25

[REMARKS]
