000
CXUS53 KTOP 010200
CF6LWC
PRELIMINARY LOCAL CLIMATOLOGICAL DATA (WS FORM: F-6)

                                          STATION:   Lawrence KS
                                          MONTH:     JANUARY
                                          YEAR:      2015
                                          LATITUDE:   39  0 N
                                          LONGITUDE:  95 13 W

  TEMPERATURE IN F:       :PCPN:    SNOW:  WIND      :SUNSHINE: SKY     :PK WND
================================================================================
1   2   3   4   5  6A  6B    7    8   9   10  11  12  13   14  15   16   17  18
                                     12Z  AVG MX 2MIN
DY MAX MIN AVG DEP HDD CDD  WTR  SNW DPTH SPD SPD DIR MIN PSBL S-S WX    SPD DR
================================================================================

 1  35  17  26  -3  39   0 0.00    M    M  9.2 17 230   M    M   3        21 240
 2  37  28  33   4  32   0 0.00    M    M  4.5 12 170   M    M  10 18     14 220
 3  41  17  29   0  36   0    T    M    M  6.2 28 310   M    M  10 18     35 310
 4  20   6  13 -16  52   0    T    M    M 13.4 29 320   M    M   3 8      38 320
 5  26   4  15 -14  50   0 0.00    M    M  6.9 20 130   M    M   2        23 150
 6  26  15  21  -8  44   0    T    M    M 10.8 22 330   M    M   2        27 360
 7  20  -4   8 -21  57   0    T    M    M 14.1 30 350   M    M   3 8      39 360
 8  35  -3  16 -13  49   0 0.00    M    M 15.8 30 190   M    M   3        39 200
 9  24   1  13 -16  52   0 0.00    M    M 10.1 25 340   M    M   1 8      31 350
10  40   0  20  -9  45   0 0.00    M    M  9.8 24 220   M    M   0        30 210
11  41  21  31   2  34   0    T    M    M  6.5 15 180   M    M   6 1      19 190
12  33  12  23  -6  42   0    T    M    M 12.2 22  10   M    M   2 1      26  10
13  28   4  16 -13  49   0 0.00    M    M  4.2 13  30   M    M   2 8      16  30
14  41  13  27  -2  38   0 0.00    M    M  3.4 10 190   M    M   6 18     14 220
15  50   9  30   1  35   0 0.00    M    M  4.2 16 300   M    M   0 18     19 280
16  63  15  39  10  26   0 0.00    M    M  8.3 24 220   M    M   0 18     31 230
17  57  27  42  13  23   0 0.00    M    M 13.5 33 310   M    M   0        49 320
18  63  20  42  13  23   0 0.00    M    M  3.9 14 320   M    M   0 8      19 230
19  67  19  43  14  22   0 0.00    M    M  7.2 25 300   M    M   0        30 300
20  52  21  37   8  28   0 0.00    M    M  6.8 16 280   M    M   1        21 280
21  51  18  35   6  30   0 0.00    M    M  8.1 18 280   M    M   0 8      22 310
22  38  16  27  -3  38   0 0.00    M    M  4.0  9  10   M    M   8        11 330
23  50  12  31   1  34   0 0.00    M    M  5.0 16 230   M    M   1 18     19 220
24  62  21  42  12  23   0 0.04    M    M  8.4 24 280   M    M   2        35 270
25  48  23  36   6  29   0 0.01    M    M 15.5 32 330   M    M   9 18     40 320
26  65  18  42  12  23   0 0.00    M    M  6.6 21 330   M    M   0 18     26 310
27  58  22  40  10  25   0 0.00    M    M  7.4 14 140   M    M   0        17 140
28  76  32  54  24  11   0 0.00    M    M 11.5 28 320   M    M   0        35 320
29  54  18  36   6  29   0 0.00    M    M 17.7 36 340   M    M   5        48 340
30  41  13  27  -3  38   0 0.00    M    M  3.7  8 160   M    M   0 1      10 170
================================================================================
SM 1342  435      1056   0  0.05    M    258.9          M       79
================================================================================
AV 44.7 14.5                               8.6 FASTST   M    M   3    MAX(MPH)
                                 MISC ---->  # 36 340               # 49  320
================================================================================
NOTES:
# LAST OF SEVERAL OCCURRENCES

COLUMN 17 PEAK WIND IN M.P.H.

PRELIMINARY LOCAL CLIMATOLOGICAL DATA (WS FORM: F-6) , PAGE 2

                                          STATION:  Lawrence KS
                                          MONTH:    JANUARY
                                          YEAR:     2015
                                          LATITUDE:   39  0 N
                                          LONGITUDE:  95 13 W

[TEMPERATURE DATA]      [PRECIPITATION DATA]       SYMBOLS USED IN COLUMN 16

AVERAGE MONTHLY: 29.6   TOTAL FOR MONTH:   0.05    1 = FOG OR MIST
DPTR FM NORMAL:   0.3   DPTR FM NORMAL:   -0.91    2 = FOG REDUCING VISIBILITY
HIGHEST:    76 ON 28    GRTST 24HR  0.05 ON 24-25      TO 1/4 MILE OR LESS
LOWEST:     -4 ON  7                               3 = THUNDER
                        SNOW, ICE PELLETS, HAIL    4 = ICE PELLETS
                        TOTAL MONTH:    M          5 = HAIL
                        GRTST 24HR    M  ON   M    6 = FREEZING RAIN OR DRIZZLE
                        GRTST DEPTH:  M  ON   M    7 = DUSTSTORM OR SANDSTORM:
                                                       VSBY 1/2 MILE OR LESS
                                                   8 = SMOKE OR HAZE
[NO. OF DAYS WITH]      [WEATHER - DAYS WITH]      9 = BLOWING SNOW
                                                   X = TORNADO
MAX 32 OR BELOW:   6    0.01 INCH OR MORE:   2
MAX 90 OR ABOVE:   0    0.10 INCH OR MORE:   0
MIN 32 OR BELOW:  30    0.50 INCH OR MORE:   0
MIN  0 OR BELOW:   3    1.00 INCH OR MORE:   0

[HDD (BASE 65) ]
TOTAL THIS MO.  1056    CLEAR  (SCALE 0-3)  22
DPTR FM NORMAL   -14    PTCLDY (SCALE 4-7)   5
TOTAL FM JUL 1  3170    CLOUDY (SCALE 8-10)  3
DPTR FM NORMAL    57

[CDD (BASE 65) ]
TOTAL THIS MO.     0
DPTR FM NORMAL     0    [PRESSURE DATA]
TOTAL FM JAN 1     0    HIGHEST SLP M ON M
DPTR FM NORMAL     0    LOWEST  SLP 29.67 ON 28

[REMARKS]
#FINAL-01-15#
