000
CXUS53 KGID 010730
CF6LXN
PRELIMINARY LOCAL CLIMATOLOGICAL DATA (WS FORM: F-6)

                                          STATION:   LEXINGTON
                                          MONTH:     FEBRUARY
                                          YEAR:      2015
                                          LATITUDE:   40 47 N
                                          LONGITUDE:  99 46 W

  TEMPERATURE IN F:       :PCPN:    SNOW:  WIND      :SUNSHINE: SKY     :PK WND
================================================================================
1   2   3   4   5  6A  6B    7    8   9   10  11  12  13   14  15   16   17  18
                                     12Z  AVG MX 2MIN
DY MAX MIN AVG DEP HDD CDD  WTR  SNW DPTH SPD SPD DIR MIN PSBL S-S WX    SPD DR
================================================================================

 1  23  -1  11   M  54   0    M    M    M 21.7 31 350   M    M   8 18     38 340
 2  37  -3  17   M  48   0 0.00    M    M  5.2 13 230   M    M   1         M  M
 3  54  21  38   M  27   0 0.00    M    M  5.3 12  50   M    M   2         M  M
 4  33  -5  14   M  51   0    M    M    M 11.4 23  10   M    M   6 1      28  10
 5  45  -4  21   M  44   0 0.00    M    M  9.2 17 200   M    M   0         M  M
 6  62  30  46   M  19   0 0.00    M    M  5.6 10 210   M    M   0         M  M
 7  69  31  50   M  15   0 0.00    M    M  8.3 22 320   M    M   0        29 320
 8  67  31  49   M  16   0 0.00    M    M 11.3 20 330   M    M   0        23 330
 9  66  28  47   M  18   0 0.00    M    M  9.2 18 170   M    M   2 1      22 170
10  66  38  52   M  13   0 0.00    M    M  9.9 17 200   M    M   5 12     22 200
11  47  27  37   M  28   0 0.00    M    M 12.4 21 350   M    M   3        27 350
12  31  16  24   M  41   0 0.00    M    M 10.5 17  30   M    M   4        20  50
13  60  21  41   M  24   0 0.00    M    M  7.1 13 290   M    M   0        17 270
14  36  19  28   M  37   0 0.00    M    M 12.5 23  50   M    M   6        28  50
15  30  18  24   M  41   0 0.00    M    M  4.8 12 130   M    M   8         M  M
16  44  20  32   M  33   0    T    M    M  7.5 14 310   M    M   7        20 340
17  32  17  25   M  40   0 0.00    M    M 15.0 25 350   M    M   4        35  10
18  30  10  20   M  45   0 0.00    M    M 10.6 17 330   M    M   4        24 330
19  37  17  27   M  38   0 0.00    M    M 11.5 17 160   M    M   3        22 180
20  54  19  37   M  28   0 0.00    M    M  4.7 16  40   M    M   6        21  40
21  42  21  32   M  33   0    T    M    M 12.3 20  20   M    M   8        27  20
22  21   8  15   M  50   0 0.00    M    M 10.1 16  10   M    M   5        20  10
23  29   1  15   M  50   0 0.00    M    M  8.4 17 220   M    M   0        21 230
24  54  15  35   M  30   0 0.00    M    M 10.5 20 350   M    M   0        27 350
25  47  16  32   M  33   0 0.00    M    M 15.3 31 360   M    M   7        37 360
26  21   2  12   M  53   0 0.00    M    M 12.4 21 360   M    M   1        28 360
27  25  -4  11   M  54   0 0.00    M    M  7.2 15 170   M    M   3        20 170
28  29  14  22   M  43   0    M    M    M  9.7 15 160   M    M   7        21 190
================================================================================
SM 1191  423      1006   0    T     M    279.6          M      100
================================================================================
AV 42.5 15.1                              10.0 FASTST   M    M   4    MAX(MPH)
                                 MISC ---->    31   M               # 38  340
================================================================================
NOTES:
# LAST OF SEVERAL OCCURRENCES

COLUMN 17 PEAK WIND IN M.P.H.

PRELIMINARY LOCAL CLIMATOLOGICAL DATA (WS FORM: F-6) , PAGE 2

                                          STATION:  LEXINGTON
                                          MONTH:    FEBRUARY
                                          YEAR:     2015
                                          LATITUDE:   40 47 N
                                          LONGITUDE:  99 46 W

[TEMPERATURE DATA]      [PRECIPITATION DATA]       SYMBOLS USED IN COLUMN 16

AVERAGE MONTHLY: 28.8   TOTAL FOR MONTH:      T    1 = FOG OR MIST
DPTR FM NORMAL:     M   DPTR FM NORMAL:       M    2 = FOG REDUCING VISIBILITY
HIGHEST:    69 ON  7    GRTST 24HR    T  ON 21-21      TO 1/4 MILE OR LESS
LOWEST:     -5 ON  4                               3 = THUNDER
                        SNOW, ICE PELLETS, HAIL    4 = ICE PELLETS
                        TOTAL MONTH:    M          5 = HAIL
                        GRTST 24HR    M  ON   M    6 = FREEZING RAIN OR DRIZZLE
                        GRTST DEPTH:  M  ON   M    7 = DUSTSTORM OR SANDSTORM:
                                                       VSBY 1/2 MILE OR LESS
                                                   8 = SMOKE OR HAZE
[NO. OF DAYS WITH]      [WEATHER - DAYS WITH]      9 = BLOWING SNOW
                                                   X = TORNADO
MAX 32 OR BELOW:  10    0.01 INCH OR MORE:   0
MAX 90 OR ABOVE:   0    0.10 INCH OR MORE:   0
MIN 32 OR BELOW:  27    0.50 INCH OR MORE:   0
MIN  0 OR BELOW:   5    1.00 INCH OR MORE:   0

[HDD (BASE 65) ]
TOTAL THIS MO.  1006    CLEAR  (SCALE 0-3)  14
DPTR FM NORMAL     M    PTCLDY (SCALE 4-7)  13
TOTAL FM JUL 1  4598    CLOUDY (SCALE 8-10)  1
DPTR FM NORMAL     M

[CDD (BASE 65) ]
TOTAL THIS MO.     0
DPTR FM NORMAL     M    [PRESSURE DATA]
TOTAL FM JAN 1     0    HIGHEST SLP M ON M
DPTR FM NORMAL     M    LOWEST  SLP M ON M

[REMARKS]
#FINAL-02-15#
