000
CXUS55 KEAX 300736
CF6LXT
PRELIMINARY LOCAL CLIMATOLOGICAL DATA (WS FORM: F-6)

                                          STATION:   Lee`s Summit MO
                                          MONTH:     SEPTEMBER
                                          YEAR:      2016
                                          LATITUDE:   38 57 N
                                          LONGITUDE:  94 22 W

  TEMPERATURE IN F:       :PCPN:    SNOW:  WIND      :SUNSHINE: SKY     :PK WND
================================================================================
1   2   3   4   5  6A  6B    7    8   9   10  11  12  13   14  15   16   17  18
                                     12Z  AVG MX 2MIN
DY MAX MIN AVG DEP HDD CDD  WTR  SNW DPTH SPD SPD DIR MIN PSBL S-S WX    SPD DR
================================================================================

 1  79  60  70  -4   0   5 0.00    M    M  7.4 16  40   M    M   1        20  40
 2  77  60  69  -4   0   4 0.00    M    M  6.3 13  90   M    M   1        16  70
 3  79  61  70  -3   0   5 0.00    M    M  6.9 14 160   M    M   2        19 160
 4  82  63  73   0   0   8 0.00    M    M 10.6 17 160   M    M   0        23 160
 5  90  67  79   7   0  14 0.00    M    M 12.8 23 190   M    M   1        29 210
 6  91  75  83  11   0  18 0.00    M    M 13.7 25 200   M    M   0        31 220
 7  89  75  82  10   0  17 0.00    M    M 15.0 24 210   M    M   1        32 210
 8  81  73  77   6   0  12 0.56    M    M  7.3 20 190   M    M   6 13     25 200
 9  84  68  76   5   0  11 1.04    M    M  6.4 20 340   M    M   4 13     26 330
10  74  58  66  -4   0   1 0.02    M    M  9.9 21 320   M    M   1 1      29 330
11  77  57  67  -3   0   2 0.00    M    M  8.7 15 170   M    M   0        20 190
12  84  62  73   3   0   8 0.00    M    M 11.5 22 170   M    M   1        27 180
13  84  66  75   6   0  10 1.57    M    M  8.5 23  30   M    M   5 13     28  10
14  77  66  72   3   0   7 0.29    M    M  8.0 21  30   M    M   6 13     25  30
15  86  66  76   8   0  11 0.00    M    M  7.4 20 190   M    M   1 1      24 190
16  72  63  68   0   0   3 0.33    M    M  6.9 25 340   M    M   4 13     31 330
17  82  62  72   4   0   7 0.00    M    M  4.1 14 250   M    M   3 1      18 250
18  84  63  74   7   0   9 0.00    M    M  6.7 14 140   M    M   0        17 160
19  89  67  78  11   0  13 0.00    M    M  9.3 23  60   M    M   1 3      29  70
20  92  69  81  15   0  16 0.00    M    M  7.4 14 210   M    M   0        18 190
21  90  74  82  16   0  17 0.00    M    M 10.0 17 190   M    M   1        24 200
22  88  69  79  13   0  14 0.00    M    M 11.1 20 200   M    M   0        23 200
23  88  68  78  13   0  13 0.00    M    M  8.1 15 160   M    M   0         M  M
24  89  70  80  15   0  15 0.00    M    M 10.0 18 130   M    M   2        24 140
25  71  60  66   2   0   1 0.74    M    M  6.1 20 340   M    M   5 1      24 330
26  73  51  62  -2   3   0 0.00    M    M  6.3 16 320   M    M   0        19 300
27  80  54  67   3   0   2 0.00    M    M  7.0 15 300   M    M   0        19 300
28  68  53  61  -2   4   0 0.00    M    M 11.1 21  10   M    M   1        29 350
29  72  50  61  -2   4   0 0.00    M    M  8.3 16  10   M    M   0        20 350
================================================================================
SM 2372 1850        11 243  4.55    M    252.8          M       47
================================================================================
AV 81.8 63.8                               8.7 FASTST   M    M   2    MAX(MPH)
                                 MISC ---->  # 25 200               # 32  210
================================================================================
NOTES:
# LAST OF SEVERAL OCCURRENCES

COLUMN 17 PEAK WIND IN M.P.H.

PRELIMINARY LOCAL CLIMATOLOGICAL DATA (WS FORM: F-6) , PAGE 2

                                          STATION:  Lee`s Summit MO
                                          MONTH:    SEPTEMBER
                                          YEAR:     2016
                                          LATITUDE:   38 57 N
                                          LONGITUDE:  94 22 W

[TEMPERATURE DATA]      [PRECIPITATION DATA]       SYMBOLS USED IN COLUMN 16

AVERAGE MONTHLY: 72.8   TOTAL FOR MONTH:   4.55    1 = FOG OR MIST
DPTR FM NORMAL:   4.4   DPTR FM NORMAL:    0.27    2 = FOG REDUCING VISIBILITY
HIGHEST:    92 ON 20    GRTST 24HR  1.86 ON 13-14      TO 1/4 MILE OR LESS
LOWEST:     50 ON 29                               3 = THUNDER
                        SNOW, ICE PELLETS, HAIL    4 = ICE PELLETS
                        TOTAL MONTH:    M          5 = HAIL
                        GRTST 24HR    M  ON   M    6 = FREEZING RAIN OR DRIZZLE
                        GRTST DEPTH:  M  ON   M    7 = DUSTSTORM OR SANDSTORM:
                                                       VSBY 1/2 MILE OR LESS
                                                   8 = SMOKE OR HAZE
[NO. OF DAYS WITH]      [WEATHER - DAYS WITH]      9 = BLOWING SNOW
                                                   X = TORNADO
MAX 32 OR BELOW:   0    0.01 INCH OR MORE:   7
MAX 90 OR ABOVE:   4    0.10 INCH OR MORE:   6
MIN 32 OR BELOW:   0    0.50 INCH OR MORE:   4
MIN  0 OR BELOW:   0    1.00 INCH OR MORE:   2

[HDD (BASE 65) ]
TOTAL THIS MO.    11    CLEAR  (SCALE 0-3)  22
DPTR FM NORMAL   -33    PTCLDY (SCALE 4-7)   7
TOTAL FM JUL 1    11    CLOUDY (SCALE 8-10)  0
DPTR FM NORMAL   -35

[CDD (BASE 65) ]
TOTAL THIS MO.   243
DPTR FM NORMAL    99    [PRESSURE DATA]
TOTAL FM JAN 1  2600    HIGHEST SLP  0.00 ON M
DPTR FM NORMAL  1314    LOWEST  SLP  0.00 ON M

[REMARKS]
