000
CXUS55 KEAX 240736
CF6LXT
PRELIMINARY LOCAL CLIMATOLOGICAL DATA (WS FORM: F-6)

                                          STATION:   Lee`s Summit MO
                                          MONTH:     MAY
                                          YEAR:      2017
                                          LATITUDE:   38 57 N
                                          LONGITUDE:  94 22 W

  TEMPERATURE IN F:       :PCPN:    SNOW:  WIND      :SUNSHINE: SKY     :PK WND
================================================================================
1   2   3   4   5  6A  6B    7    8   9   10  11  12  13   14  15   16   17  18
                                     12Z  AVG MX 2MIN
DY MAX MIN AVG DEP HDD CDD  WTR  SNW DPTH SPD SPD DIR MIN PSBL S-S WX    SPD DR
================================================================================

 1   M  39   M   M   M   M 0.01    M    M 13.6 17 270   0    0   0        39 240
 2  67   M   M   M   M   M    M    M    M   M   M   M   M    M   M         M  M
 3  55  44  50 -10  15   0 0.72    M    M 10.2 23  70   M    M   9 1      29  60
 4  68  40  54  -7  11   0 0.00    M    M 12.4 25  10   M    M   1        34 340
 5  73  48  61   0   4   0 0.00    M    M  7.9 18 350   M    M   0        23 350
 6  77  55  66   5   0   1 0.00    M    M  9.1 18 330   M    M   0        26 290
 7  80  55  68   6   0   3 0.00    M    M  8.7 14 190   M    M   0        19 160
 8  83  62  73  11   0   8 0.00    M    M 11.2 21 190   M    M   0        26 170
 9  85  64  75  13   0  10 0.00    M    M 10.9 17 210   M    M   1        23 180
10  80  67  74  11   0   9 0.05    M    M 10.6 33 200   M    M   3 38     44 200
11  67  59  63   0   2   0 0.01    M    M  8.7 17  30   M    M  10 1      25  20
12  74  55  65   2   0   0 0.00    M    M  8.8 18 360   M    M   1        23  20
13  80  50  65   1   0   0 0.00    M    M  6.6 17 190   M    M   0        23 190
14  83  59  71   7   0   6 0.00    M    M 14.7 26 210   M    M   0        32 190
15  88  63  76  12   0  11 0.00    M    M 15.3 25 210   M    M   0 8      32 210
16  85  67  76  11   0  11 0.00    M    M 19.0 31 200   M    M   1 8      41 200
17  81  68  75  10   0  10 0.01    M    M 19.9 38 210   M    M   3 38     51 210
18  85  58  72   7   0   7 0.59    M    M  7.7 29  20   M    M   4 13     43 270
19  72  60  66   0   0   1 0.83    M    M  9.8 22 350   M    M   8 13     27 130
20  66  51  59  -7   6   0 0.12    M    M 11.9 21 240   M    M   8 13     28 220
21  70  45  58  -8   7   0 0.00    M    M 10.3 25 310   M    M   0        31 310
22  72  55  64  -2   1   0 0.19    M    M  9.0 20 330   M    M   4 13     26 220
23  67  51  59  -8   6   0 0.04    M    M  8.1 20 360   M    M   8 1      23 330
================================================================================
SM 1658 1215        52  77  2.57    M    244.4            0     61
================================================================================
AV 75.4 55.2                              11.1 FASTST    0   0   3    MAX(MPH)
                                 MISC ---->  # 38 210               # 51  210
================================================================================
NOTES:
# LAST OF SEVERAL OCCURRENCES

COLUMN 17 PEAK WIND IN M.P.H.

PRELIMINARY LOCAL CLIMATOLOGICAL DATA (WS FORM: F-6) , PAGE 2

                                          STATION:  Lee`s Summit MO
                                          MONTH:    MAY
                                          YEAR:     2017
                                          LATITUDE:   38 57 N
                                          LONGITUDE:  94 22 W

[TEMPERATURE DATA]      [PRECIPITATION DATA]       SYMBOLS USED IN COLUMN 16

AVERAGE MONTHLY: 65.3   TOTAL FOR MONTH:   2.57    1 = FOG OR MIST
DPTR FM NORMAL:   2.0   DPTR FM NORMAL:   -1.85    2 = FOG REDUCING VISIBILITY
HIGHEST:    88 ON 15    GRTST 24HR  0.83 ON 19-19      TO 1/4 MILE OR LESS
LOWEST:     39 ON  1                               3 = THUNDER
                        SNOW, ICE PELLETS, HAIL    4 = ICE PELLETS
                        TOTAL MONTH:    M          5 = HAIL
                        GRTST 24HR    M  ON   M    6 = FREEZING RAIN OR DRIZZLE
                        GRTST DEPTH:  M  ON   M    7 = DUSTSTORM OR SANDSTORM:
                                                       VSBY 1/2 MILE OR LESS
                                                   8 = SMOKE OR HAZE
[NO. OF DAYS WITH]      [WEATHER - DAYS WITH]      9 = BLOWING SNOW
                                                   X = TORNADO
MAX 32 OR BELOW:   0    0.01 INCH OR MORE:  10
MAX 90 OR ABOVE:   0    0.10 INCH OR MORE:   5
MIN 32 OR BELOW:   0    0.50 INCH OR MORE:   3
MIN  0 OR BELOW:   0    1.00 INCH OR MORE:   0

[HDD (BASE 65) ]
TOTAL THIS MO.    52    CLEAR  (SCALE 0-3)  14
DPTR FM NORMAL   -36    PTCLDY (SCALE 4-7)   3
TOTAL FM JUL 1  3774    CLOUDY (SCALE 8-10)  5
DPTR FM NORMAL -1258

[CDD (BASE 65) ]
TOTAL THIS MO.    77
DPTR FM NORMAL    30    [PRESSURE DATA]
TOTAL FM JAN 1   119    HIGHEST SLP  0.00 ON M
DPTR FM NORMAL    61    LOWEST  SLP  0.00 ON M

[REMARKS]
