000
CXUS51 KRNK 171149 RRA
CF6LYH

PRELIMINARY LOCAL CLIMATOLOGICAL DATA (WS FORM: F-6)

                                          STATION:   LYNCHBURG VA
                                          MONTH:     DECEMBER
                                          YEAR:      2014
                                          LATITUDE:   37 19 N
                                          LONGITUDE:  79 12 W

  TEMPERATURE IN F:       :PCPN:    SNOW:  WIND      :SUNSHINE: SKY     :PK WND
================================================================================
1   2   3   4   5  6A  6B    7    8   9   10  11  12  13   14  15   16   17  18
                                     12Z  AVG MX 2MIN
DY MAX MIN AVG DEP HDD CDD  WTR  SNW DPTH SPD SPD DIR MIN PSBL S-S WX    SPD DR
================================================================================

 1  70  40  55  14  10   0 0.32  0.0    0  6.0 18  40   M    M   2 1      25  40
 2  48  35  42   1  23   0 0.47  0.0    0  8.5 23  50   M    M  10 1      29  70
 3  54  36  45   4  20   0    T  0.0    0  5.0 12 200   M    M   7 12     14 280
 4  45  34  40   0  25   0 0.07  0.0    0  2.0  9 110   M    M   5 1      12 140
 5  43  37  40   0  25   0 0.02  0.0    0  1.7  8  40   M    M  10 1      10  20
 6  49  39  44   4  21   0 0.13  0.0    0  5.6 18  20   M    M   8 1      23  20
 7  50  34  42   3  23   0 0.00  0.0    0 10.0 22  40   M    M   1        28  30
 8  40  30  35  -4  30   0 0.34  0.0    0  9.9 18  30   M    M   8 1      21  30
 9  45  35  40   1  25   0 0.11  0.0    0  5.4 12 320   M    M   9 1      19 330
10  48  33  41   2  24   0 0.00  0.0    0  7.2 18 300   M    M   2        27 300
11  45  29  37  -1  28   0 0.00  0.0    0  6.6 17 300   M    M   0        26 300
12  52  29  41   3  24   0 0.00  0.0    0  6.0 16 270   M    M   1        24 280
13  57  23  40   2  25   0 0.00  0.0    0  3.5  9 280   M    M   0        14 280
14  57  30  44   6  21   0 0.00  0.0    0  4.3 15 320   M    M   0        22 310
15  54  27  41   4  24   0 0.00  0.0    0  1.8 10 190   M    M   0 1      14 190
16  48  30  39   2  26   0 0.25  0.0    0  2.4  9 170   M    M   7 1      13 280
================================================================================
SM  805  521       374   0  1.71     0.0  85.9          M       70
================================================================================
AV 50.3 32.6                               5.4 FASTST   M    M   4    MAX(MPH)
                                 MISC ---->  # 23  50               # 29   70
================================================================================
NOTES:
# LAST OF SEVERAL OCCURRENCES

COLUMN 17 PEAK WIND IN M.P.H.

PRELIMINARY LOCAL CLIMATOLOGICAL DATA (WS FORM: F-6) , PAGE 2

                                          STATION:  LYNCHBURG VA
                                          MONTH:    DECEMBER
                                          YEAR:     2014
                                          LATITUDE:   37 19 N
                                          LONGITUDE:  79 12 W

[TEMPERATURE DATA]      [PRECIPITATION DATA]       SYMBOLS USED IN COLUMN 16

AVERAGE MONTHLY: 41.4   TOTAL FOR MONTH:   1.71    1 = FOG OR MIST
DPTR FM NORMAL:   2.4   DPTR FM NORMAL:   -0.08    2 = FOG REDUCING VISIBILITY
HIGHEST:    70 ON  1    GRTST 24HR  0.79 ON  1- 2      TO 1/4 MILE OR LESS
LOWEST:     23 ON 13                               3 = THUNDER
                        SNOW, ICE PELLETS, HAIL    4 = ICE PELLETS
                        TOTAL MONTH:   0.0 INCH    5 = HAIL
                        GRTST 24HR     0.0         6 = FREEZING RAIN OR DRIZZLE
                        GRTST DEPTH:   0           7 = DUSTSTORM OR SANDSTORM:
                                                       VSBY 1/2 MILE OR LESS
                                                   8 = SMOKE OR HAZE
[NO. OF DAYS WITH]      [WEATHER - DAYS WITH]      9 = BLOWING SNOW
                                                   X = TORNADO
MAX 32 OR BELOW:   0    0.01 INCH OR MORE:   8
MAX 90 OR ABOVE:   0    0.10 INCH OR MORE:   6
MIN 32 OR BELOW:   7    0.50 INCH OR MORE:   0
MIN  0 OR BELOW:   0    1.00 INCH OR MORE:   0

[HDD (BASE 65) ]
TOTAL THIS MO.   374    CLEAR  (SCALE 0-3)   8
DPTR FM NORMAL   -41    PTCLDY (SCALE 4-7)   5
TOTAL FM JUL 1  1350    CLOUDY (SCALE 8-10)  3
DPTR FM NORMAL    41

[CDD (BASE 65) ]
TOTAL THIS MO.     0
DPTR FM NORMAL     0    [PRESSURE DATA]
TOTAL FM JAN 1   967    HIGHEST SLP M ON M
DPTR FM NORMAL   -65    LOWEST  SLP 29.87 ON 16


[REMARKS]
DUE TO A SYSTEM FAILURE CAUSING MISSING TEMPERATURES ON
AUGUST 21-24...THE SEASONAL TOTAL AND DEPARTURE FROM NORMAL FOR CDD
WILL BE CALCULATED WITHOUT DATA FROM THOSE DATES.
