000
CXUS56 KHNX 261146
CF6MAE
PRELIMINARY LOCAL CLIMATOLOGICAL DATA (WS FORM: F-6)

                                          STATION:   MADERA CA AIRPORT
                                          MONTH:     SEPTEMBER
                                          YEAR:      2016
                                          LATITUDE:   36 58 N
                                          LONGITUDE: 120  7 W

  TEMPERATURE IN F:       :PCPN:    SNOW:  WIND      :SUNSHINE: SKY     :PK WND
================================================================================
1   2   3   4   5  6A  6B    7    8   9   10  11  12  13   14  15   16   17  18
                                     12Z  AVG MX 2MIN
DY MAX MIN AVG DEP HDD CDD  WTR  SNW DPTH SPD SPD DIR MIN PSBL S-S WX    SPD DR
================================================================================

 1  94  57  76   1   0  11 0.00  0.0    0  6.8 13 330   M    M   2        18 290
 2  95  57  76   1   0  11 0.00  0.0    0  5.4 13 260   M    M   2 8      16 250
 3  89  59  74  -1   0   9 0.00  0.0    0  6.9 17 290   M    M   1 8      23 280
 4  81  53  67  -8   0   2 0.00  0.0    0  6.9 16 320   M    M   0        19 320
 5  86  52  69  -6   0   4 0.00  0.0    0  5.0 13 300   M    M   1        16 260
 6  93  54  74  -1   0   9 0.00  0.0    0  3.6 14 310   M    M   0 8      18 300
 7  96  56  76   2   0  11 0.00  0.0    0  3.0 10 310   M    M   0 8      17 300
 8  96  57  77   3   0  12 0.00  0.0    0  6.9 15 300   M    M   0 8      17 310
 9  96  56  76   2   0  11 0.00  0.0    0  5.3 13 300   M    M   0        16 310
10  98  60  79   5   0  14 0.00  0.0    0  4.3 13 320   M    M   0 8      15 320
11  96  62  79   5   0  14 0.00  0.0    0  5.5 12 300   M    M   0        15 290
12  88  57  73  -1   0   8 0.00  0.0    0  7.3 21 300   M    M   0 8      24 300
13  75  50  63 -10   2   0 0.00  0.0    0  4.6 15 170   M    M   0 8      20 150
14  82  50  66  -7   0   1 0.00  0.0    0  3.7 12 290   M    M   0 8      15 270
15  88  52  70  -3   0   5 0.00  0.0    0  4.9 13 340   M    M   0 8      16 350
16  91  52  72  -1   0   7 0.00  0.0    0  4.4 12 290   M    M   0 8      19 300
17  95  57  76   3   0  11 0.00  0.0    0  4.2 10 300   M    M   0        13 310
18  99  59  79   7   0  14 0.00  0.0    0  3.6  9 310   M    M   0        12 310
19 104  60  82  10   0  17 0.00  0.0    0  4.8 13 280   M    M   1        15 290
20  96  64  80   8   0  15 0.00  0.0    0  4.9 10 320   M    M   0 8      13 130
21  88  58  73   1   0   8    T  0.0    0  8.1 15 290   M    M   0 8      19 290
22  76  52  64  -7   1   0 0.00  0.0    0  9.6 21 300   M    M   0        26 290
23  83  48  66  -5   0   1 0.00  0.0    0  4.8 16 310   M    M   0        26  10
24  86  52  69  -2   0   4 0.00  0.0    0  2.8  9 290   M    M   0        12 280
25  96  56  76   5   0  11 0.00  0.0    0  4.0 12 120   M    M   1        13 130
================================================================================
SM 2267 1390         3 210    T      0.0 131.3          M        8
================================================================================
AV 90.7 55.6                               5.3 FASTST   M    M   0    MAX(MPH)
                                 MISC ---->  # 21 300               # 26  290
================================================================================
NOTES:
# LAST OF SEVERAL OCCURRENCES

COLUMN 17 PEAK WIND IN M.P.H.

PRELIMINARY LOCAL CLIMATOLOGICAL DATA (WS FORM: F-6) , PAGE 2

                                          STATION:  MADERA CA AIRPORT
                                          MONTH:    SEPTEMBER
                                          YEAR:     2016
                                          LATITUDE:   36 58 N
                                          LONGITUDE: 120  7 W

[TEMPERATURE DATA]      [PRECIPITATION DATA]       SYMBOLS USED IN COLUMN 16

AVERAGE MONTHLY: 73.1   TOTAL FOR MONTH:      T    1 = FOG OR MIST
DPTR FM NORMAL:  -0.1   DPTR FM NORMAL:   -0.20    2 = FOG REDUCING VISIBILITY
HIGHEST:   104 ON 19    GRTST 24HR    T  ON 21-21      TO 1/4 MILE OR LESS
LOWEST:     48 ON 23                               3 = THUNDER
                        SNOW, ICE PELLETS, HAIL    4 = ICE PELLETS
                        TOTAL MONTH:   0.0 INCH    5 = HAIL
                        GRTST 24HR     0.0         6 = FREEZING RAIN OR DRIZZLE
                        GRTST DEPTH:   0           7 = DUSTSTORM OR SANDSTORM:
                                                       VSBY 1/2 MILE OR LESS
                                                   8 = SMOKE OR HAZE
[NO. OF DAYS WITH]      [WEATHER - DAYS WITH]      9 = BLOWING SNOW
                                                   X = TORNADO
MAX 32 OR BELOW:   0    0.01 INCH OR MORE:   0
MAX 90 OR ABOVE:  14    0.10 INCH OR MORE:   0
MIN 32 OR BELOW:   0    0.50 INCH OR MORE:   0
MIN  0 OR BELOW:   0    1.00 INCH OR MORE:   0

[HDD (BASE 65) ]
TOTAL THIS MO.     3    CLEAR  (SCALE 0-3)  25
DPTR FM NORMAL     2    PTCLDY (SCALE 4-7)   0
TOTAL FM JUL 1     3    CLOUDY (SCALE 8-10)  0
DPTR FM NORMAL     2

[CDD (BASE 65) ]
TOTAL THIS MO.   210
DPTR FM NORMAL    -1    [PRESSURE DATA]
TOTAL FM JAN 1  1705    HIGHEST SLP M ON M
DPTR FM NORMAL   270    LOWEST  SLP 29.70 ON  3

[REMARKS]
