000
CXUS56 KHNX 231146
CF6MAE
PRELIMINARY LOCAL CLIMATOLOGICAL DATA (WS FORM: F-6)

                                          STATION:   MADERA CA AIRPORT
                                          MONTH:     JANUARY
                                          YEAR:      2017
                                          LATITUDE:   36 58 N
                                          LONGITUDE: 120  7 W

  TEMPERATURE IN F:       :PCPN:    SNOW:  WIND      :SUNSHINE: SKY     :PK WND
================================================================================
1   2   3   4   5  6A  6B    7    8   9   10  11  12  13   14  15   16   17  18
                                     12Z  AVG MX 2MIN
DY MAX MIN AVG DEP HDD CDD  WTR  SNW DPTH SPD SPD DIR MIN PSBL S-S WX    SPD DR
================================================================================

 1  53  36  45   1  20   0 0.00  0.0    0  6.0 13 140   M    M   7 12     16 130
 2  52  39  46   2  19   0    T  0.0    0  6.0 14 150   M    M   8        16 150
 3  58  46  52   8  13   0 0.29  0.0    0 12.5 21 110   M    M   8        28 120
 4  57  51  54  10  11   0 0.25  0.0    0 12.6 21 120   M    M   9 1      26 120
 5  57  33  45   1  20   0 0.00  0.0    0  8.7 17 330   M    M   6 1      21 320
 6  52  27  40  -4  25   0 0.00  0.0    0  2.2 12 110   M    M   0 1      14 110
 7  60  46  53   8  12   0 0.55  0.0    0 12.4 20 120   M    M  10 1      25 120
 8  71  58  65  20   0   0 0.31  0.0    0 13.7 31 160   M    M   6 1      38 170
 9  62  55  59  14   6   0 0.17  0.0    0  8.6 22 150   M    M   6 1      28 150
10  58  54  56  11   9   0 0.42  0.0    0 13.3 26 140   M    M   9 1      37 130
11  61  48  55  10  10   0 0.17  0.0    0  4.1 10 140   M    M   7 13     14 210
12  54  41  48   3  17   0 0.83  0.0    0  4.6 13 360   M    M   9 1      15 340
13  50  39  45   0  20   0 0.00  0.0    0  7.3 17 340   M    M   6 12     21 340
14  49  40  45   0  20   0 0.00  0.0    0  3.7  7  70   M    M   9 128     9 150
15  47  42  45   0  20   0 0.00  0.0    0  1.4  9 320   M    M  10 1      11 320
16  50  36  43  -2  22   0 0.00  0.0    0  2.2  8 170   M    M   6 18     10 170
17  55  31  43  -3  22   0 0.00  0.0    0  3.3 10 280   M    M   0 18     12 290
18  52  38  45  -1  20   0 0.59  0.0    0 10.4 26 120   M    M   8 128    34 130
19  60  43  52   6  13   0 0.13  0.0    0  5.4 16 280   M    M   7 1      20 280
20  56  43  50   4  15   0 0.50  0.0    0 12.3 29 120   M    M   8 13     38 120
21  55  40  48   2  17   0 0.09  0.0    0  9.3 18 120   M    M   7        24 120
22  55  48  52   6  13   0 0.30  0.0    0 11.4 25 120   M    M   9 1      31 120
================================================================================
SM 1224  934       344   0  4.60     0.0 171.4          M      155
================================================================================
AV 55.6 42.5                               7.8 FASTST   M    M   7    MAX(MPH)
                                 MISC ---->  # 31 160               # 38  170
================================================================================
NOTES:
# LAST OF SEVERAL OCCURRENCES

COLUMN 17 PEAK WIND IN M.P.H.

PRELIMINARY LOCAL CLIMATOLOGICAL DATA (WS FORM: F-6) , PAGE 2

                                          STATION:  MADERA CA AIRPORT
                                          MONTH:    JANUARY
                                          YEAR:     2017
                                          LATITUDE:   36 58 N
                                          LONGITUDE: 120  7 W

[TEMPERATURE DATA]      [PRECIPITATION DATA]       SYMBOLS USED IN COLUMN 16

AVERAGE MONTHLY: 49.0   TOTAL FOR MONTH:   4.60    1 = FOG OR MIST
DPTR FM NORMAL:   4.0   DPTR FM NORMAL:    2.59    2 = FOG REDUCING VISIBILITY
HIGHEST:    71 ON  8    GRTST 24HR  0.83 ON 11-12      TO 1/4 MILE OR LESS
LOWEST:     27 ON  6                               3 = THUNDER
                        SNOW, ICE PELLETS, HAIL    4 = ICE PELLETS
                        TOTAL MONTH:   0.0 INCH    5 = HAIL
                        GRTST 24HR     0.0         6 = FREEZING RAIN OR DRIZZLE
                        GRTST DEPTH:   0           7 = DUSTSTORM OR SANDSTORM:
                                                       VSBY 1/2 MILE OR LESS
                                                   8 = SMOKE OR HAZE
[NO. OF DAYS WITH]      [WEATHER - DAYS WITH]      9 = BLOWING SNOW
                                                   X = TORNADO
MAX 32 OR BELOW:   0    0.01 INCH OR MORE:  13
MAX 90 OR ABOVE:   0    0.10 INCH OR MORE:  12
MIN 32 OR BELOW:   2    0.50 INCH OR MORE:   4
MIN  0 OR BELOW:   0    1.00 INCH OR MORE:   0

[HDD (BASE 65) ]
TOTAL THIS MO.   344    CLEAR  (SCALE 0-3)   2
DPTR FM NORMAL   -96    PTCLDY (SCALE 4-7)  13
TOTAL FM JUL 1  1204    CLOUDY (SCALE 8-10)  7
DPTR FM NORMAL  -311

[CDD (BASE 65) ]
TOTAL THIS MO.     0
DPTR FM NORMAL     0    [PRESSURE DATA]
TOTAL FM JAN 1     0    HIGHEST SLP M ON M
DPTR FM NORMAL     0    LOWEST  SLP 29.37 ON 20

[REMARKS]
