000
CXUS54 KMAF 251100
CF6MAF
PRELIMINARY LOCAL CLIMATOLOGICAL DATA (WS FORM: F-6)

                                          STATION:   Midland International Airport
                                          MONTH:     SEPTEMBER
                                          YEAR:      2017
                                          LATITUDE:   31 57 N
                                          LONGITUDE: 102 11 W

  TEMPERATURE IN F:       :PCPN:    SNOW:  WIND      :SUNSHINE: SKY     :PK WND
================================================================================
1   2   3   4   5  6A  6B    7    8   9   10  11  12  13   14  15   16   17  18
                                     12Z  AVG MX 2MIN
DY MAX MIN AVG DEP HDD CDD  WTR  SNW DPTH SPD SPD DIR MIN PSBL S-S WX    SPD DR
================================================================================

 1  92  61  77  -2   0  12 0.00  0.0    0  6.0 14 160   M    M   0        18 150
 2  96  64  80   2   0  15    T  0.0    0  6.9 23 120   M    M   1        29 120
 3  92  64  78   0   0  13 0.00  0.0    0  6.3 16 140   M    M   1        20 130
 4  93  70  82   4   0  17 0.00  0.0    0  8.7 14 160   M    M   1        20 150
 5  91  65  78   0   0  13 0.00  0.0    0 10.9 23  60   M    M   1 8      29  60
 6  85  61  73  -4   0   8 0.00  0.0    0  9.7 20  70   M    M   0 8      24  70
 7  88  61  75  -2   0  10 0.00  0.0    0 12.2 22 170   M    M   0        27 180
 8  88  60  74  -3   0   9 0.00  0.0    0 11.4 21 150   M    M   0        25 160
 9  87  61  74  -2   0   9 0.00  0.0    0 10.4 17 110   M    M   0        23 140
10  87  61  74  -2   0   9 0.00  0.0    0  8.2 16 150   M    M   0        19 130
11  91  59  75  -1   0  10 0.00  0.0    0  4.9 12  30   M    M   0        17  80
12  98  61  80   4   0  15 0.00  0.0    0  4.4 13  90   M    M   0 8      15 330
13 100  69  85  10   0  20 0.00  0.0    0  7.7 15 170   M    M   0        23 170
14 104  68  86  11   0  21 0.00  0.0    0  7.2 15 160   M    M   0 8      18 160
15  96  77  87  12   0  22 0.03  0.0    0 11.6 36 270   M    M   0 38     50 270
16  94  74  84  10   0  19 0.00  0.0    0 11.2 25 190   M    M   0 8      32 190
17  96  70  83   9   0  18 0.00  0.0    0 11.6 24 160   M    M   1 8      30 170
18  97  71  84  10   0  19 0.00  0.0    0 12.5 23 170   M    M   0        27 180
19  99  77  88  15   0  23    T  0.0    0 13.4 25 170   M    M   1        32 180
20 101  73  87  14   0  22 0.00  0.0    0 11.1 22 190   M    M   1        28 190
21  98  76  87  14   0  22 0.01  0.0    0 13.6 23 170   M    M   2 3      27 170
22  92  72  82  10   0  17 0.00  0.0    0 17.3 26 140   M    M   2        33 160
23  89  74  82  10   0  17 0.00  0.0    0 20.8 32 150   M    M   6        38 140
24  80  66  73   1   0   8 1.06  0.0    0 14.5 25 150   M    M   8 13     31 140
================================================================================
SM 2234 1615         0 368  1.10     0.0 252.5          M       25
================================================================================
AV 93.1 67.3                              10.5 FASTST   M    M   1    MAX(MPH)
                                 MISC ---->  # 36 270               # 50  270
================================================================================
NOTES:
# LAST OF SEVERAL OCCURRENCES

COLUMN 17 PEAK WIND IN M.P.H.

PRELIMINARY LOCAL CLIMATOLOGICAL DATA (WS FORM: F-6) , PAGE 2

                                          STATION:  Midland International Airport
                                          MONTH:    SEPTEMBER
                                          YEAR:     2017
                                          LATITUDE:   31 57 N
                                          LONGITUDE: 102 11 W

[TEMPERATURE DATA]      [PRECIPITATION DATA]       SYMBOLS USED IN COLUMN 16

AVERAGE MONTHLY: 80.2   TOTAL FOR MONTH:   1.10    1 = FOG OR MIST
DPTR FM NORMAL:   4.9   DPTR FM NORMAL:   -0.42    2 = FOG REDUCING VISIBILITY
HIGHEST:   104 ON 14    GRTST 24HR  1.06 ON 24-24      TO 1/4 MILE OR LESS
LOWEST:     59 ON 11                               3 = THUNDER
                        SNOW, ICE PELLETS, HAIL    4 = ICE PELLETS
                        TOTAL MONTH:   0.0 INCH    5 = HAIL
                        GRTST 24HR     0.0         6 = FREEZING RAIN OR DRIZZLE
                        GRTST DEPTH:   0           7 = DUSTSTORM OR SANDSTORM:
                                                       VSBY 1/2 MILE OR LESS
                                                   8 = SMOKE OR HAZE
[NO. OF DAYS WITH]      [WEATHER - DAYS WITH]      9 = BLOWING SNOW
                                                   X = TORNADO
MAX 32 OR BELOW:   0    0.01 INCH OR MORE:   3
MAX 90 OR ABOVE:  17    0.10 INCH OR MORE:   1
MIN 32 OR BELOW:   0    0.50 INCH OR MORE:   1
MIN  0 OR BELOW:   0    1.00 INCH OR MORE:   1

[HDD (BASE 65) ]
TOTAL THIS MO.     0    CLEAR  (SCALE 0-3)  22
DPTR FM NORMAL    -4    PTCLDY (SCALE 4-7)   2
TOTAL FM JUL 1     0    CLOUDY (SCALE 8-10)  0
DPTR FM NORMAL    -4

[CDD (BASE 65) ]
TOTAL THIS MO.   368
DPTR FM NORMAL   112    [PRESSURE DATA]
TOTAL FM JAN 1  2615    HIGHEST SLP M ON M
DPTR FM NORMAL   475    LOWEST  SLP 29.59 ON 14

[REMARKS]
