000
CXUS56 KHNX 301146
CF6MCE
PRELIMINARY LOCAL CLIMATOLOGICAL DATA (WS FORM: F-6)

                                          STATION:   MERCED CA AIRPORT
                                          MONTH:     APRIL
                                          YEAR:      2016
                                          LATITUDE:   37 16 N
                                          LONGITUDE: 120 36 W

  TEMPERATURE IN F:       :PCPN:    SNOW:  WIND      :SUNSHINE: SKY     :PK WND
================================================================================
1   2   3   4   5  6A  6B    7    8   9   10  11  12  13   14  15   16   17  18
                                     12Z  AVG MX 2MIN
DY MAX MIN AVG DEP HDD CDD  WTR  SNW DPTH SPD SPD DIR MIN PSBL S-S WX    SPD DR
================================================================================

 1  75  42  59   3   6   0 0.00  0.0    0  3.1  8 350   M    M   0        12 300
 2  81  44  63   7   2   0 0.00  0.0    0  3.3  8 320   M    M   0 1      10 340
 3  81  49  65   9   0   0 0.00  0.0    0  5.5 16 330   M    M   0 18     20 330
 4  79  48  64   8   1   0 0.00  0.0    0  8.5 21 330   M    M   0        27 320
 5  79  45  62   6   3   0 0.00  0.0    0  4.8 14 340   M    M   0        18 340
 6  86  48  67  10   0   2 0.00  0.0    0  3.0  8 350   M    M   0        12  40
 7  82  56  69  12   0   4 0.00  0.0    0  4.9 12 310   M    M   0 1      22 330
 8  76  57  67  10   0   2 1.61  0.0    0  5.3 13 320   M    M   4 13     17 320
 9  64  56  60   3   5   0 0.77  0.0    0  5.3 10 330   M    M   9 1      17 360
10  66  54  60   2   5   0 0.06  0.0    0  3.8 12 260   M    M  10 18     14 260
11  71  50  61   3   4   0 0.00  0.0    0  4.6  8 260   M    M   3        16 230
12  72  51  62   4   3   0 0.00  0.0    0  6.1 12 260   M    M   3 1      16 260
13  72  48  60   2   5   0 0.00  0.0    0  6.1 15 340   M    M   0        19 350
14  68  50  59   1   6   0 0.01  0.0    0 10.8 24 350   M    M   2 1      30 340
15  73  48  61   2   4   0 0.00  0.0    0 16.4 29 310   M    M   0        37 320
16  77  46  62   3   3   0 0.00  0.0    0  4.0 10 160   M    M   0        13 140
17  84  49  67   8   0   2 0.00  0.0    0  3.8 12 120   M    M   0        16 150
18  88  51  70  10   0   5 0.00  0.0    0  2.9  9 260   M    M   0 1      11 260
19  87  53  70  10   0   5 0.00  0.0    0  3.6 12 260   M    M   0        14 260
20  84  55  70  10   0   5 0.00  0.0    0  5.1 14 330   M    M   0        18 340
21  80  53  67   7   0   2 0.00  0.0    0  6.4 16 260   M    M   0        22 270
22  68  52  60  -1   5   0 0.22  0.0    0  7.4 21 260   M    M   6 1      30 260
23  71  48  60  -1   5   0 0.00  0.0    0  7.3 16 310   M    M   2        19 320
24  73  48  61   0   4   0 0.00  0.0    0  8.1 16 310   M    M   3        20 320
25  69  44  57  -5   8   0 0.00  0.0    0 10.4 25 300   M    M   0        32 360
26  73  42  58  -4   7   0 0.00  0.0    0  4.9 15 310   M    M   0         M  M
27  70  46  58  -4   7   0 0.92    M    0  5.0 24 260   M    M   3 13     31 270
28  75  44  60  -2   5   0 0.00  0.0    0  3.6 10  50   M    M   0 1      14  40
29  78  49  64   1   1   0 0.00  0.0    0  6.4 15 260   M    M   0 1      19 260
================================================================================
SM 2202 1426        89  27  3.59     0.0 170.4          M       45
================================================================================
AV 75.9 49.2                               5.9 FASTST   M    M   2    MAX(MPH)
                                 MISC ---->  # 29 310               # 37  320
================================================================================
NOTES:
# LAST OF SEVERAL OCCURRENCES

COLUMN 17 PEAK WIND IN M.P.H.

PRELIMINARY LOCAL CLIMATOLOGICAL DATA (WS FORM: F-6) , PAGE 2

                                          STATION:  MERCED CA AIRPORT
                                          MONTH:    APRIL
                                          YEAR:     2016
                                          LATITUDE:   37 16 N
                                          LONGITUDE: 120 36 W

[TEMPERATURE DATA]      [PRECIPITATION DATA]       SYMBOLS USED IN COLUMN 16

AVERAGE MONTHLY: 62.6   TOTAL FOR MONTH:   3.59    1 = FOG OR MIST
DPTR FM NORMAL:   3.6   DPTR FM NORMAL:    2.67    2 = FOG REDUCING VISIBILITY
HIGHEST:    88 ON 18    GRTST 24HR  2.38 ON  8- 9      TO 1/4 MILE OR LESS
LOWEST:     42 ON 26, 1                            3 = THUNDER
                        SNOW, ICE PELLETS, HAIL    4 = ICE PELLETS
                        TOTAL MONTH:   0.0 INCH    5 = HAIL
                        GRTST 24HR     0.0         6 = FREEZING RAIN OR DRIZZLE
                        GRTST DEPTH:   0           7 = DUSTSTORM OR SANDSTORM:
                                                       VSBY 1/2 MILE OR LESS
                                                   8 = SMOKE OR HAZE
[NO. OF DAYS WITH]      [WEATHER - DAYS WITH]      9 = BLOWING SNOW
                                                   X = TORNADO
MAX 32 OR BELOW:   0    0.01 INCH OR MORE:   6
MAX 90 OR ABOVE:   0    0.10 INCH OR MORE:   4
MIN 32 OR BELOW:   0    0.50 INCH OR MORE:   3
MIN  0 OR BELOW:   0    1.00 INCH OR MORE:   1

[HDD (BASE 65) ]
TOTAL THIS MO.    89    CLEAR  (SCALE 0-3)  25
DPTR FM NORMAL  -105    PTCLDY (SCALE 4-7)   2
TOTAL FM JUL 1  2236    CLOUDY (SCALE 8-10)  2
DPTR FM NORMAL  -482

[CDD (BASE 65) ]
TOTAL THIS MO.    27
DPTR FM NORMAL    12    [PRESSURE DATA]
TOTAL FM JAN 1    27    HIGHEST SLP M ON M
DPTR FM NORMAL    12    LOWEST  SLP 29.78 ON 21

[REMARKS]
