000
CXUS55 KEAX 310736
CF6MCI
PRELIMINARY LOCAL CLIMATOLOGICAL DATA (WS FORM: F-6)

                                          STATION:   Kansas City International MO
                                          MONTH:     AUGUST
                                          YEAR:      2015
                                          LATITUDE:   39 19 N
                                          LONGITUDE:  94 43 W

  TEMPERATURE IN F:       :PCPN:    SNOW:  WIND      :SUNSHINE: SKY     :PK WND
================================================================================
1   2   3   4   5  6A  6B    7    8   9   10  11  12  13   14  15   16   17  18
                                     12Z  AVG MX 2MIN
DY MAX MIN AVG DEP HDD CDD  WTR  SNW DPTH SPD SPD DIR MIN PSBL S-S WX    SPD DR
================================================================================

 1  91  69  80   2   0  15 0.00  0.0    0  6.5 23 120   M    M   4        30 130
 2  90  68  79   1   0  14 0.00  0.0    0  8.9 17 230   M    M   4        20 230
 3  87  68  78   0   0  13 0.00  0.0    0  8.4 26  40   M    M   5 8      34  30
 4  85  70  78   0   0  13 0.14  0.0    0  9.8 28 190   M    M   8 138    35 200
 5  80  67  74  -4   0   9    T  0.0    0  8.2 17  80   M    M   8 1      23 100
 6  82  66  74  -4   0   9 0.00  0.0    0  7.3 15 160   M    M   7 1      19 140
 7  91  71  81   3   0  16 0.00  0.0    0  5.8 12  60   M    M   6 8      16 330
 8  89  73  81   3   0  16 0.19  0.0    0 11.7 23  90   M    M   8 13     29 120
 9  89  77  83   5   0  18    T  0.0    0  6.7 16 120   M    M   7 13     20 120
10  87  70  79   1   0  14 0.02  0.0    0  7.0 16 340   M    M   6 138    22 340
11  84  63  74  -4   0   9 0.00  0.0    0  6.8 15  20   M    M   3 8      21  40
12  87  65  76  -2   0  11 0.00  0.0    0  3.5  8  40   M    M   2 1      10  50
13  86  65  76  -2   0  11 0.00  0.0    0  5.8 13 240   M    M   3 18     15 200
14  86  66  76  -2   0  11 0.00  0.0    0  6.2 13 180   M    M   4 8      16 180
15  88  64  76  -2   0  11 0.00  0.0    0  6.8 12 200   M    M   1        16 190
16  89  64  77  -1   0  12 0.00  0.0    0  8.5 16 190   M    M   4 8      20 190
17  89  68  79   2   0  14 0.00  0.0    0  7.9 15  30   M    M   5 18     18  10
18  81  62  72  -5   0   7 0.62  0.0    0  9.6 23 210   M    M   7 138    31 220
19  73  55  64 -13   1   0 0.00  0.0    0  9.3 20 320   M    M   4        26 330
20  82  55  69  -8   0   4 0.00  0.0    0  7.5 15 210   M    M   1 8      19 180
21  83  58  71  -6   0   6 0.00  0.0    0 12.4 22 180   M    M   3 8      26 180
22  86  69  78   2   0  13 0.00  0.0    0 12.0 23 170   M    M   5        27 160
23  77  52  65 -11   0   0    T  0.0    0 10.1 22 350   M    M   6 3      28 350
24  81  50  66 -10   0   1 0.00  0.0    0  5.7 13 290   M    M   1        21 260
25  82  56  69  -7   0   4 0.00  0.0    0  3.6  9 320   M    M   1        13 310
26  82  63  73  -3   0   8 0.00  0.0    0  7.7 14 150   M    M   3        20 140
27  77  63  70  -5   0   5 0.01  0.0    0 11.6 24  40   M    M   7 3      32  40
28  82  68  75   0   0  10    T  0.0    0 13.3 23 210   M    M   8 3      29 210
29  78  65  72  -3   0   7 0.00  0.0    0  6.2 10  10   M    M   9 1      13 350
30  85  63  74  -1   0   9 0.00  0.0    0  6.5 13 100   M    M   6 128    16 110
================================================================================
SM 2529 1933         1 290  0.98     0.0 241.3          M      146
================================================================================
AV 84.3 64.4                               8.0 FASTST   M    M   5    MAX(MPH)
                                 MISC ---->  # 28 190               # 35  200
================================================================================
NOTES:
# LAST OF SEVERAL OCCURRENCES

COLUMN 17 PEAK WIND IN M.P.H.

PRELIMINARY LOCAL CLIMATOLOGICAL DATA (WS FORM: F-6) , PAGE 2

                                          STATION:  Kansas City International MO
                                          MONTH:    AUGUST
                                          YEAR:     2015
                                          LATITUDE:   39 19 N
                                          LONGITUDE:  94 43 W

[TEMPERATURE DATA]      [PRECIPITATION DATA]       SYMBOLS USED IN COLUMN 16

AVERAGE MONTHLY: 74.4   TOTAL FOR MONTH:   0.98    1 = FOG OR MIST
DPTR FM NORMAL:  -2.7   DPTR FM NORMAL:   -2.77    2 = FOG REDUCING VISIBILITY
HIGHEST:    91 ON  7, 1 GRTST 24HR  0.62 ON 18-18      TO 1/4 MILE OR LESS
LOWEST:     50 ON 24                               3 = THUNDER
                        SNOW, ICE PELLETS, HAIL    4 = ICE PELLETS
                        TOTAL MONTH:   0.0 INCH    5 = HAIL
                        GRTST 24HR     0.0         6 = FREEZING RAIN OR DRIZZLE
                        GRTST DEPTH:   0           7 = DUSTSTORM OR SANDSTORM:
                                                       VSBY 1/2 MILE OR LESS
                                                   8 = SMOKE OR HAZE
[NO. OF DAYS WITH]      [WEATHER - DAYS WITH]      9 = BLOWING SNOW
                                                   X = TORNADO
MAX 32 OR BELOW:   0    0.01 INCH OR MORE:   5
MAX 90 OR ABOVE:   3    0.10 INCH OR MORE:   3
MIN 32 OR BELOW:   0    0.50 INCH OR MORE:   1
MIN  0 OR BELOW:   0    1.00 INCH OR MORE:   0

[HDD (BASE 65) ]
TOTAL THIS MO.     1    CLEAR  (SCALE 0-3)   8
DPTR FM NORMAL     1    PTCLDY (SCALE 4-7)  20
TOTAL FM JUL 1     3    CLOUDY (SCALE 8-10)  2
DPTR FM NORMAL     3

[CDD (BASE 65) ]
TOTAL THIS MO.   290
DPTR FM NORMAL   -76    [PRESSURE DATA]
TOTAL FM JAN 1  1061    HIGHEST SLP  0.00 ON M
DPTR FM NORMAL  -101    LOWEST  SLP  0.00 ON M

[REMARKS]
