000
CXUS55 KEAX 190736
CF6MCI
PRELIMINARY LOCAL CLIMATOLOGICAL DATA (WS FORM: F-6)

                                          STATION:   Kansas City International MO
                                          MONTH:     AUGUST
                                          YEAR:      2017
                                          LATITUDE:   39 19 N
                                          LONGITUDE:  94 43 W

  TEMPERATURE IN F:       :PCPN:    SNOW:  WIND      :SUNSHINE: SKY     :PK WND
================================================================================
1   2   3   4   5  6A  6B    7    8   9   10  11  12  13   14  15   16   17  18
                                     12Z  AVG MX 2MIN
DY MAX MIN AVG DEP HDD CDD  WTR  SNW DPTH SPD SPD DIR MIN PSBL S-S WX    SPD DR
================================================================================

 1  85  61  73  -5   0   8 0.00  0.0    0  3.1  8 270   M    M   3 18     11 240
 2  88  64  76  -2   0  11 0.00  0.0    0  4.3  9 290   M    M   5 18     11 240
 3  81  63  72  -6   0   7 0.00  0.0    0  9.2 17 320   M    M   5 8      23 320
 4  78  52  65 -13   0   0 0.00  0.0    0  5.0 13  10   M    M   2 18     18 350
 5  65  57  61 -17   4   0 2.15  0.0    0 10.4 31 150   M    M   8 13     37 140
 6  75  64  70  -8   0   5    T  0.0    0  5.8 10  40   M    M   9 12     13  40
 7  79  63  71  -7   0   6 0.00  0.0    0  6.3 13  30   M    M   7 1      16  10
 8  80  62  71  -7   0   6 0.00  0.0    0  6.0 12 130   M    M   2 18     16 130
 9  83  60  72  -6   0   7    T  0.0    0  6.9 17 160   M    M   5 18     20 200
10  85  68  77  -1   0  12 0.00  0.0    0  4.6 13  20   M    M   8 18     15  20
11  82  65  74  -4   0   9 0.01  0.0    0  7.8 14  10   M    M   5 1      20  20
12  80  62  71  -7   0   6 0.00  0.0    0  7.3 12  80   M    M   3        17  90
13  80  59  70  -8   0   5 0.00  0.0    0  9.2 15 120   M    M   4        21 130
14  85  65  75  -3   0  10 0.00  0.0    0  6.8 13 210   M    M   6 18     18 180
15  87  67  77  -1   0  12 0.00  0.0    0  6.9 14 180   M    M   5 8      19 130
16  86  68  77  -1   0  12 0.50  0.0    0  8.5 18 240   M    M   8 13     25 220
17  84  63  74  -3   0   9 0.00  0.0    0  6.7 15 280   M    M   3        20 270
18  89  62  76  -1   0  11 0.09  0.0    0  7.9 26  10   M    M   4 3      32 360
================================================================================
SM 1472 1125         4 136  2.75     0.0 122.7          M       92
================================================================================
AV 81.8 62.5                               6.8 FASTST   M    M   5    MAX(MPH)
                                 MISC ---->  # 31 150               # 37  140
================================================================================
NOTES:
# LAST OF SEVERAL OCCURRENCES

COLUMN 17 PEAK WIND IN M.P.H.

PRELIMINARY LOCAL CLIMATOLOGICAL DATA (WS FORM: F-6) , PAGE 2

                                          STATION:  Kansas City International MO
                                          MONTH:    AUGUST
                                          YEAR:     2017
                                          LATITUDE:   39 19 N
                                          LONGITUDE:  94 43 W

[TEMPERATURE DATA]      [PRECIPITATION DATA]       SYMBOLS USED IN COLUMN 16

AVERAGE MONTHLY: 72.1   TOTAL FOR MONTH:   2.75    1 = FOG OR MIST
DPTR FM NORMAL:  -5.8   DPTR FM NORMAL:    0.57    2 = FOG REDUCING VISIBILITY
HIGHEST:    89 ON 18    GRTST 24HR  2.15 ON  5- 5      TO 1/4 MILE OR LESS
LOWEST:     52 ON  4                               3 = THUNDER
                        SNOW, ICE PELLETS, HAIL    4 = ICE PELLETS
                        TOTAL MONTH:   0.0 INCH    5 = HAIL
                        GRTST 24HR     0.0         6 = FREEZING RAIN OR DRIZZLE
                        GRTST DEPTH:   0           7 = DUSTSTORM OR SANDSTORM:
                                                       VSBY 1/2 MILE OR LESS
                                                   8 = SMOKE OR HAZE
[NO. OF DAYS WITH]      [WEATHER - DAYS WITH]      9 = BLOWING SNOW
                                                   X = TORNADO
MAX 32 OR BELOW:   0    0.01 INCH OR MORE:   4
MAX 90 OR ABOVE:   0    0.10 INCH OR MORE:   2
MIN 32 OR BELOW:   0    0.50 INCH OR MORE:   2
MIN  0 OR BELOW:   0    1.00 INCH OR MORE:   1

[HDD (BASE 65) ]
TOTAL THIS MO.     4    CLEAR  (SCALE 0-3)   4
DPTR FM NORMAL     4    PTCLDY (SCALE 4-7)  13
TOTAL FM JUL 1     4    CLOUDY (SCALE 8-10)  1
DPTR FM NORMAL     4

[CDD (BASE 65) ]
TOTAL THIS MO.   136
DPTR FM NORMAL   -97    [PRESSURE DATA]
TOTAL FM JAN 1   992    HIGHEST SLP  0.00 ON M
DPTR FM NORMAL   -37    LOWEST  SLP  0.00 ON M

[REMARKS]
