000
CXUS52 KFFC 291110
CF6MCN
PRELIMINARY LOCAL CLIMATOLOGICAL DATA (WS FORM: F-6)

                                          STATION:   MACON
                                          MONTH:     SEPTEMBER
                                          YEAR:      2016
                                          LATITUDE:   32 42 N
                                          LONGITUDE:  83 39 W

  TEMPERATURE IN F:       :PCPN:    SNOW:  WIND      :SUNSHINE: SKY     :PK WND
================================================================================
1   2   3   4   5  6A  6B    7    8   9   10  11  12  13   14  15   16   17  18
                                     12Z  AVG MX 2MIN
DY MAX MIN AVG DEP HDD CDD  WTR  SNW DPTH SPD SPD DIR MIN PSBL S-S WX    SPD DR
================================================================================

 1  92  71  82   3   0  17 0.00  0.0    0  4.8 16 140   M    M   5        21 150
 2  84  69  77  -2   0  12 0.39  0.0    0 11.0 24  20   M    M   7 1      32  30
 3  83  66  75  -3   0  10 0.00  0.0    0  4.5 12  60   M    M   6        15  30
 4  89  66  78   0   0  13 0.00  0.0    0  3.7 13 150   M    M   4        17  90
 5  91  63  77  -1   0  12 0.00  0.0    0  3.1 14 100   M    M   1 1      19  60
 6  93  60  77  -1   0  12 0.00  0.0    0  2.7 12 110   M    M   0 1      15 110
 7  96  62  79   1   0  14 0.00  0.0    0  3.3 12 140   M    M   0 1      16 140
 8  96  66  81   4   0  16 0.00  0.0    0  5.2 13 150   M    M   3        16 150
 9  98  66  82   5   0  17 0.00  0.0    0  4.6 12  10   M    M   1        14  10
10  97  66  82   5   0  17 0.00  0.0    0  4.2 14 180   M    M   1        19 190
11  98  70  84   7   0  19 0.91  0.0    0  4.9 36  40   M    M   4 138    40  40
12  89  70  80   4   0  15 0.70  0.0    0  4.0 29 320   M    M   4 138    39 320
13  88  70  79   3   0  14    T  0.0    0  7.4 17 120   M    M   4 1      22 110
14  89  70  80   4   0  15 0.00  0.0    0  6.3 21  30   M    M   6        26  20
15  91  66  79   4   0  14 0.00  0.0    0  5.1 17  60   M    M   0 1      21  50
16  89  66  78   3   0  13 0.00  0.0    0  5.7 17  80   M    M   1 1      20  90
17  89  65  77   2   0  12 0.00  0.0    0  4.2 10  60   M    M   2 1      15  90
18  87  71  79   5   0  14 0.18  0.0    0  3.7 14 230   M    M   6 13     18 230
19  92  71  82   8   0  17    T  0.0    0  3.3 12 350   M    M   4 1      15 350
20  92  69  81   7   0  16 0.00  0.0    0  5.8 15  70   M    M   1        20  70
21  92  67  80   6   0  15 0.00  0.0    0  4.7 15  30   M    M   3        25  30
22  90  66  78   5   0  13 0.00  0.0    0  4.6 13  50   M    M   3        17  60
23  92  68  80   7   0  15 0.00  0.0    0  3.4 14 350   M    M   3        24  50
24  95  66  81   9   0  16 0.00  0.0    0  2.3 12  20   M    M   1 1      17  70
25  94  67  81   9   0  16 0.00  0.0    0  4.0 14 100   M    M   0 1      18 130
26  90  65  78   6   0  13 0.00  0.0    0  3.3 13  80   M    M   2 1      17  70
27  91  65  78   7   0  13 0.00  0.0    0  1.7  9 190   M    M   1 1      13 250
28  94  68  81  10   0  16 0.00  0.0    0  4.3 14 230   M    M   2        20 240
================================================================================
SM 2561 1875         0 406  2.18     0.0 125.8          M       75
================================================================================
AV 91.5 67.0                               4.5 FASTST   M    M   3    MAX(MPH)
                                 MISC ---->  # 36  40               # 40   40
================================================================================
NOTES:
# LAST OF SEVERAL OCCURRENCES

COLUMN 17 PEAK WIND IN M.P.H.

PRELIMINARY LOCAL CLIMATOLOGICAL DATA (WS FORM: F-6) , PAGE 2

                                          STATION:  MACON
                                          MONTH:    SEPTEMBER
                                          YEAR:     2016
                                          LATITUDE:   32 42 N
                                          LONGITUDE:  83 39 W

[TEMPERATURE DATA]      [PRECIPITATION DATA]       SYMBOLS USED IN COLUMN 16

AVERAGE MONTHLY: 79.2   TOTAL FOR MONTH:   2.18    1 = FOG OR MIST
DPTR FM NORMAL:   3.9   DPTR FM NORMAL:   -1.19    2 = FOG REDUCING VISIBILITY
HIGHEST:    98 ON 11, 9 GRTST 24HR  0.99 ON 11-12      TO 1/4 MILE OR LESS
LOWEST:     60 ON  6                               3 = THUNDER
                        SNOW, ICE PELLETS, HAIL    4 = ICE PELLETS
                        TOTAL MONTH:   0.0 INCH    5 = HAIL
                        GRTST 24HR     0.0         6 = FREEZING RAIN OR DRIZZLE
                        GRTST DEPTH:   0           7 = DUSTSTORM OR SANDSTORM:
                                                       VSBY 1/2 MILE OR LESS
                                                   8 = SMOKE OR HAZE
[NO. OF DAYS WITH]      [WEATHER - DAYS WITH]      9 = BLOWING SNOW
                                                   X = TORNADO
MAX 32 OR BELOW:   0    0.01 INCH OR MORE:   4
MAX 90 OR ABOVE:  19    0.10 INCH OR MORE:   4
MIN 32 OR BELOW:   0    0.50 INCH OR MORE:   2
MIN  0 OR BELOW:   0    1.00 INCH OR MORE:   0

[HDD (BASE 65) ]
TOTAL THIS MO.     0    CLEAR  (SCALE 0-3)  17
DPTR FM NORMAL    -2    PTCLDY (SCALE 4-7)  11
TOTAL FM JUL 1     0    CLOUDY (SCALE 8-10)  0
DPTR FM NORMAL    -2

[CDD (BASE 65) ]
TOTAL THIS MO.   406
DPTR FM NORMAL   113    [PRESSURE DATA]
TOTAL FM JAN 1  2433    HIGHEST SLP M ON M
DPTR FM NORMAL   396    LOWEST  SLP 29.78 ON  2

[REMARKS]
