000
CXUS52 KFFC 261110
CF6MCN
PRELIMINARY LOCAL CLIMATOLOGICAL DATA (WS FORM: F-6)

                                          STATION:   MACON
                                          MONTH:     AUGUST
                                          YEAR:      2016
                                          LATITUDE:   32 42 N
                                          LONGITUDE:  83 39 W

  TEMPERATURE IN F:       :PCPN:    SNOW:  WIND      :SUNSHINE: SKY     :PK WND
================================================================================
1   2   3   4   5  6A  6B    7    8   9   10  11  12  13   14  15   16   17  18
                                     12Z  AVG MX 2MIN
DY MAX MIN AVG DEP HDD CDD  WTR  SNW DPTH SPD SPD DIR MIN PSBL S-S WX    SPD DR
================================================================================

 1  94  74  84   2   0  19 0.16  0.0    0  2.6 26 210   M    M   1 13     33 180
 2  93  73  83   1   0  18 0.10  0.0    0  3.4 17 260   M    M   6 13     23 340
 3  89  72  81  -1   0  16 0.29  0.0    0  3.0 13 190   M    M   4 138    16 190
 4  94  73  84   2   0  19 0.38  0.0    0  5.0 21 220   M    M   3 1      24 210
 5  91  74  83   1   0  18 0.00  0.0    0  3.5  8 230   M    M   4 1      11 230
 6  97  74  86   4   0  21 0.01  0.0    0  4.0 18 300   M    M   1 1      26 290
 7  95  74  85   3   0  20 0.00  0.0    0  2.9 13 280   M    M   3        16 150
 8  85  74  80  -2   0  15    T  0.0    0  6.9 16  70   M    M   7 1      19  70
 9  87  75  81  -1   0  16 0.03  0.0    0 10.6 23 160   M    M   9 1      29 170
10  91  75  83   1   0  18 0.01  0.0    0  9.0 17 190   M    M   9 1      28  90
11  92  72  82   1   0  17 0.00  0.0    0  5.2 14 140   M    M   5 1      17 150
12  95  73  84   3   0  19 0.00  0.0    0  4.2 24 210   M    M   3        35 210
13  95  73  84   3   0  19 0.06  0.0    0  4.4 22 140   M    M   3 1      27 140
14  97  72  85   4   0  20 0.14  0.0    0  4.2 20 170   M    M   1 1      26 170
15  95  71  83   2   0  18 0.01  0.0    0  3.7 15 150   M    M   2        21 220
16  96  75  86   5   0  21 0.07  0.0    0  4.5 13 160   M    M   5 13     20 100
17  99  74  87   6   0  22    T  0.0    0  2.5 20 280   M    M   2 13     26 260
18  96  73  85   4   0  20 0.01  0.0    0  3.1 15  90   M    M   2        18  90
19  92  72  82   1   0  17 0.71  0.0    0  3.3 24 300   M    M   2 138    31 300
20  91  73  82   1   0  17 0.01  0.0    0  3.4 17 260   M    M   1 1      22 260
21  95  74  85   5   0  20 0.00  0.0    0  7.0 16 250   M    M   1        21 260
22  95  72  84   4   0  19 0.00  0.0    0  4.6 13 280   M    M   1 1      18 310
23  95  71  83   3   0  18 0.04  0.0    0  3.9 16 190   M    M   5 3      23 190
24  93  73  83   3   0  18 0.00  0.0    0  4.2 14  60   M    M   5 1      19 100
25  94  68  81   1   0  16 0.00  0.0    0  2.6 10  90   M    M   2 1      16  30
================================================================================
SM 2336 1824         0 461  2.03     0.0 111.7          M       87
================================================================================
AV 93.4 73.0                               4.5 FASTST   M    M   3    MAX(MPH)
                                 MISC ---->  # 26 210               # 35  210
================================================================================
NOTES:
# LAST OF SEVERAL OCCURRENCES

COLUMN 17 PEAK WIND IN M.P.H.

PRELIMINARY LOCAL CLIMATOLOGICAL DATA (WS FORM: F-6) , PAGE 2

                                          STATION:  MACON
                                          MONTH:    AUGUST
                                          YEAR:     2016
                                          LATITUDE:   32 42 N
                                          LONGITUDE:  83 39 W

[TEMPERATURE DATA]      [PRECIPITATION DATA]       SYMBOLS USED IN COLUMN 16

AVERAGE MONTHLY: 83.2   TOTAL FOR MONTH:   2.03    1 = FOG OR MIST
DPTR FM NORMAL:   2.0   DPTR FM NORMAL:   -1.28    2 = FOG REDUCING VISIBILITY
HIGHEST:    99 ON 17    GRTST 24HR  0.72 ON 18-19      TO 1/4 MILE OR LESS
LOWEST:     68 ON 25                               3 = THUNDER
                        SNOW, ICE PELLETS, HAIL    4 = ICE PELLETS
                        TOTAL MONTH:   0.0 INCH    5 = HAIL
                        GRTST 24HR     0.0         6 = FREEZING RAIN OR DRIZZLE
                        GRTST DEPTH:   0           7 = DUSTSTORM OR SANDSTORM:
                                                       VSBY 1/2 MILE OR LESS
                                                   8 = SMOKE OR HAZE
[NO. OF DAYS WITH]      [WEATHER - DAYS WITH]      9 = BLOWING SNOW
                                                   X = TORNADO
MAX 32 OR BELOW:   0    0.01 INCH OR MORE:  15
MAX 90 OR ABOVE:  22    0.10 INCH OR MORE:   6
MIN 32 OR BELOW:   0    0.50 INCH OR MORE:   1
MIN  0 OR BELOW:   0    1.00 INCH OR MORE:   0

[HDD (BASE 65) ]
TOTAL THIS MO.     0    CLEAR  (SCALE 0-3)  14
DPTR FM NORMAL     0    PTCLDY (SCALE 4-7)   9
TOTAL FM JUL 1     0    CLOUDY (SCALE 8-10)  2
DPTR FM NORMAL     0

[CDD (BASE 65) ]
TOTAL THIS MO.   461
DPTR FM NORMAL    56    [PRESSURE DATA]
TOTAL FM JAN 1  1919    HIGHEST SLP M ON M
DPTR FM NORMAL   261    LOWEST  SLP 29.83 ON  6

[REMARKS]
