000
CXUS52 KFFC 271110
CF6MCN
PRELIMINARY LOCAL CLIMATOLOGICAL DATA (WS FORM: F-6)

                                          STATION:   MACON
                                          MONTH:     MAY
                                          YEAR:      2017
                                          LATITUDE:   32 42 N
                                          LONGITUDE:  83 39 W

  TEMPERATURE IN F:       :PCPN:    SNOW:  WIND      :SUNSHINE: SKY     :PK WND
================================================================================
1   2   3   4   5  6A  6B    7    8   9   10  11  12  13   14  15   16   17  18
                                     12Z  AVG MX 2MIN
DY MAX MIN AVG DEP HDD CDD  WTR  SNW DPTH SPD SPD DIR MIN PSBL S-S WX    SPD DR
================================================================================

 1  79  59  69   2   0   4    T  0.0    0  9.2 31 270   M    M   5 3      41 270
 2  83  50  67  -1   0   2 0.00  0.0    0  5.6 15 280   M    M   0        22 280
 3  88  49  69   1   0   4 0.00  0.0    0  3.7 13 180   M    M   0        18 150
 4  72  59  66  -2   0   1 0.77  0.0    0  7.8 22 180   M    M   8 18     33 160
 5  59  50  55 -14  10   0 0.03  0.0    0 12.3 22 250   M    M   7 1      28 230
 6  76  49  63  -6   2   0 0.00  0.0    0 12.9 28 260   M    M   2        36 250
 7  77  49  63  -6   2   0 0.00  0.0    0  6.5 17 280   M    M   1        21 300
 8  82  46  64  -6   1   0 0.00  0.0    0  5.8 16 360   M    M   0        22  10
 9  89  52  71   1   0   6 0.00  0.0    0  4.5 16 280   M    M   0        21 280
10  90  56  73   3   0   8 0.00  0.0    0  5.3 16 270   M    M   0        19 330
11  91  59  75   5   0  10 0.00  0.0    0  6.8 18 250   M    M   0 1      22 260
12  87  61  74   3   0   9 0.00  0.0    0  7.6 17 210   M    M   3        21 210
13  80  63  72   1   0   7 1.48  0.0    0  5.3 17 340   M    M   6 13     21 330
14  84  60  72   1   0   7 0.00  0.0    0  3.7  9  90   M    M   2 12     14  50
15  89  58  74   2   0   9 0.00  0.0    0  1.9  9 250   M    M   0        14 250
16  92  60  76   4   0  11 0.00  0.0    0  4.3 15 150   M    M   0        18 150
17  93  65  79   7   0  14 0.00  0.0    0  5.9 15 130   M    M   2        19 170
18  92  68  80   7   0  15 0.00  0.0    0  5.9 15 160   M    M   3        21 140
19  88  66  77   4   0  12 0.00  0.0    0  3.8 14 150   M    M   0        19 150
20  83  68  76   3   0  11 0.94  0.0    0  4.8 22 190   M    M   6 138    31 190
21  86  71  79   6   0  14 0.09  0.0    0  6.3 15 240   M    M   4 13     20 100
22  87  67  77   3   0  12 0.13  0.0    0  3.5 14 360   M    M   4 13     17 360
23  72  67  70  -4   0   5 1.50  0.0    0  2.1  9 330   M    M   9 1      11 330
24  77  62  70  -4   0   5 1.13  0.0    0  6.5 24 190   M    M   7 13     34 190
25  76  57  67  -7   0   2 0.00  0.0    0 10.4 21 270   M    M   3        29 270
26  86  52  69  -6   0   4 0.00  0.0    0  4.2 14 260   M    M   0        21 300
================================================================================
SM 2158 1523        15 172  6.07     0.0 156.6          M       72
================================================================================
AV 83.0 58.6                               6.0 FASTST   M    M   3    MAX(MPH)
                                 MISC ---->  # 31 270               # 41  270
================================================================================
NOTES:
# LAST OF SEVERAL OCCURRENCES

COLUMN 17 PEAK WIND IN M.P.H.

PRELIMINARY LOCAL CLIMATOLOGICAL DATA (WS FORM: F-6) , PAGE 2

                                          STATION:  MACON
                                          MONTH:    MAY
                                          YEAR:     2017
                                          LATITUDE:   32 42 N
                                          LONGITUDE:  83 39 W

[TEMPERATURE DATA]      [PRECIPITATION DATA]       SYMBOLS USED IN COLUMN 16

AVERAGE MONTHLY: 70.8   TOTAL FOR MONTH:   6.07    1 = FOG OR MIST
DPTR FM NORMAL:  -0.4   DPTR FM NORMAL:    3.90    2 = FOG REDUCING VISIBILITY
HIGHEST:    93 ON 17    GRTST 24HR  1.50 ON 23-23      TO 1/4 MILE OR LESS
LOWEST:     46 ON  8                               3 = THUNDER
                        SNOW, ICE PELLETS, HAIL    4 = ICE PELLETS
                        TOTAL MONTH:   0.0 INCH    5 = HAIL
                        GRTST 24HR     0.0         6 = FREEZING RAIN OR DRIZZLE
                        GRTST DEPTH:   0           7 = DUSTSTORM OR SANDSTORM:
                                                       VSBY 1/2 MILE OR LESS
                                                   8 = SMOKE OR HAZE
[NO. OF DAYS WITH]      [WEATHER - DAYS WITH]      9 = BLOWING SNOW
                                                   X = TORNADO
MAX 32 OR BELOW:   0    0.01 INCH OR MORE:   8
MAX 90 OR ABOVE:   5    0.10 INCH OR MORE:   6
MIN 32 OR BELOW:   0    0.50 INCH OR MORE:   5
MIN  0 OR BELOW:   0    1.00 INCH OR MORE:   3

[HDD (BASE 65) ]
TOTAL THIS MO.    15    CLEAR  (SCALE 0-3)  17
DPTR FM NORMAL     4    PTCLDY (SCALE 4-7)   8
TOTAL FM JUL 1  1480    CLOUDY (SCALE 8-10)  1
DPTR FM NORMAL  -838

[CDD (BASE 65) ]
TOTAL THIS MO.   172
DPTR FM NORMAL    -3    [PRESSURE DATA]
TOTAL FM JAN 1   383    HIGHEST SLP M ON M
DPTR FM NORMAL   124    LOWEST  SLP 29.43 ON 24

[REMARKS]
