000
CXUS52 KMLB 231135
CF6MCO
PRELIMINARY LOCAL CLIMATOLOGICAL DATA (WS FORM: F-6)

                                          STATION:   ORLANDO INTL
                                          MONTH:     JULY
                                          YEAR:      2016
                                          LATITUDE:   28 25 N
                                          LONGITUDE:  81 19 W

  TEMPERATURE IN F:       :PCPN:    SNOW:  WIND      :SUNSHINE: SKY     :PK WND
================================================================================
1   2   3   4   5  6A  6B    7    8   9   10  11  12  13   14  15   16   17  18
                                     12Z  AVG MX 2MIN
DY MAX MIN AVG DEP HDD CDD  WTR  SNW DPTH SPD SPD DIR MIN PSBL S-S WX    SPD DR
================================================================================

 1  93  75  84   2   0  19 0.38  0.0    0  5.8 28 210   M    M   7 138    31 220
 2  91  74  83   1   0  18 0.45  0.0    0  3.0 18 230   M    M   7 13     25 240
 3  93  75  84   2   0  19 0.00  0.0    0  4.5 16 130   M    M   6        21 130
 4  95  77  86   4   0  21    T  0.0    0  4.7 16 190   M    M   5 3      21 200
 5  96  78  87   5   0  22 0.01  0.0    0  5.2 12 230   M    M   7 3      17 220
 6  96  79  88   6   0  23    T  0.0    0  5.3 13 340   M    M   4 3      18 330
 7  96  79  88   6   0  23 0.00  0.0    0  6.6 13 290   M    M   5 3      17 170
 8  98  78  88   6   0  23 0.00  0.0    0  4.6 16  80   M    M   5 3      19  70
 9  96  79  88   6   0  23    T  0.0    0  5.6 22 280   M    M   5 3      29 280
10  95  76  86   4   0  21    T  0.0    0  3.2 23 250   M    M   5 3      30 240
11  96  77  87   4   0  22 0.05  0.0    0  5.6 21  50   M    M   5 3      25  50
12  96  76  86   3   0  21    T  0.0    0  3.9 23 160   M    M   7 3      29 150
13  94  75  85   2   0  20 0.07  0.0    0  3.4 26  60   M    M   6 3      31  60
14  96  73  85   2   0  20    T  0.0    0  5.9 30 180   M    M   5 3      38 200
15  95  76  86   3   0  21 0.04  0.0    0  5.5 22 210   M    M   4 3      30 160
16  96  76  86   3   0  21 0.07  0.0    0  7.5 22 210   M    M   6 13     27 210
17  93  77  85   2   0  20 0.04  0.0    0  6.5 24 150   M    M   5 3      32 160
18  94  73  84   1   0  19 0.72  0.0    0  8.0 45 100   M    M   5 3      63 110
19  92  77  85   2   0  20 0.09  0.0    0  5.3 21  70   M    M   4 13     25 130
20  94  75  85   2   0  20 0.01  0.0    0  6.2 22 110   M    M   5 3      26 100
21  93  76  85   2   0  20 0.61  0.0    0  5.1 22 110   M    M   5 138    28 110
22  93  73  83   0   0  18    T  0.0    0  4.2 24 200   M    M   6 3      30 190
================================================================================
SM 2081 1674         0 454  2.54     0.0 115.6          M      119
================================================================================
AV 94.6 76.1                               5.3 FASTST   M    M   5    MAX(MPH)
                                 MISC ---->  # 45 100               # 63  110
================================================================================
NOTES:
# LAST OF SEVERAL OCCURRENCES

COLUMN 17 PEAK WIND IN M.P.H.

PRELIMINARY LOCAL CLIMATOLOGICAL DATA (WS FORM: F-6) , PAGE 2

                                          STATION:  ORLANDO INTL
                                          MONTH:    JULY
                                          YEAR:     2016
                                          LATITUDE:   28 25 N
                                          LONGITUDE:  81 19 W

[TEMPERATURE DATA]      [PRECIPITATION DATA]       SYMBOLS USED IN COLUMN 16

AVERAGE MONTHLY: 85.3   TOTAL FOR MONTH:   2.54    1 = FOG OR MIST
DPTR FM NORMAL:   2.8   DPTR FM NORMAL:   -2.56    2 = FOG REDUCING VISIBILITY
HIGHEST:    98 ON  8    GRTST 24HR  0.76 ON 18-19      TO 1/4 MILE OR LESS
LOWEST:     73 ON 22,18                            3 = THUNDER
                        SNOW, ICE PELLETS, HAIL    4 = ICE PELLETS
                        TOTAL MONTH:   0.0 INCH    5 = HAIL
                        GRTST 24HR     0.0         6 = FREEZING RAIN OR DRIZZLE
                        GRTST DEPTH:   0           7 = DUSTSTORM OR SANDSTORM:
                                                       VSBY 1/2 MILE OR LESS
                                                   8 = SMOKE OR HAZE
[NO. OF DAYS WITH]      [WEATHER - DAYS WITH]      9 = BLOWING SNOW
                                                   X = TORNADO
MAX 32 OR BELOW:   0    0.01 INCH OR MORE:  12
MAX 90 OR ABOVE:  22    0.10 INCH OR MORE:   4
MIN 32 OR BELOW:   0    0.50 INCH OR MORE:   2
MIN  0 OR BELOW:   0    1.00 INCH OR MORE:   0

[HDD (BASE 65) ]
TOTAL THIS MO.     0    CLEAR  (SCALE 0-3)   0
DPTR FM NORMAL     0    PTCLDY (SCALE 4-7)  22
TOTAL FM JUL 1     0    CLOUDY (SCALE 8-10)  0
DPTR FM NORMAL     0

[CDD (BASE 65) ]
TOTAL THIS MO.   454
DPTR FM NORMAL    66    [PRESSURE DATA]
TOTAL FM JAN 1  1908    HIGHEST SLP M ON M
DPTR FM NORMAL   229    LOWEST  SLP 29.99 ON M

[REMARKS]
