000
CXUS53 KDMX 240920
CF6MCW
PRELIMINARY LOCAL CLIMATOLOGICAL DATA (WS FORM: F-6)

                                          STATION:   MASON CITY IA
                                          MONTH:     MARCH
                                          YEAR:      2017
                                          LATITUDE:   43  9 N
                                          LONGITUDE:  93 20 W

  TEMPERATURE IN F:       :PCPN:    SNOW:  WIND      :SUNSHINE: SKY     :PK WND
================================================================================
1   2   3   4   5  6A  6B    7    8   9   10  11  12  13   14  15   16   17  18
                                     12Z  AVG MX 2MIN
DY MAX MIN AVG DEP HDD CDD  WTR  SNW DPTH SPD SPD DIR MIN PSBL S-S WX    SPD DR
================================================================================

 1  35  23  29   3  36   0    T  0.5    4 19.6 30 310   M    M   8 168    36 320
 2  27  15  21  -6  44   0 0.00  0.0    2 11.4 20 310   M    M   3        23 320
 3  30   8  19  -8  46   0 0.00  0.0    2 10.1 18 130   M    M   5 18     23 130
 4  43  25  34   6  31   0 0.00  0.0    2 15.7 22 120   M    M   0        29 140
 5  52  34  43  15  22   0 0.00  0.0    1 11.3 17 160   M    M   7        23 160
 6  71  38  55  27  10   0 0.44  0.0    0 19.8 36 180   M    M   8 13     46 250
 7  51  32  42  13  23   0    T  0.0    0 23.6 39 280   M    M   3        50 280
 8  44  22  33   4  32   0 0.00  0.0    0 21.7 38 290   M    M   1        46 280
 9  36  20  28  -2  37   0    T    T    T 13.2 26 340   M    M   7 1      32 350
10  22  10  16 -14  49   0 0.00  0.0    0 14.0 26 340   M    M   M        32 340
11  25  13  19 -12  46   0 0.00  0.0    0  9.0 15  10   M    M   M        18  10
12  25   8  17 -14  48   0 0.21  6.5    0 10.2 21  80   M    M   6 128    26 110
13  23  -2  11 -21  54   0 0.20  3.0    8 14.5 22  40   M    M   9 18     26  50
14  21  -5   8 -24  57   0 0.00  0.0    7  6.2 12 350   M    M   1        12 350
15  24  -6   9 -23  56   0 0.00  0.0    0  6.6 14 150   M    M   2        17 200
16  35  17  26  -7  39   0 0.00  0.0    M 15.0 24 140   M    M   5        31 140
17  46  24  35   2  30   0 0.00  0.0    2 16.9 31 300   M    M   5 18     40 300
18  41  26  34   0  31   0 0.00  0.0    0 13.7 33 330   M    M   7        42 330
19  60  27  44  10  21   0 0.00  0.0    0 13.3 31 160   M    M   0        39 160
20  61  31  46  11  19   0 0.00  0.0    0 10.9 22  20   M    M   0        26  30
21  43  24  34  -1  31   0 0.00  0.0    0 13.8 23 350   M    M   1        27 340
22  40  19  30  -6  35   0 0.00  0.0    0 12.9 20 150   M    M   4        24 130
23  41  34  38   2  27   0 0.05  0.0    0 18.1 29 150   M    M   8 13     39 150
================================================================================
SM  896  437       824   0  0.90    10.0 321.5          M       90
================================================================================
AV 39.0 19.0                              14.0 FASTST   M    M   4    MAX(MPH)
                                 MISC ---->  # 39 280               # 50  280
================================================================================
NOTES:
# LAST OF SEVERAL OCCURRENCES

COLUMN 17 PEAK WIND IN M.P.H.

PRELIMINARY LOCAL CLIMATOLOGICAL DATA (WS FORM: F-6) , PAGE 2

                                          STATION:  MASON CITY IA
                                          MONTH:    MARCH
                                          YEAR:     2017
                                          LATITUDE:   43  9 N
                                          LONGITUDE:  93 20 W

[TEMPERATURE DATA]      [PRECIPITATION DATA]       SYMBOLS USED IN COLUMN 16

AVERAGE MONTHLY: 29.0   TOTAL FOR MONTH:   0.90    1 = FOG OR MIST
DPTR FM NORMAL:  -2.2   DPTR FM NORMAL:   -0.60    2 = FOG REDUCING VISIBILITY
HIGHEST:    71 ON  6    GRTST 24HR  0.44 ON  6- 6      TO 1/4 MILE OR LESS
LOWEST:     -6 ON 15                               3 = THUNDER
                        SNOW, ICE PELLETS, HAIL    4 = ICE PELLETS
                        TOTAL MONTH:  10.0 INCHES  5 = HAIL
                        GRTST 24HR   6.5 ON 12-12  6 = FREEZING RAIN OR DRIZZLE
                        GRTST DEPTH:   8 ON 13     7 = DUSTSTORM OR SANDSTORM:
                                                       VSBY 1/2 MILE OR LESS
                                                   8 = SMOKE OR HAZE
[NO. OF DAYS WITH]      [WEATHER - DAYS WITH]      9 = BLOWING SNOW
                                                   X = TORNADO
MAX 32 OR BELOW:   8    0.01 INCH OR MORE:   4
MAX 90 OR ABOVE:   0    0.10 INCH OR MORE:   3
MIN 32 OR BELOW:  20    0.50 INCH OR MORE:   0
MIN  0 OR BELOW:   3    1.00 INCH OR MORE:   0

[HDD (BASE 65) ]
TOTAL THIS MO.   824    CLEAR  (SCALE 0-3)   8
DPTR FM NORMAL    46    PTCLDY (SCALE 4-7)  10
TOTAL FM JUL 1  5736    CLOUDY (SCALE 8-10)  3
DPTR FM NORMAL  -893

[CDD (BASE 65) ]
TOTAL THIS MO.     0
DPTR FM NORMAL     0    [PRESSURE DATA]
TOTAL FM JAN 1     0    HIGHEST SLP M ON M
DPTR FM NORMAL     0    LOWEST  SLP 29.22 ON  6

[REMARKS]
