000
CXUS53 KPAH 282302
CF6MDH
PRELIMINARY LOCAL CLIMATOLOGICAL DATA (WS FORM: F-6)

                                          STATION:   CARBONDALE IL
                                          MONTH:     NOVEMBER
                                          YEAR:      2014
                                          LATITUDE:   37 46 N
                                          LONGITUDE:  89 15 W

  TEMPERATURE IN F:       :PCPN:    SNOW:  WIND      :SUNSHINE: SKY     :PK WND
================================================================================
1   2   3   4   5  6A  6B    7    8   9   10  11  12  13   14  15   16   17  18
                                     12Z  AVG MX 2MIN
DY MAX MIN AVG DEP HDD CDD  WTR  SNW DPTH SPD SPD DIR MIN PSBL S-S WX    SPD DR
================================================================================

 1  50  25  38 -15  27   0 0.00  0.0    0  6.9 15 350   M    M   0        20  10
 2  54  21  38 -14  27   0    T  0.0    0  4.8 14 200   M    M   3 12     17 210
 3  67  41  54   2  11   0 0.00  0.0    0 11.0 23 210   M    M   1        31 210
 4  56  49  53   1  12   0 0.84  0.0    0  8.0 20 200   M    M   8 1      24 210
 5  54  40  47  -4  18   0 0.00  0.0    0  3.0 13 200   M    M   5 12     16 180
 6  53  29  41 -10  24   0 0.00  0.0    0  9.7 23 290   M    M   3        32 280
 7  54  24  39 -11  26   0 0.00  0.0    0  4.5 14 210   M    M   0 1      17 220
 8  52  30  41  -9  24   0 0.00  0.0    0  7.4 18 340   M    M   3 1      25 340
 9  57  25  41  -9  24   0 0.00  0.0    0  6.5 18 190   M    M   0 1      23 200
10  70  42  56   7   9   0 0.00  0.0    0 12.5 30 180   M    M   0        38 190
11  60  33  47  -2  18   0    T  0.0    0 15.1 23 320   M    M   8 8      30 310
12  36  28  32 -16  33   0 0.00  0.0    0  9.4 15 320   M    M   9        22 300
13  34  21  28 -20  37   0    T  0.0    0  9.1 18 330   M    M   7        23 330
14  35  15  25 -22  40   0 0.00  0.0    0  3.4 10 340   M    M   1        13  60
15  40  16  28 -19  37   0 0.01    M    M  2.5 10  60   M    M   4 1      16 110
16  37  31  34 -12  31   0 0.07    M    M  2.7 10 340   M    M  10 18     14 320
17  31  18  25 -21  40   0    T    M    M 12.0 21 310   M    M   5        29 300
18  30  13  22 -24  43   0 0.00    M    M  8.9 20 260   M    M   0        25 260
19  49  23  36  -9  29   0 0.00  0.0    M 13.1 23 210   M    M   2        30 210
20  40  15  28 -17  37   0 0.00  0.0    0  2.4 10 240   M    M   0 8      19 290
21  47  18  33 -11  32   0    T    M    0  6.0 16 120   M    M   5        20 120
22  64  42  53   9  12   0    T    M    0 13.7 32 210   M    M   7        40 200
23  58  51  55  12  10   0 0.75  0.0    0 10.1 22 220   M    M   8 1      26 220
24  60  31  46   3  19   0 0.28  0.0    0 11.5 31 230   M    M   8 13     44 240
25  41  22  32 -10  33   0 0.00  0.0    0  4.0 13 310   M    M   0 1      19 290
26  40  18  29 -13  36   0 0.24    M    M  4.6 15 160   M    M   6 12     19 160
27  34  22  28 -14  37   0 0.02    M    0  6.9 21 340   M    M   7 18     25 340
================================================================================
SM 1303  743       726   0  2.21     0.0 209.7          M      110
================================================================================
AV 48.3 27.5                               7.8 FASTST   M    M   4    MAX(MPH)
                                 MISC ---->  # 32 210               # 44  240
================================================================================
NOTES:
# LAST OF SEVERAL OCCURRENCES

COLUMN 17 PEAK WIND IN M.P.H.

PRELIMINARY LOCAL CLIMATOLOGICAL DATA (WS FORM: F-6) , PAGE 2

                                          STATION:  CARBONDALE IL
                                          MONTH:    NOVEMBER
                                          YEAR:     2014
                                          LATITUDE:   37 46 N
                                          LONGITUDE:  89 15 W

[TEMPERATURE DATA]      [PRECIPITATION DATA]       SYMBOLS USED IN COLUMN 16

AVERAGE MONTHLY: 37.9   TOTAL FOR MONTH:   2.21    1 = FOG OR MIST
DPTR FM NORMAL:  -9.4   DPTR FM NORMAL:   -1.63    2 = FOG REDUCING VISIBILITY
HIGHEST:    70 ON 10    GRTST 24HR  1.03 ON 23-24      TO 1/4 MILE OR LESS
LOWEST:     13 ON 18                               3 = THUNDER
                        SNOW, ICE PELLETS, HAIL    4 = ICE PELLETS
                        TOTAL MONTH:   0.0 INCH    5 = HAIL
                        GRTST 24HR     0.0         6 = FREEZING RAIN OR DRIZZLE
                        GRTST DEPTH:   0           7 = DUSTSTORM OR SANDSTORM:
                                                       VSBY 1/2 MILE OR LESS
                                                   8 = SMOKE OR HAZE
[NO. OF DAYS WITH]      [WEATHER - DAYS WITH]      9 = BLOWING SNOW
                                                   X = TORNADO
MAX 32 OR BELOW:   2    0.01 INCH OR MORE:   7
MAX 90 OR ABOVE:   0    0.10 INCH OR MORE:   4
MIN 32 OR BELOW:  20    0.50 INCH OR MORE:   2
MIN  0 OR BELOW:   0    1.00 INCH OR MORE:   0

[HDD (BASE 65) ]
TOTAL THIS MO.   726    CLEAR  (SCALE 0-3)  13
DPTR FM NORMAL   245    PTCLDY (SCALE 4-7)  12
TOTAL FM JUL 1  1030    CLOUDY (SCALE 8-10)  2
DPTR FM NORMAL   239

[CDD (BASE 65) ]
TOTAL THIS MO.     0
DPTR FM NORMAL     0    [PRESSURE DATA]
TOTAL FM JAN 1  1285    HIGHEST SLP M ON M
DPTR FM NORMAL   -84    LOWEST  SLP 29.24 ON 24

[REMARKS]
