000
CXUS53 KARX 280930
CF6MDZ
PRELIMINARY LOCAL CLIMATOLOGICAL DATA (WS FORM: F-6)

                                          STATION:   MEDFORD WI
                                          MONTH:     JULY
                                          YEAR:      2015
                                          LATITUDE:   45  5 N
                                          LONGITUDE:  90 18 W

  TEMPERATURE IN F:       :PCPN:    SNOW:  WIND      :SUNSHINE: SKY     :PK WND
================================================================================
1   2   3   4   5  6A  6B    7    8   9   10  11  12  13   14  15   16   17  18
                                     12Z  AVG MX 2MIN
DY MAX MIN AVG DEP HDD CDD  WTR  SNW DPTH SPD SPD DIR MIN PSBL S-S WX    SPD DR
================================================================================

 1  71  39  55   M  10   0 0.00  0.0    0  3.2  8 360   M    M   0         M  M
 2  73  47  60   M   5   0 0.00  0.0    0  3.5  6 150   M    M   0         M  M
 3  74  49  62   M   3   0 0.00  0.0    0  4.6  9 260   M    M   1        16 230
 4  80  52  66   M   0   1 0.00  0.0    0  2.7  7 230   M    M   3 128     M  M
 5  81  58  70   M   0   5 0.00  0.0    0  8.3 15 180   M    M   1 12     22 190
 6  72  54  63   M   2   0 0.73  0.0    0  8.0 22 330   M    M   8 138    28 330
 7  68  48  58   M   7   0 0.00  0.0    0  6.9 14 350   M    M   3 1      20 350
 8  69  44  57   M   8   0 0.00  0.0    0  3.5 10 150   M    M   4 1       M  M
 9  76  47  62   M   3   0 0.00  0.0    0  1.5  7 250   M    M   2 12      M  M
10  80  54  67   M   0   2 0.00  0.0    0  4.1  9 210   M    M   3 1       M  M
11  78  57  68   M   0   3 0.00  0.0    0  5.1  9 170   M    M   3 1       M  M
12  82  60  71   M   0   6 0.00  0.0    0  5.7 10 160   M    M   6 123    16 170
13  79  60  70   M   0   5 1.20  0.0    0  6.8 23 310   M    M   5 3      45 210
14  75  50  63   M   2   0 0.00  0.0    0  8.4 13  10   M    M   6        18  10
15  73  45  59   M   6   0 0.00  0.0    0  3.4  7 150   M    M   1         M  M
16  72  56  64   M   1   0 0.25  0.0    0  8.2 13 150   M    M   5 13     18 150
17  81  62  72   M   0   7 0.02  0.0    0  5.7 12 280   M    M   6 1      16 270
18  83  62  73   M   0   8 0.57  0.0    0  7.9 17 240   M    M   3 3      31 290
19  77  57  67   M   0   2 0.00  0.0    0  8.3 14 260   M    M   2        24 260
20  77  55  66   M   0   1 0.00  0.0    0  9.7 15 320   M    M   2        24 300
21  74  50  62   M   3   0 0.00  0.0    0  6.7 16 290   M    M   2        21 310
22  78  52  65   M   0   0 0.00  0.0    0  3.1  9 260   M    M   5 1       M  M
23  80  54  67   M   0   2 0.00  0.0    0  3.0  8 270   M    M   2 12      M  M
24  79  58  69   M   0   4    T  0.0    0  7.3 14 220   M    M   5 1      25 170
25  82  58  70   M   0   5 0.00  0.0    0  3.6  8  20   M    M   1 1       M  M
26  81  56  69   M   0   4 0.00  0.0    0  3.2  8 160   M    M   1 1       M  M
27  82  53  68   M   0   3 0.00  0.0    0  4.6 12 160   M    M   0 1       M  M
================================================================================
SM 2077 1437        50  58  2.77     0.0 147.0          M       80
================================================================================
AV 76.9 53.2                               5.4 FASTST   M    M   3    MAX(MPH)
                                 MISC ---->  # 23 310                 45    M
================================================================================
NOTES:
# LAST OF SEVERAL OCCURRENCES

COLUMN 17 PEAK WIND IN M.P.H.

PRELIMINARY LOCAL CLIMATOLOGICAL DATA (WS FORM: F-6) , PAGE 2

                                          STATION:  MEDFORD WI
                                          MONTH:    JULY
                                          YEAR:     2015
                                          LATITUDE:   45  5 N
                                          LONGITUDE:  90 18 W

[TEMPERATURE DATA]      [PRECIPITATION DATA]       SYMBOLS USED IN COLUMN 16

AVERAGE MONTHLY: 65.1   TOTAL FOR MONTH:   2.77    1 = FOG OR MIST
DPTR FM NORMAL:     M   DPTR FM NORMAL:       M    2 = FOG REDUCING VISIBILITY
HIGHEST:    83 ON 18    GRTST 24HR  1.20 ON 13-13      TO 1/4 MILE OR LESS
LOWEST:     39 ON  1                               3 = THUNDER
                        SNOW, ICE PELLETS, HAIL    4 = ICE PELLETS
                        TOTAL MONTH:   0.0 INCH    5 = HAIL
                        GRTST 24HR     0.0         6 = FREEZING RAIN OR DRIZZLE
                        GRTST DEPTH:   0           7 = DUSTSTORM OR SANDSTORM:
                                                       VSBY 1/2 MILE OR LESS
                                                   8 = SMOKE OR HAZE
[NO. OF DAYS WITH]      [WEATHER - DAYS WITH]      9 = BLOWING SNOW
                                                   X = TORNADO
MAX 32 OR BELOW:   0    0.01 INCH OR MORE:   5
MAX 90 OR ABOVE:   0    0.10 INCH OR MORE:   4
MIN 32 OR BELOW:   0    0.50 INCH OR MORE:   3
MIN  0 OR BELOW:   0    1.00 INCH OR MORE:   1

[HDD (BASE 65) ]
TOTAL THIS MO.    50    CLEAR  (SCALE 0-3)  16
DPTR FM NORMAL     M    PTCLDY (SCALE 4-7)  11
TOTAL FM JUL 1    50    CLOUDY (SCALE 8-10)  0
DPTR FM NORMAL     M

[CDD (BASE 65) ]
TOTAL THIS MO.    58
DPTR FM NORMAL     M    [PRESSURE DATA]
TOTAL FM JAN 1    74    HIGHEST SLP M ON M
DPTR FM NORMAL     M    LOWEST  SLP M ON M

[REMARKS]
